{"id":8779,"date":"2023-06-13T12:38:33","date_gmt":"2023-06-13T10:38:33","guid":{"rendered":"https:\/\/mitrestorres.com\/mi-fundacion-alex\/inclusion-laboral\/"},"modified":"2023-06-15T12:11:46","modified_gmt":"2023-06-15T10:11:46","slug":"inclusio-laboral","status":"publish","type":"page","link":"https:\/\/mitrestorres.com\/ca\/mi-fundacio-alex\/inclusio-laboral\/","title":{"rendered":"Inclusi\u00f3 laboral"},"content":{"rendered":"","protected":false},"excerpt":{"rendered":"<p>A Mi Fundaci\u00f3 Alex creiem que totes les persones s\u00f3n capaces d\u2019aconseguir qualsevol repte que es proposin. N\u2019\u00e9s una prova que, juntament amb Cl\u00ednicas Mi, ajudem persones amb discapacitat intel\u00b7lectual a integrar-se en el m\u00f3n laboral.<\/p>\n","protected":false},"author":1,"featured_media":0,"parent":8099,"menu_order":0,"comment_status":"closed","ping_status":"closed","template":"templates\/proyectes.php","meta":{"_acf_changed":false,"_uag_custom_page_level_css":"","footnotes":""},"class_list":["post-8779","page","type-page","status-publish","hentry"],"acf":{"content":"<p>Totes les persones, sense cap distinci\u00f3, tenim dret a la feina ia tenir unes condicions laborals equitatives i satisfact\u00f2ries. Tamb\u00e9 a tenir un nivell de vida adequat que ens asseguri salut i benestar. Tot i aix\u00f2, aquests Drets Humans Universals, moltes vegades, no es compleixen. Conscients d\u2019aix\u00f2, a la nostra fundaci\u00f3 promovem la integraci\u00f3 laboral de persones amb m\u00e9s risc d\u2019exclusi\u00f3 i, juntament amb Cl\u00ednicas Mi, treballem en projectes que milloren el benestar f\u00edsic i mental de les persones.<\/p>\n","coneix":{"title":"Conoce los proyectos de Inclusi\u00f3n Laboral en Cl\u00ednica Mi Tres Torres"},"image":{"ID":8135,"id":8135,"title":"mifa_integracionlaboral_","filename":"mifa_integracionlaboral_.png","filesize":1444138,"url":"https:\/\/mitrestorres.com\/wp-content\/uploads\/sites\/2\/2023\/06\/mifa_integracionlaboral_.png","link":"https:\/\/mitrestorres.com\/ca\/mi-fundacio-alex\/inclusio-laboral\/mifa_integracionlaboral_-2\/","alt":"","author":"1","description":"","caption":"","name":"mifa_integracionlaboral_-2","status":"inherit","uploaded_to":8779,"date":"2023-06-13 10:40:18","modified":"2023-06-13 10:40:18","menu_order":0,"mime_type":"image\/png","type":"image","subtype":"png","icon":"https:\/\/mitrestorres.com\/wp-includes\/images\/media\/default.png","width":1366,"height":900,"sizes":{"thumbnail":"https:\/\/mitrestorres.com\/wp-content\/uploads\/sites\/2\/2023\/06\/mifa_integracionlaboral_-150x150.png","thumbnail-width":150,"thumbnail-height":150,"medium":"https:\/\/mitrestorres.com\/wp-content\/uploads\/sites\/2\/2023\/06\/mifa_integracionlaboral_-300x198.png","medium-width":300,"medium-height":198,"medium_large":"https:\/\/mitrestorres.com\/wp-content\/uploads\/sites\/2\/2023\/06\/mifa_integracionlaboral_-768x506.png","medium_large-width":640,"medium_large-height":422,"large":"https:\/\/mitrestorres.com\/wp-content\/uploads\/sites\/2\/2023\/06\/mifa_integracionlaboral_-1024x675.png","large-width":640,"large-height":422,"1536x1536":"https:\/\/mitrestorres.com\/wp-content\/uploads\/sites\/2\/2023\/06\/mifa_integracionlaboral_.png","1536x1536-width":1366,"1536x1536-height":900,"2048x2048":"https:\/\/mitrestorres.com\/wp-content\/uploads\/sites\/2\/2023\/06\/mifa_integracionlaboral_.png","2048x2048-width":1366,"2048x2048-height":900}}},"uagb_featured_image_src":{"full":false,"thumbnail":false,"medium":false,"medium_large":false,"large":false,"1536x1536":false,"2048x2048":false},"uagb_author_info":{"display_name":"@clinicasmi","author_link":"https:\/\/mitrestorres.com\/ca\/author\/clinicasmi\/"},"uagb_comment_info":0,"uagb_excerpt":"A Mi Fundaci\u00f3 Alex creiem que totes les persones s\u00f3n capaces d\u2019aconseguir qualsevol repte que es proposin. N\u2019\u00e9s una prova que, juntament amb Cl\u00ednicas Mi, ajudem persones amb discapacitat intel\u00b7lectual a integrar-se en el m\u00f3n laboral.","_links":{"self":[{"href":"https:\/\/mitrestorres.com\/ca\/wp-json\/wp\/v2\/pages\/8779","targetHints":{"allow":["GET"]}}],"collection":[{"href":"https:\/\/mitrestorres.com\/ca\/wp-json\/wp\/v2\/pages"}],"about":[{"href":"https:\/\/mitrestorres.com\/ca\/wp-json\/wp\/v2\/types\/page"}],"author":[{"embeddable":true,"href":"https:\/\/mitrestorres.com\/ca\/wp-json\/wp\/v2\/users\/1"}],"replies":[{"embeddable":true,"href":"https:\/\/mitrestorres.com\/ca\/wp-json\/wp\/v2\/comments?post=8779"}],"version-history":[{"count":2,"href":"https:\/\/mitrestorres.com\/ca\/wp-json\/wp\/v2\/pages\/8779\/revisions"}],"predecessor-version":[{"id":8789,"href":"https:\/\/mitrestorres.com\/ca\/wp-json\/wp\/v2\/pages\/8779\/revisions\/8789"}],"up":[{"embeddable":true,"href":"https:\/\/mitrestorres.com\/ca\/wp-json\/wp\/v2\/pages\/8099"}],"wp:attachment":[{"href":"https:\/\/mitrestorres.com\/ca\/wp-json\/wp\/v2\/media?parent=8779"}],"curies":[{"name":"wp","href":"https:\/\/api.w.org\/{rel}","templated":true}]}}

Inclusió laboral

<p>A Mi Fundació Alex creiem que totes les persones són capaces d’aconseguir qualsevol repte que es proposin. N’és una prova que, juntament amb Clínicas Mi, ajudem persones amb discapacitat intel·lectual a integrar-se en el món laboral.</p>

<p>Totes les persones, sense cap distinció, tenim dret a la feina ia tenir unes condicions laborals equitatives i satisfactòries. També a tenir un nivell de vida adequat que ens asseguri salut i benestar. Tot i això, aquests Drets Humans Universals, moltes vegades, no es compleixen. Conscients d’això, a la nostra fundació promovem la integració laboral de persones amb més risc d’exclusió i, juntament amb Clínicas Mi, treballem en projectes que milloren el benestar físic i mental de les persones.</p>

Conoce los proyectos de Inclusión Laboral en Clínica Mi Tres Torres

A Mi Fundació Alex creiem que totes les persones són capaces d’aconseguir qualsevol repte que es proposin. N’és una prova que, juntament amb Clínicas Mi, ajudem persones amb discapacitat intel·lectual a integrar-se en el món laboral.
