{"id":8099,"date":"2023-06-13T12:08:23","date_gmt":"2023-06-13T10:08:23","guid":{"rendered":"https:\/\/mitrestorres.com\/mi-fundacion-alex\/"},"modified":"2025-02-13T12:01:03","modified_gmt":"2025-02-13T11:01:03","slug":"mi-fundacio-alex","status":"publish","type":"page","link":"https:\/\/mitrestorres.com\/ca\/mi-fundacio-alex\/","title":{"rendered":"Mi Fundaci\u00f3 Alex"},"content":{"rendered":"\n<p>M\u00e9s enll\u00e0 d\u2019un perqu\u00e8, la Mi Fundaci\u00f3 \u00c0lex t\u00e9 un per a qui. I aquest \u00e9s, sens dubte, l\u2019\u00c0lex Masfurroll Cortada, un nen que va n\u00e9ixer amb la s\u00edndrome de Down i, tot i la seva curta estada en aquest m\u00f3n, ja va deixar-nos com a llegat immaterial els valors d\u2019amor i de comprom\u00eds amb la societat.<\/p>\n","protected":false},"excerpt":{"rendered":"<p>M\u00e9s enll\u00e0 d\u2019un perqu\u00e8, la Mi Fundaci\u00f3 \u00c0lex t\u00e9 un per a qui. I aquest \u00e9s, sens dubte, l\u2019\u00c0lex Masfurroll Cortada, un nen que va n\u00e9ixer amb la s\u00edndrome de Down i, tot i la seva curta estada en aquest m\u00f3n, ja va deixar-nos com a llegat immaterial els valors d\u2019amor i de comprom\u00eds amb<a href=\"https:\/\/mitrestorres.com\/ca\/mi-fundacio-alex\/\" class=\"link post_link ml-2\">Llegir m\u00e9s<\/a><\/p>\n","protected":false},"author":1,"featured_media":0,"parent":0,"menu_order":0,"comment_status":"closed","ping_status":"closed","template":"templates\/fundacion.php","meta":{"_acf_changed":false,"_uag_custom_page_level_css":"","footnotes":""},"class_list":["post-8099","page","type-page","status-publish","hentry"],"acf":{"sobre_la_fundacio":{"title":"Sobre la Fundaci\u00f3","content":"<p>A Mi Fundaci\u00f3 \u00c0lex treballem per millorar la salut i el benestar, f\u00edsic i emocional, de les persones, amb especial atenci\u00f3 a aquelles amb capacitats diverses.<\/p>\n<p>Com a curiositat, la nostra fundaci\u00f3 neix l\u2019any 2006, molt abans de la creaci\u00f3 de Cl\u00edniques Mi . Any rere any, desenvolupem projectes i iniciatives que generen un impacte social positiu a les comunitats on Cl\u00edniques Mi \u00e9s present.<\/p>\n","image":{"ID":7897,"id":7897,"title":"mifundacioalex","filename":"mifundacioalex.png","filesize":542270,"url":"https:\/\/mitrestorres.com\/wp-content\/uploads\/sites\/2\/2023\/06\/mifundacioalex.png","link":"https:\/\/mitrestorres.com\/ca\/mi-fundacio-alex\/mifundacioalex-2\/","alt":"","author":"1","description":"","caption":"","name":"mifundacioalex-2","status":"inherit","uploaded_to":8099,"date":"2023-06-12 09:18:51","modified":"2023-11-14 07:54:32","menu_order":0,"mime_type":"image\/png","type":"image","subtype":"png","icon":"https:\/\/mitrestorres.com\/wp-includes\/images\/media\/default.png","width":1350,"height":1018,"sizes":{"thumbnail":"https:\/\/mitrestorres.com\/wp-content\/uploads\/sites\/2\/2023\/06\/mifundacioalex-150x150.png","thumbnail-width":150,"thumbnail-height":150,"medium":"https:\/\/mitrestorres.com\/wp-content\/uploads\/sites\/2\/2023\/06\/mifundacioalex-300x226.png","medium-width":300,"medium-height":226,"medium_large":"https:\/\/mitrestorres.com\/wp-content\/uploads\/sites\/2\/2023\/06\/mifundacioalex-768x579.png","medium_large-width":640,"medium_large-height":483,"large":"https:\/\/mitrestorres.com\/wp-content\/uploads\/sites\/2\/2023\/06\/mifundacioalex-1024x772.png","large-width":640,"large-height":483,"1536x1536":"https:\/\/mitrestorres.com\/wp-content\/uploads\/sites\/2\/2023\/06\/mifundacioalex.png","1536x1536-width":1350,"1536x1536-height":1018,"2048x2048":"https:\/\/mitrestorres.com\/wp-content\/uploads\/sites\/2\/2023\/06\/mifundacioalex.png","2048x2048-width":1350,"2048x2048-height":1018}},"link":{"title":"Saber m\u00e9s sobre la Fundaci\u00f3","url":"https:\/\/mitrestorres.com\/ca\/mi-fundacio-alex\/sobre-la-fundacio\/","target":""}},"fons":{"title":"Fons d\u2019Art \u00c0lex Masfurroll","content":"<p>Gr\u00e0cies a la solidaritat de moltes persones i artistes, a la Mi Fundaci\u00f3 \u00c0lex disposem d\u2019un fons d\u2019art. Si voleu col\u00b7laborar-hi, podeu comprar una de les obres o fer una donaci\u00f3. Tots els beneficis es destinaran a projectes de la Fundaci\u00f3.<\/p>\n","image":{"ID":8124,"id":8124,"title":"arte","filename":"arte.png","filesize":244011,"url":"https:\/\/mitrestorres.com\/wp-content\/uploads\/sites\/2\/2023\/06\/arte.png","link":"https:\/\/mitrestorres.com\/ca\/mi-fundacio-alex\/arte-2\/","alt":"","author":"1","description":"","caption":"","name":"arte-2","status":"inherit","uploaded_to":8099,"date":"2023-06-13 10:31:51","modified":"2023-06-13 10:31:51","menu_order":0,"mime_type":"image\/png","type":"image","subtype":"png","icon":"https:\/\/mitrestorres.com\/wp-includes\/images\/media\/default.png","width":543,"height":267,"sizes":{"thumbnail":"https:\/\/mitrestorres.com\/wp-content\/uploads\/sites\/2\/2023\/06\/arte-150x150.png","thumbnail-width":150,"thumbnail-height":150,"medium":"https:\/\/mitrestorres.com\/wp-content\/uploads\/sites\/2\/2023\/06\/arte-300x148.png","medium-width":300,"medium-height":148,"medium_large":"https:\/\/mitrestorres.com\/wp-content\/uploads\/sites\/2\/2023\/06\/arte.png","medium_large-width":543,"medium_large-height":267,"large":"https:\/\/mitrestorres.com\/wp-content\/uploads\/sites\/2\/2023\/06\/arte.png","large-width":543,"large-height":267,"1536x1536":"https:\/\/mitrestorres.com\/wp-content\/uploads\/sites\/2\/2023\/06\/arte.png","1536x1536-width":543,"1536x1536-height":267,"2048x2048":"https:\/\/mitrestorres.com\/wp-content\/uploads\/sites\/2\/2023\/06\/arte.png","2048x2048-width":543,"2048x2048-height":267}},"link":{"title":"Saber m\u00e9s sobre el Fons d'Art","url":"https:\/\/mitrestorres.com\/ca\/mi-fundacio-alex\/fons-art-alex-masfurroll\/","target":""}},"colabora":{"title":"Col\u00b7laboreu amb la Fundaci\u00f3","content":"<p>Fem possible un m\u00f3n millor. Col\u00b7laboreu amb nosaltres i ajudeu-nos a fer realitat projectes d\u2019impacte social que fomenten iniciatives a favor de la inclusi\u00f3 social i per a la millora de la vida de les persones amb especials dificultats.<\/p>\n","image":{"ID":8126,"id":8126,"title":"mifa_colabora","filename":"mifa_colabora.png","filesize":154327,"url":"https:\/\/mitrestorres.com\/wp-content\/uploads\/sites\/2\/2023\/06\/mifa_colabora.png","link":"https:\/\/mitrestorres.com\/ca\/mi-fundacio-alex\/mifa_colabora-2\/","alt":"","author":"1","description":"","caption":"","name":"mifa_colabora-2","status":"inherit","uploaded_to":8099,"date":"2023-06-13 10:32:22","modified":"2023-06-13 10:32:22","menu_order":0,"mime_type":"image\/png","type":"image","subtype":"png","icon":"https:\/\/mitrestorres.com\/wp-includes\/images\/media\/default.png","width":543,"height":267,"sizes":{"thumbnail":"https:\/\/mitrestorres.com\/wp-content\/uploads\/sites\/2\/2023\/06\/mifa_colabora-150x150.png","thumbnail-width":150,"thumbnail-height":150,"medium":"https:\/\/mitrestorres.com\/wp-content\/uploads\/sites\/2\/2023\/06\/mifa_colabora-300x148.png","medium-width":300,"medium-height":148,"medium_large":"https:\/\/mitrestorres.com\/wp-content\/uploads\/sites\/2\/2023\/06\/mifa_colabora.png","medium_large-width":543,"medium_large-height":267,"large":"https:\/\/mitrestorres.com\/wp-content\/uploads\/sites\/2\/2023\/06\/mifa_colabora.png","large-width":543,"large-height":267,"1536x1536":"https:\/\/mitrestorres.com\/wp-content\/uploads\/sites\/2\/2023\/06\/mifa_colabora.png","1536x1536-width":543,"1536x1536-height":267,"2048x2048":"https:\/\/mitrestorres.com\/wp-content\/uploads\/sites\/2\/2023\/06\/mifa_colabora.png","2048x2048-width":543,"2048x2048-height":267}},"link":{"title":"Anar a Col\u00b7laboreu ","url":"https:\/\/mitrestorres.com\/ca\/mi-fundacio-alex\/collaboreu-amb-mi-fundacio-alex\/","target":""}},"projectes":{"title":"Compromesos amb la comunitat","content":"<p>A trav\u00e9s de la Mi Fundaci\u00f3 \u00c0lex, volem generar un impacte social positiu a les comunitats on Cl\u00edniques Mi \u00e9s present. Per aix\u00f2, desenvolupem projectes que promouen la salut i el benestar de tota la comunitat, i en especial de les persones amb capacitats diverses, per aconseguir una vida m\u00e9s sana, m\u00e9s digna i m\u00e9s feli\u00e7 per a tothom.<\/p>\n<ul>\n<li><a href=\"https:\/\/mitrestorres.com\/ca\/mi-fundacion-alex\/inclusio-laboral\">Inclusi\u00f3 laboral<\/a><\/li>\n<li><a href=\"https:\/\/mitrestorres.com\/ca\/mi-fundacion-alex\/esport-inclusiu\/\">Esport inclusiu<\/a><\/li>\n<li><a href=\"https:\/\/mitrestorres.com\/ca\/mi-fundacion-alex\/habits-saludables\/\">H\u00e0bits saludables<\/a><\/li>\n<li><a href=\"https:\/\/mitrestorres.com\/mi-fundacion-alex\/clinica-solidaria\/\">Cl\u00ednica solid\u00e0ria<\/a><\/li>\n<li><a href=\"https:\/\/mitrestorres.com\/ca\/mi-fundacion-alex\/innovacio\/\">Innovaci\u00f3<\/a><\/li>\n<\/ul>\n","image":{"ID":8107,"id":8107,"title":"mifa_compromis_","filename":"mifa_compromis_.png","filesize":1204290,"url":"https:\/\/mitrestorres.com\/wp-content\/uploads\/sites\/2\/2023\/06\/mifa_compromis_.png","link":"https:\/\/mitrestorres.com\/ca\/mi-fundacio-alex\/mifa_compromis_-2\/","alt":"","author":"1","description":"","caption":"","name":"mifa_compromis_-2","status":"inherit","uploaded_to":8099,"date":"2023-06-13 10:16:54","modified":"2023-06-13 10:16:54","menu_order":0,"mime_type":"image\/png","type":"image","subtype":"png","icon":"https:\/\/mitrestorres.com\/wp-includes\/images\/media\/default.png","width":812,"height":1283,"sizes":{"thumbnail":"https:\/\/mitrestorres.com\/wp-content\/uploads\/sites\/2\/2023\/06\/mifa_compromis_-150x150.png","thumbnail-width":150,"thumbnail-height":150,"medium":"https:\/\/mitrestorres.com\/wp-content\/uploads\/sites\/2\/2023\/06\/mifa_compromis_-190x300.png","medium-width":190,"medium-height":300,"medium_large":"https:\/\/mitrestorres.com\/wp-content\/uploads\/sites\/2\/2023\/06\/mifa_compromis_-768x1213.png","medium_large-width":640,"medium_large-height":1011,"large":"https:\/\/mitrestorres.com\/wp-content\/uploads\/sites\/2\/2023\/06\/mifa_compromis_-648x1024.png","large-width":640,"large-height":1011,"1536x1536":"https:\/\/mitrestorres.com\/wp-content\/uploads\/sites\/2\/2023\/06\/mifa_compromis_.png","1536x1536-width":812,"1536x1536-height":1283,"2048x2048":"https:\/\/mitrestorres.com\/wp-content\/uploads\/sites\/2\/2023\/06\/mifa_compromis_.png","2048x2048-width":812,"2048x2048-height":1283}},"link":""}},"uagb_featured_image_src":{"full":false,"thumbnail":false,"medium":false,"medium_large":false,"large":false,"1536x1536":false,"2048x2048":false},"uagb_author_info":{"display_name":"@clinicasmi","author_link":"https:\/\/mitrestorres.com\/ca\/author\/clinicasmi\/"},"uagb_comment_info":0,"uagb_excerpt":"M\u00e9s enll\u00e0 d\u2019un perqu\u00e8, la Mi Fundaci\u00f3 \u00c0lex t\u00e9 un per a qui. I aquest \u00e9s, sens dubte, l\u2019\u00c0lex Masfurroll Cortada, un nen que va n\u00e9ixer amb la s\u00edndrome de Down i, tot i la seva curta estada en aquest m\u00f3n, ja va deixar-nos com a llegat immaterial els valors d\u2019amor i de comprom\u00eds ambLlegir&hellip;","_links":{"self":[{"href":"https:\/\/mitrestorres.com\/ca\/wp-json\/wp\/v2\/pages\/8099","targetHints":{"allow":["GET"]}}],"collection":[{"href":"https:\/\/mitrestorres.com\/ca\/wp-json\/wp\/v2\/pages"}],"about":[{"href":"https:\/\/mitrestorres.com\/ca\/wp-json\/wp\/v2\/types\/page"}],"author":[{"embeddable":true,"href":"https:\/\/mitrestorres.com\/ca\/wp-json\/wp\/v2\/users\/1"}],"replies":[{"embeddable":true,"href":"https:\/\/mitrestorres.com\/ca\/wp-json\/wp\/v2\/comments?post=8099"}],"version-history":[{"count":20,"href":"https:\/\/mitrestorres.com\/ca\/wp-json\/wp\/v2\/pages\/8099\/revisions"}],"predecessor-version":[{"id":12203,"href":"https:\/\/mitrestorres.com\/ca\/wp-json\/wp\/v2\/pages\/8099\/revisions\/12203"}],"wp:attachment":[{"href":"https:\/\/mitrestorres.com\/ca\/wp-json\/wp\/v2\/media?parent=8099"}],"curies":[{"name":"wp","href":"https:\/\/api.w.org\/{rel}","templated":true}]}}

Mi Fundació Alex

<p>Més enllà d’un perquè, la Mi Fundació Àlex té un per a qui. I aquest és, sens dubte, l’Àlex Masfurroll Cortada, un nen que va néixer amb la síndrome de Down i, tot i la seva curta estada en aquest món, ja va deixar-nos com a llegat immaterial els valors d’amor i de compromís amb la societat.</p>

<p>Més enllà d’un perquè, la Mi Fundació Àlex té un per a qui. I aquest és, sens dubte, l’Àlex Masfurroll Cortada, un nen que va néixer amb la síndrome de Down i, tot i la seva curta estada en aquest món, ja va deixar-nos com a llegat immaterial els valors d’amor i de compromís amb<a href="https://mitrestorres.com/ca/mi-fundacio-alex/" class="link post_link ml-2">Llegir més</a></p>

Sobre la Fundació

<p>A Mi Fundació Àlex treballem per millorar la salut i el benestar, físic i emocional, de les persones, amb especial atenció a aquelles amb capacitats diverses.</p>
<p>Com a curiositat, la nostra fundació neix l’any 2006, molt abans de la creació de Clíniques Mi . Any rere any, desenvolupem projectes i iniciatives que generen un impacte social positiu a les comunitats on Clíniques Mi és present.</p>

Saber més sobre la Fundació

Fons d’Art Àlex Masfurroll

<p>Gràcies a la solidaritat de moltes persones i artistes, a la Mi Fundació Àlex disposem d’un fons d’art. Si voleu col·laborar-hi, podeu comprar una de les obres o fer una donació. Tots els beneficis es destinaran a projectes de la Fundació.</p>

Saber més sobre el Fons d'Art

Col·laboreu amb la Fundació

<p>Fem possible un món millor. Col·laboreu amb nosaltres i ajudeu-nos a fer realitat projectes d’impacte social que fomenten iniciatives a favor de la inclusió social i per a la millora de la vida de les persones amb especials dificultats.</p>

<p>A través de la Mi Fundació Àlex, volem generar un impacte social positiu a les comunitats on Clíniques Mi és present. Per això, desenvolupem projectes que promouen la salut i el benestar de tota la comunitat, i en especial de les persones amb capacitats diverses, per aconseguir una vida més sana, més digna i més feliç per a tothom.</p>
<ul>
<li><a href="https://mitrestorres.com/ca/mi-fundacion-alex/inclusio-laboral">Inclusió laboral</a></li>
<li><a href="https://mitrestorres.com/ca/mi-fundacion-alex/esport-inclusiu/">Esport inclusiu</a></li>
<li><a href="https://mitrestorres.com/ca/mi-fundacion-alex/habits-saludables/">Hàbits saludables</a></li>
<li><a href="https://mitrestorres.com/mi-fundacion-alex/clinica-solidaria/">Clínica solidària</a></li>
<li><a href="https://mitrestorres.com/ca/mi-fundacion-alex/innovacio/">Innovació</a></li>
</ul>

Més enllà d’un perquè, la Mi Fundació Àlex té un per a qui. I aquest és, sens dubte, l’Àlex Masfurroll Cortada, un nen que va néixer amb la síndrome de Down i, tot i la seva curta estada en aquest món, ja va deixar-nos com a llegat immaterial els valors d’amor i de compromís ambLlegir&hellip;
