{"id":3111,"date":"2022-10-14T10:58:04","date_gmt":"2022-10-14T08:58:04","guid":{"rendered":"https:\/\/minovalianca.clinicas-mi.local\/?page_id=47"},"modified":"2025-02-13T11:53:54","modified_gmt":"2025-02-13T10:53:54","slug":"la-clinica","status":"publish","type":"page","link":"https:\/\/mitrestorres.com\/ca\/la-clinica\/","title":{"rendered":"La Cl\u00ednica"},"content":{"rendered":"\n<p>Centre sanitari de refer\u00e8ncia a Barcelona, de tracte proper i familiar, ubicat en un entorn molt confortable. Compta amb un edifici d\u2019hospitalitzaci\u00f3 i quir\u00f2fans i diversos edificis de consultes externes.<\/p>\n","protected":false},"excerpt":{"rendered":"<p>Centre sanitari de refer\u00e8ncia a Barcelona, de tracte proper i familiar, ubicat en un entorn molt confortable. Compta amb un edifici d\u2019hospitalitzaci\u00f3 i quir\u00f2fans i diversos edificis de consultes externes.<\/p>\n","protected":false},"author":1,"featured_media":0,"parent":0,"menu_order":0,"comment_status":"closed","ping_status":"closed","template":"templates\/clinic.php","meta":{"_acf_changed":false,"_uag_custom_page_level_css":"","footnotes":""},"class_list":["post-3111","page","type-page","status-publish","hentry"],"acf":{"sobre_mi":{"title":"Sobre Mi","content":"<p>El nostre model assistencial es basa en la filosofia de curar i cuidar. A Cl\u00edniques Mi oferim una atenci\u00f3 personalitzada i tractem cadascun dels nostres pacients amb estima i afecte, vetllant en tot moment perqu\u00e8 estiguin protegits i cuidats.<\/p>\n","link":{"title":"Saber m\u00e9s sobre Cl\u00edniques Mi","url":"https:\/\/mitrestorres.com\/ca\/la-clinica\/sobre-mi\/","target":""},"image":{"ID":7838,"id":7838,"title":"mitt_sobremi","filename":"mitt_sobremi.png","filesize":1286590,"url":"https:\/\/mitrestorres.com\/wp-content\/uploads\/sites\/2\/2023\/06\/mitt_sobremi.png","link":"https:\/\/mitrestorres.com\/ca\/la-clinica\/mitt_sobremi-2\/","alt":"","author":"1","description":"","caption":"","name":"mitt_sobremi-2","status":"inherit","uploaded_to":3111,"date":"2023-06-08 06:15:34","modified":"2023-06-08 06:15:34","menu_order":0,"mime_type":"image\/png","type":"image","subtype":"png","icon":"https:\/\/mitrestorres.com\/wp-includes\/images\/media\/default.png","width":1350,"height":900,"sizes":{"thumbnail":"https:\/\/mitrestorres.com\/wp-content\/uploads\/sites\/2\/2023\/06\/mitt_sobremi-150x150.png","thumbnail-width":150,"thumbnail-height":150,"medium":"https:\/\/mitrestorres.com\/wp-content\/uploads\/sites\/2\/2023\/06\/mitt_sobremi-300x200.png","medium-width":300,"medium-height":200,"medium_large":"https:\/\/mitrestorres.com\/wp-content\/uploads\/sites\/2\/2023\/06\/mitt_sobremi-768x512.png","medium_large-width":640,"medium_large-height":427,"large":"https:\/\/mitrestorres.com\/wp-content\/uploads\/sites\/2\/2023\/06\/mitt_sobremi-1024x683.png","large-width":640,"large-height":427,"1536x1536":"https:\/\/mitrestorres.com\/wp-content\/uploads\/sites\/2\/2023\/06\/mitt_sobremi.png","1536x1536-width":1350,"1536x1536-height":900,"2048x2048":"https:\/\/mitrestorres.com\/wp-content\/uploads\/sites\/2\/2023\/06\/mitt_sobremi.png","2048x2048-width":1350,"2048x2048-height":900}}},"instalations":{"title":"Les nostres instal\u00b7lacions","content":"<p>La Cl\u00ednica Mi Tres Torres \u00e9s un campus hospitalari que disposa de diversos edificis i consultes especialitzades. Comptem amb servei d\u2019urg\u00e8ncies 24 hores i una unitat de suport m\u00e8dic intensiu. Disposem de 35 habitacions d\u2019hospitalitzaci\u00f3 individuals i 7 habitacions suite, una \u00e0rea de diagn\u00f2stic per la imatge amb equipament d\u2019\u00faltima tecnologia i laboratoris d\u2019an\u00e0lisis cl\u00edniques propi. <\/p>\n<ul>\n<li><a href=\"https:\/\/mitrestorres.com\/la-clinica\/instalaciones\/#installation_0\">Hospitalitzaci\u00f3<\/a><\/li>\n<li><a href=\"https:\/\/mitrestorres.com\/la-clinica\/instalaciones\/#installation_1\">Consultes<\/a><\/li>\n<li><a href=\"https:\/\/mitrestorres.com\/la-clinica\/instalaciones\/#installation_2\">Serveis generals<\/a><\/li>\n<li><a href=\"https:\/\/mitrestorres.com\/la-clinica\/instalaciones\/#installation_3\">Altres espais<\/a><\/li>\n<\/ul>\n","link":{"title":"Saber m\u00e9s sobre les nostres instal\u00b7lacions","url":"https:\/\/mitrestorres.com\/ca\/la-clinica\/instal%c2%b7lacions\/","target":""},"image":{"ID":7842,"id":7842,"title":"mitt_installacions","filename":"mitt_installacions.png","filesize":1537197,"url":"https:\/\/mitrestorres.com\/wp-content\/uploads\/sites\/2\/2023\/06\/mitt_installacions.png","link":"https:\/\/mitrestorres.com\/ca\/la-clinica\/mitt_installacions-2\/","alt":"","author":"1","description":"","caption":"","name":"mitt_installacions-2","status":"inherit","uploaded_to":3111,"date":"2023-06-08 06:25:44","modified":"2023-06-08 06:25:44","menu_order":0,"mime_type":"image\/png","type":"image","subtype":"png","icon":"https:\/\/mitrestorres.com\/wp-includes\/images\/media\/default.png","width":1108,"height":1361,"sizes":{"thumbnail":"https:\/\/mitrestorres.com\/wp-content\/uploads\/sites\/2\/2023\/06\/mitt_installacions-150x150.png","thumbnail-width":150,"thumbnail-height":150,"medium":"https:\/\/mitrestorres.com\/wp-content\/uploads\/sites\/2\/2023\/06\/mitt_installacions-244x300.png","medium-width":244,"medium-height":300,"medium_large":"https:\/\/mitrestorres.com\/wp-content\/uploads\/sites\/2\/2023\/06\/mitt_installacions-768x943.png","medium_large-width":640,"medium_large-height":786,"large":"https:\/\/mitrestorres.com\/wp-content\/uploads\/sites\/2\/2023\/06\/mitt_installacions-834x1024.png","large-width":640,"large-height":786,"1536x1536":"https:\/\/mitrestorres.com\/wp-content\/uploads\/sites\/2\/2023\/06\/mitt_installacions.png","1536x1536-width":1108,"1536x1536-height":1361,"2048x2048":"https:\/\/mitrestorres.com\/wp-content\/uploads\/sites\/2\/2023\/06\/mitt_installacions.png","2048x2048-width":1108,"2048x2048-height":1361}}},"blocks":[{"title":"Serveis altament especialitzats a la vostra disposici\u00f3","content":"<p>Facilitem l\u2019acc\u00e9s a l\u2019assist\u00e8ncia sanit\u00e0ria especialitzada en r\u00e8gim ambulatori o d\u2019hospitalitzaci\u00f3 i gestionem l\u2019historial cl\u00ednic de cada pacient. Oferim servei de farm\u00e0cia, de laboratori cl\u00ednic, de diagn\u00f2stic per la imatge i d\u2019arxiu i documentaci\u00f3 cl\u00ednica. Tamb\u00e9 oferim un servei de psicologia per a persones en tractament oncol\u00f2gic.<\/p>\n","link":{"title":"Saber m\u00e9s sobre els serveis","url":"https:\/\/mitrestorres.com\/ca\/la-clinica\/serveis\/","target":""}},{"title":"Treballem amb les principals m\u00fatues que donen cobertura assistencial","content":"<p>Treballem amb les principals m\u00fatues que donen cobertura assistencial. Consulteu-les.<\/p>\n","link":{"title":"Veure totes les m\u00fatues","url":"https:\/\/mitrestorres.com\/ca\/la-clinica\/mutues\/","target":""}}]},"uagb_featured_image_src":{"full":false,"thumbnail":false,"medium":false,"medium_large":false,"large":false,"1536x1536":false,"2048x2048":false},"uagb_author_info":{"display_name":"@clinicasmi","author_link":"https:\/\/mitrestorres.com\/ca\/author\/clinicasmi\/"},"uagb_comment_info":0,"uagb_excerpt":"Centre sanitari de refer\u00e8ncia a Barcelona, de tracte proper i familiar, ubicat en un entorn molt confortable. Compta amb un edifici d\u2019hospitalitzaci\u00f3 i quir\u00f2fans i diversos edificis de consultes externes.","_links":{"self":[{"href":"https:\/\/mitrestorres.com\/ca\/wp-json\/wp\/v2\/pages\/3111","targetHints":{"allow":["GET"]}}],"collection":[{"href":"https:\/\/mitrestorres.com\/ca\/wp-json\/wp\/v2\/pages"}],"about":[{"href":"https:\/\/mitrestorres.com\/ca\/wp-json\/wp\/v2\/types\/page"}],"author":[{"embeddable":true,"href":"https:\/\/mitrestorres.com\/ca\/wp-json\/wp\/v2\/users\/1"}],"replies":[{"embeddable":true,"href":"https:\/\/mitrestorres.com\/ca\/wp-json\/wp\/v2\/comments?post=3111"}],"version-history":[{"count":10,"href":"https:\/\/mitrestorres.com\/ca\/wp-json\/wp\/v2\/pages\/3111\/revisions"}],"predecessor-version":[{"id":12199,"href":"https:\/\/mitrestorres.com\/ca\/wp-json\/wp\/v2\/pages\/3111\/revisions\/12199"}],"wp:attachment":[{"href":"https:\/\/mitrestorres.com\/ca\/wp-json\/wp\/v2\/media?parent=3111"}],"curies":[{"name":"wp","href":"https:\/\/api.w.org\/{rel}","templated":true}]}}

La Clínica

<p>Centre sanitari de referència a Barcelona, de tracte proper i familiar, ubicat en un entorn molt confortable. Compta amb un edifici d’hospitalització i quiròfans i diversos edificis de consultes externes.</p>

<p>El nostre model assistencial es basa en la filosofia de curar i cuidar. A Clíniques Mi oferim una atenció personalitzada i tractem cadascun dels nostres pacients amb estima i afecte, vetllant en tot moment perquè estiguin protegits i cuidats.</p>

Saber més sobre Clíniques Mi

<p>La Clínica Mi Tres Torres és un campus hospitalari que disposa de diversos edificis i consultes especialitzades. Comptem amb servei d’urgències 24 hores i una unitat de suport mèdic intensiu. Disposem de 35 habitacions d’hospitalització individuals i 7 habitacions suite, una àrea de diagnòstic per la imatge amb equipament d’última tecnologia i laboratoris d’anàlisis clíniques propi. </p>
<ul>
<li><a href="https://mitrestorres.com/la-clinica/instalaciones/#installation_0">Hospitalització</a></li>
<li><a href="https://mitrestorres.com/la-clinica/instalaciones/#installation_1">Consultes</a></li>
<li><a href="https://mitrestorres.com/la-clinica/instalaciones/#installation_2">Serveis generals</a></li>
<li><a href="https://mitrestorres.com/la-clinica/instalaciones/#installation_3">Altres espais</a></li>
</ul>

Saber més sobre les nostres instal·lacions

Serveis altament especialitzats a la vostra disposició

<p>Facilitem l’accés a l’assistència sanitària especialitzada en règim ambulatori o d’hospitalització i gestionem l’historial clínic de cada pacient. Oferim servei de farmàcia, de laboratori clínic, de diagnòstic per la imatge i d’arxiu i documentació clínica. També oferim un servei de psicologia per a persones en tractament oncològic.</p>

Saber més sobre els serveis

Treballem amb les principals mútues que donen cobertura assistencial

<p>Treballem amb les principals mútues que donen cobertura assistencial. Consulteu-les.</p>

Veure totes les mútues

Centre sanitari de referència a Barcelona, de tracte proper i familiar, ubicat en un entorn molt confortable. Compta amb un edifici d’hospitalització i quiròfans i diversos edificis de consultes externes.
