{"id":250,"date":"2022-10-17T17:30:05","date_gmt":"2022-10-17T15:30:05","guid":{"rendered":"https:\/\/minovalianca.clinicas-mi.local\/?page_id=250"},"modified":"2025-02-13T11:49:21","modified_gmt":"2025-02-13T10:49:21","slug":"curar-i-cuidar","status":"publish","type":"page","link":"https:\/\/mitrestorres.com\/ca\/","title":{"rendered":"Curar i cuidar"},"content":{"rendered":"\n<p>Som un equip d\u2019especialistes de l\u2019atenci\u00f3 sanit\u00e0ria que posem el focus no solament en la cura, sin\u00f3 tamb\u00e9 en el tracte i en el benestar, f\u00edsic i emocional, de les persones. Per aix\u00f2, curem, per\u00f2 tamb\u00e9 cuidem. Oferim una atenci\u00f3 integral personalitzada i ens adaptem a les necessitats i expectatives de cada pacient.<\/p>\n\n\n\n<ul class=\"wp-block-list\">\n<li><a href=\"https:\/\/mitrestorres.com\/ca\/la-clinica\/sobre-mi\/\" data-type=\"page\" data-id=\"318\">Sobre Cl\u00edniques Mi<\/a><\/li>\n\n\n\n<li><a href=\"https:\/\/mitrestorres.com\/ca\/la-clinica\/instal%c2%b7lacions\/\" data-type=\"page\" data-id=\"106\">Les nostres instal\u00b7lacions<\/a><\/li>\n\n\n\n<li><a href=\"https:\/\/mitrestorres.com\/ca\/la-clinica\/mutues\/\" data-type=\"page\" data-id=\"110\">M\u00fatues<\/a><\/li>\n<\/ul>\n","protected":false},"excerpt":{"rendered":"<p>Som un equip d\u2019especialistes de l\u2019atenci\u00f3 sanit\u00e0ria que posem el focus no solament en la cura, sin\u00f3 tamb\u00e9 en el tracte i en el benestar, f\u00edsic i emocional, de les persones. Per aix\u00f2, curem, per\u00f2 tamb\u00e9 cuidem. Oferim una atenci\u00f3 integral personalitzada i ens adaptem a les necessitats i expectatives de cada pacient.<\/p>\n","protected":false},"author":1,"featured_media":10540,"parent":0,"menu_order":0,"comment_status":"closed","ping_status":"closed","template":"templates\/home.php","meta":{"_acf_changed":false,"_uag_custom_page_level_css":"","footnotes":""},"class_list":["post-250","page","type-page","status-publish","has-post-thumbnail","hentry"],"acf":{"image":{"ID":11591,"id":11591,"title":"mitt_curarycuidar","filename":"mitt_curarycuidar.png","filesize":1728086,"url":"https:\/\/mitrestorres.com\/wp-content\/uploads\/sites\/2\/2024\/07\/mitt_curarycuidar.png","link":"https:\/\/mitrestorres.com\/ca\/curar-i-cuidar\/mitt_curarycuidar\/","alt":"","author":"1","description":"","caption":"","name":"mitt_curarycuidar","status":"inherit","uploaded_to":250,"date":"2024-07-03 10:41:02","modified":"2024-07-03 10:41:02","menu_order":0,"mime_type":"image\/png","type":"image","subtype":"png","icon":"https:\/\/mitrestorres.com\/wp-includes\/images\/media\/default.png","width":1256,"height":1166,"sizes":{"thumbnail":"https:\/\/mitrestorres.com\/wp-content\/uploads\/sites\/2\/2024\/07\/mitt_curarycuidar-150x150.png","thumbnail-width":150,"thumbnail-height":150,"medium":"https:\/\/mitrestorres.com\/wp-content\/uploads\/sites\/2\/2024\/07\/mitt_curarycuidar-300x279.png","medium-width":300,"medium-height":279,"medium_large":"https:\/\/mitrestorres.com\/wp-content\/uploads\/sites\/2\/2024\/07\/mitt_curarycuidar-768x713.png","medium_large-width":640,"medium_large-height":594,"large":"https:\/\/mitrestorres.com\/wp-content\/uploads\/sites\/2\/2024\/07\/mitt_curarycuidar-1024x951.png","large-width":640,"large-height":594,"1536x1536":"https:\/\/mitrestorres.com\/wp-content\/uploads\/sites\/2\/2024\/07\/mitt_curarycuidar.png","1536x1536-width":1256,"1536x1536-height":1166,"2048x2048":"https:\/\/mitrestorres.com\/wp-content\/uploads\/sites\/2\/2024\/07\/mitt_curarycuidar.png","2048x2048-width":1256,"2048x2048-height":1166}},"blocks":[{"title":"Especialitats per a una atenci\u00f3 personalitzada i acollidora","content":"<p>A Cl\u00ednica Mi Tres Torres, la vostra salut \u00e9s la nostra prioritat. Comptem amb un equip de m\u00e9s d\u2019un centenar d\u2019especialistes dedicats a millorar el benestar f\u00edsic i emocional dels nostres pacients. Oferim una atenci\u00f3 personalitzada i acollidora per proporcionar-vos una experi\u00e8ncia satisfact\u00f2ria i fer-vos sentir com a casa.<\/p>\n","link":{"title":"Saber m\u00e9s sobre les especialitats","url":"https:\/\/mitrestorres.com\/ca\/especialitats\/","target":""}},{"title":"Serveis altament especialitzats a la vostra disposici\u00f3","content":"<p>Facilitem l\u2019acc\u00e9s a l&#8217;assist\u00e8ncia sanit\u00e0ria especialitzada en r\u00e8gim ambulatori o d&#8217;hospitalitzaci\u00f3 i gestionem l\u2019historial cl\u00ednic de cada pacient. Oferim servei de farm\u00e0cia, de laboratori cl\u00ednic, de diagn\u00f2stic per la imatge i d\u2019arxiu i documentaci\u00f3 cl\u00ednica. Tamb\u00e9 oferim un servei de psicologia per a persones en tractament oncol\u00f2gic.<\/p>\n","link":{"title":"Saber m\u00e9s sobre els serveis","url":"https:\/\/mitrestorres.com\/ca\/la-clinica\/serveis\/","target":""}}],"el_grup_mi":{"content":"<p>La Cl\u00ednica Mi Tres Torres forma part de <span style=\"text-decoration: none;\"><a href=\"https:\/\/clinicasmi.com\/ca\/\" rel=\"noopener\" target=\"_blank\">Cl\u00edniques Mi<\/a><\/span>, un grup familiar d\u2019hospitals privats, que gestiona el centre hospitalari de Barcelona i tamb\u00e9 la <span style=\"text-decoration: none;\"><a href=\"https:\/\/www.xn--minovaliana-v9a.com\/ca\/\" rel=\"noopener\" target=\"_blank\">Cl\u00ednica Mi NovAlian\u00e7a de Lleida<\/a><\/span>. <\/p>\n","image":{"ID":8741,"id":8741,"title":"_cliniquesmi","filename":"cliniquesmi.svg","filesize":13162,"url":"https:\/\/mitrestorres.com\/wp-content\/uploads\/sites\/2\/2023\/06\/cliniquesmi.svg","link":"https:\/\/mitrestorres.com\/ca\/curar-i-cuidar\/_cliniquesmi\/","alt":"","author":"1","description":"","caption":"","name":"_cliniquesmi","status":"inherit","uploaded_to":250,"date":"2023-06-15 08:48:07","modified":"2023-06-15 08:48:07","menu_order":0,"mime_type":"image\/svg+xml","type":"image","subtype":"svg+xml","icon":"https:\/\/mitrestorres.com\/wp-includes\/images\/media\/default.png","width":140,"height":30,"sizes":{"thumbnail":"https:\/\/mitrestorres.com\/wp-content\/uploads\/sites\/2\/2023\/06\/cliniquesmi.svg","thumbnail-width":140,"thumbnail-height":30,"medium":"https:\/\/mitrestorres.com\/wp-content\/uploads\/sites\/2\/2023\/06\/cliniquesmi.svg","medium-width":140,"medium-height":30,"medium_large":"https:\/\/mitrestorres.com\/wp-content\/uploads\/sites\/2\/2023\/06\/cliniquesmi.svg","medium_large-width":140,"medium_large-height":30,"large":"https:\/\/mitrestorres.com\/wp-content\/uploads\/sites\/2\/2023\/06\/cliniquesmi.svg","large-width":140,"large-height":30,"1536x1536":"https:\/\/mitrestorres.com\/wp-content\/uploads\/sites\/2\/2023\/06\/cliniquesmi.svg","1536x1536-width":140,"1536x1536-height":30,"2048x2048":"https:\/\/mitrestorres.com\/wp-content\/uploads\/sites\/2\/2023\/06\/cliniquesmi.svg","2048x2048-width":140,"2048x2048-height":30}}},"demanar_cita":{"title":"Demanar cita","content":"<p>Programeu directament una visita en un dels nostres centres. Podeu escollir pel tipus d\u2019especialitat o pel nom del metge o metgessa.<\/p>\n","link":{"title":"Demanar cita","url":"https:\/\/mitrestorres.com\/ca\/demanar-cita\/","target":""}},"compromis":{"title":"Comprom\u00eds<br> amb qui m\u00e9s ho necessita","content":"<p>A trav\u00e9s de Mi Fundaci\u00f3 \u00c0lex,  impulsem iniciatives per promoure la integraci\u00f3 laboral de persones amb capacitats diverses, realitzar campanyes de sensibilitzaci\u00f3 i garantir l\u2019assist\u00e8ncia sanit\u00e0ria.<\/p>\n","image":{"ID":7819,"id":7819,"title":"mifa_home","filename":"mifa_home.png","filesize":4627945,"url":"https:\/\/mitrestorres.com\/wp-content\/uploads\/sites\/2\/2023\/06\/mifa_home.png","link":"https:\/\/mitrestorres.com\/ca\/curar-i-cuidar\/mifa_home-2\/","alt":"","author":"1","description":"","caption":"","name":"mifa_home-2","status":"inherit","uploaded_to":250,"date":"2023-06-07 10:25:28","modified":"2023-06-07 10:25:28","menu_order":0,"mime_type":"image\/png","type":"image","subtype":"png","icon":"https:\/\/mitrestorres.com\/wp-includes\/images\/media\/default.png","width":2104,"height":1462,"sizes":{"thumbnail":"https:\/\/mitrestorres.com\/wp-content\/uploads\/sites\/2\/2023\/06\/mifa_home-150x150.png","thumbnail-width":150,"thumbnail-height":150,"medium":"https:\/\/mitrestorres.com\/wp-content\/uploads\/sites\/2\/2023\/06\/mifa_home-300x208.png","medium-width":300,"medium-height":208,"medium_large":"https:\/\/mitrestorres.com\/wp-content\/uploads\/sites\/2\/2023\/06\/mifa_home-768x534.png","medium_large-width":640,"medium_large-height":445,"large":"https:\/\/mitrestorres.com\/wp-content\/uploads\/sites\/2\/2023\/06\/mifa_home-1024x712.png","large-width":640,"large-height":445,"1536x1536":"https:\/\/mitrestorres.com\/wp-content\/uploads\/sites\/2\/2023\/06\/mifa_home-1536x1067.png","1536x1536-width":1536,"1536x1536-height":1067,"2048x2048":"https:\/\/mitrestorres.com\/wp-content\/uploads\/sites\/2\/2023\/06\/mifa_home-2048x1423.png","2048x2048-width":2048,"2048x2048-height":1423}},"link":{"title":"Saber m\u00e9s sobre la Fundaci\u00f3","url":"https:\/\/mitrestorres.com\/ca\/mi-fundacio-alex\/","target":""},"logo":{"ID":11739,"id":11739,"title":"mi_alex","filename":"mi_alex.svg","filesize":6713,"url":"https:\/\/mitrestorres.com\/wp-content\/uploads\/sites\/2\/2024\/08\/mi_alex.svg","link":"https:\/\/mitrestorres.com\/ca\/curar-i-cuidar\/mi_alex-2\/","alt":"","author":"1","description":"","caption":"","name":"mi_alex-2","status":"inherit","uploaded_to":250,"date":"2024-08-16 10:59:58","modified":"2024-08-16 10:59:58","menu_order":0,"mime_type":"image\/svg+xml","type":"image","subtype":"svg+xml","icon":"https:\/\/mitrestorres.com\/wp-includes\/images\/media\/default.png","width":538,"height":181,"sizes":{"thumbnail":"https:\/\/mitrestorres.com\/wp-content\/uploads\/sites\/2\/2024\/08\/mi_alex.svg","thumbnail-width":538,"thumbnail-height":181,"medium":"https:\/\/mitrestorres.com\/wp-content\/uploads\/sites\/2\/2024\/08\/mi_alex.svg","medium-width":538,"medium-height":181,"medium_large":"https:\/\/mitrestorres.com\/wp-content\/uploads\/sites\/2\/2024\/08\/mi_alex.svg","medium_large-width":538,"medium_large-height":181,"large":"https:\/\/mitrestorres.com\/wp-content\/uploads\/sites\/2\/2024\/08\/mi_alex.svg","large-width":538,"large-height":181,"1536x1536":"https:\/\/mitrestorres.com\/wp-content\/uploads\/sites\/2\/2024\/08\/mi_alex.svg","1536x1536-width":538,"1536x1536-height":181,"2048x2048":"https:\/\/mitrestorres.com\/wp-content\/uploads\/sites\/2\/2024\/08\/mi_alex.svg","2048x2048-width":538,"2048x2048-height":181}}},"link":{"title":"Anar al directori d\u2019especialitats","url":"https:\/\/mitrestorres.com\/ca\/especialitats\/","target":""}},"uagb_featured_image_src":{"full":["https:\/\/mitrestorres.com\/wp-content\/uploads\/sites\/2\/2023\/09\/mitt_home_slider.png",2880,1108,false],"thumbnail":["https:\/\/mitrestorres.com\/wp-content\/uploads\/sites\/2\/2023\/09\/mitt_home_slider-150x150.png",150,150,true],"medium":["https:\/\/mitrestorres.com\/wp-content\/uploads\/sites\/2\/2023\/09\/mitt_home_slider-300x115.png",300,115,true],"medium_large":["https:\/\/mitrestorres.com\/wp-content\/uploads\/sites\/2\/2023\/09\/mitt_home_slider-768x295.png",640,246,true],"large":["https:\/\/mitrestorres.com\/wp-content\/uploads\/sites\/2\/2023\/09\/mitt_home_slider-1024x394.png",640,246,true],"1536x1536":["https:\/\/mitrestorres.com\/wp-content\/uploads\/sites\/2\/2023\/09\/mitt_home_slider-1536x591.png",1536,591,true],"2048x2048":["https:\/\/mitrestorres.com\/wp-content\/uploads\/sites\/2\/2023\/09\/mitt_home_slider-2048x788.png",2048,788,true]},"uagb_author_info":{"display_name":"@clinicasmi","author_link":"https:\/\/mitrestorres.com\/ca\/author\/clinicasmi\/"},"uagb_comment_info":0,"uagb_excerpt":"Som un equip d\u2019especialistes de l\u2019atenci\u00f3 sanit\u00e0ria que posem el focus no solament en la cura, sin\u00f3 tamb\u00e9 en el tracte i en el benestar, f\u00edsic i emocional, de les persones. Per aix\u00f2, curem, per\u00f2 tamb\u00e9 cuidem. Oferim una atenci\u00f3 integral personalitzada i ens adaptem a les necessitats i expectatives de cada pacient.","_links":{"self":[{"href":"https:\/\/mitrestorres.com\/ca\/wp-json\/wp\/v2\/pages\/250","targetHints":{"allow":["GET"]}}],"collection":[{"href":"https:\/\/mitrestorres.com\/ca\/wp-json\/wp\/v2\/pages"}],"about":[{"href":"https:\/\/mitrestorres.com\/ca\/wp-json\/wp\/v2\/types\/page"}],"author":[{"embeddable":true,"href":"https:\/\/mitrestorres.com\/ca\/wp-json\/wp\/v2\/users\/1"}],"replies":[{"embeddable":true,"href":"https:\/\/mitrestorres.com\/ca\/wp-json\/wp\/v2\/comments?post=250"}],"version-history":[{"count":24,"href":"https:\/\/mitrestorres.com\/ca\/wp-json\/wp\/v2\/pages\/250\/revisions"}],"predecessor-version":[{"id":12196,"href":"https:\/\/mitrestorres.com\/ca\/wp-json\/wp\/v2\/pages\/250\/revisions\/12196"}],"wp:featuredmedia":[{"embeddable":true,"href":"https:\/\/mitrestorres.com\/ca\/wp-json\/wp\/v2\/media\/10540"}],"wp:attachment":[{"href":"https:\/\/mitrestorres.com\/ca\/wp-json\/wp\/v2\/media?parent=250"}],"curies":[{"name":"wp","href":"https:\/\/api.w.org\/{rel}","templated":true}]}}

<p>Som un equip d’especialistes de l’atenció sanitària que posem el focus no solament en la cura, sinó també en el tracte i en el benestar, físic i emocional, de les persones. Per això, curem, però també cuidem. Oferim una atenció integral personalitzada i ens adaptem a les necessitats i expectatives de cada pacient.</p>



<ul class="wp-block-list">
<li><a href="https://mitrestorres.com/ca/la-clinica/sobre-mi/" data-type="page" data-id="318">Sobre Clíniques Mi</a></li>



<li><a href="https://mitrestorres.com/ca/la-clinica/instal%c2%b7lacions/" data-type="page" data-id="106">Les nostres instal·lacions</a></li>



<li><a href="https://mitrestorres.com/ca/la-clinica/mutues/" data-type="page" data-id="110">Mútues</a></li>
</ul>

<p>Som un equip d’especialistes de l’atenció sanitària que posem el focus no solament en la cura, sinó també en el tracte i en el benestar, físic i emocional, de les persones. Per això, curem, però també cuidem. Oferim una atenció integral personalitzada i ens adaptem a les necessitats i expectatives de cada pacient.</p>

Especialitats per a una atenció personalitzada i acollidora

<p>A Clínica Mi Tres Torres, la vostra salut és la nostra prioritat. Comptem amb un equip de més d’un centenar d’especialistes dedicats a millorar el benestar físic i emocional dels nostres pacients. Oferim una atenció personalitzada i acollidora per proporcionar-vos una experiència satisfactòria i fer-vos sentir com a casa.</p>

Saber més sobre les especialitats

Serveis altament especialitzats a la vostra disposició

<p>Facilitem l’accés a l&#8217;assistència sanitària especialitzada en règim ambulatori o d&#8217;hospitalització i gestionem l’historial clínic de cada pacient. Oferim servei de farmàcia, de laboratori clínic, de diagnòstic per la imatge i d’arxiu i documentació clínica. També oferim un servei de psicologia per a persones en tractament oncològic.</p>

Saber més sobre els serveis

<p>La Clínica Mi Tres Torres forma part de <span style="text-decoration: none;"><a href="https://clinicasmi.com/ca/" rel="noopener" target="_blank">Clíniques Mi</a></span>, un grup familiar d’hospitals privats, que gestiona el centre hospitalari de Barcelona i també la <span style="text-decoration: none;"><a href="https://www.xn--minovaliana-v9a.com/ca/" rel="noopener" target="_blank">Clínica Mi NovAliança de Lleida</a></span>. </p>

Compromís<br> amb qui més ho necessita

<p>A través de Mi Fundació Àlex,  impulsem iniciatives per promoure la integració laboral de persones amb capacitats diverses, realitzar campanyes de sensibilització i garantir l’assistència sanitària.</p>

Saber més sobre la Fundació

Som un equip d’especialistes de l’atenció sanitària que posem el focus no solament en la cura, sinó també en el tracte i en el benestar, físic i emocional, de les persones. Per això, curem, però també cuidem. Oferim una atenció integral personalitzada i ens adaptem a les necessitats i expectatives de cada pacient.
