{"id":14232,"date":"2026-04-07T07:31:02","date_gmt":"2026-04-07T05:31:02","guid":{"rendered":"https:\/\/mitrestorres.com\/unidad-de-traumatologia\/"},"modified":"2026-04-24T09:59:41","modified_gmt":"2026-04-24T07:59:41","slug":"unidad-de-traumatologia","status":"publish","type":"page","link":"https:\/\/mitrestorres.com\/ca\/unidad-de-traumatologia\/","title":{"rendered":"Traumatologia i Cirurgia Ortop\u00e8dica"},"content":{"rendered":"","protected":false},"excerpt":{"rendered":"","protected":false},"author":1,"featured_media":14234,"parent":0,"menu_order":0,"comment_status":"closed","ping_status":"closed","template":"templates\/unidad-modelo.php","meta":{"_acf_changed":false,"_uag_custom_page_level_css":"","footnotes":""},"class_list":["post-14232","page","type-page","status-publish","has-post-thumbnail","hentry"],"acf":{"unidad_frase_valor":"","unidad_descripcion":"<p>A la unitat de Cirurgia ortop\u00e8dica i Traumatologia, diagnostiquem i tractem patologies i trastorns de l\u2019aparell esquel\u00e8tic i locomotor, que poden afectar els ossos, els cart\u00edlags i les articulacions. Som especialistes en la realitzaci\u00f3 d\u2019artrosc\u00f2pies, cirurgies de pr\u00f2tesis i de preservaci\u00f3 articular.<\/p>\n","unidad_titulo_texto_ampliado":"","unidad_texto_ampliado":"<p>A la unitat de Cirurgia ortop\u00e8dica i Traumatologia, diagnostiquem i tractem patologies i trastorns de l\u2019aparell esquel\u00e8tic i locomotor, que poden afectar els ossos, els cart\u00edlags i les articulacions. Som especialistes en la realitzaci\u00f3 d\u2019artrosc\u00f2pies, cirurgies de pr\u00f2tesis i de preservaci\u00f3 articular.<\/p>\n","unidad_imagen":{"ID":14234,"id":14234,"title":"esp_cirurgia_ortopedica","filename":"esp_cirurgia_ortopedica-1.png","filesize":465625,"url":"https:\/\/mitrestorres.com\/wp-content\/uploads\/sites\/2\/2026\/04\/esp_cirurgia_ortopedica-1.png","link":"https:\/\/mitrestorres.com\/ca\/unidad-de-traumatologia\/esp_cirurgia_ortopedica-4\/","alt":"","author":"1","description":"","caption":"","name":"esp_cirurgia_ortopedica-4","status":"inherit","uploaded_to":14232,"date":"2026-04-22 08:33:45","modified":"2026-04-22 08:33:45","menu_order":0,"mime_type":"image\/png","type":"image","subtype":"png","icon":"https:\/\/mitrestorres.com\/wp-includes\/images\/media\/default.png","width":732,"height":509,"sizes":{"thumbnail":"https:\/\/mitrestorres.com\/wp-content\/uploads\/sites\/2\/2026\/04\/esp_cirurgia_ortopedica-1-150x150.png","thumbnail-width":150,"thumbnail-height":150,"medium":"https:\/\/mitrestorres.com\/wp-content\/uploads\/sites\/2\/2026\/04\/esp_cirurgia_ortopedica-1-300x209.png","medium-width":300,"medium-height":209,"medium_large":"https:\/\/mitrestorres.com\/wp-content\/uploads\/sites\/2\/2026\/04\/esp_cirurgia_ortopedica-1.png","medium_large-width":640,"medium_large-height":445,"large":"https:\/\/mitrestorres.com\/wp-content\/uploads\/sites\/2\/2026\/04\/esp_cirurgia_ortopedica-1.png","large-width":640,"large-height":445,"1536x1536":"https:\/\/mitrestorres.com\/wp-content\/uploads\/sites\/2\/2026\/04\/esp_cirurgia_ortopedica-1.png","1536x1536-width":732,"1536x1536-height":509,"2048x2048":"https:\/\/mitrestorres.com\/wp-content\/uploads\/sites\/2\/2026\/04\/esp_cirurgia_ortopedica-1.png","2048x2048-width":732,"2048x2048-height":509}},"unidad_especialidades":false,"unidad_grupos":[{"term_id":570,"name":"Move Traumatolog\u00eda","slug":"move-trauma","term_group":0,"term_taxonomy_id":570,"taxonomy":"grupo","description":"El equipo iMove Traumatolog\u00eda se traslada a un espacio de 700 m2 en el Campus Mi Tres Torres de Via Augusta 281. Barcelona, 22 de julio de 2019.- La Cl\u00ednica Mi Tres Torres, propiedad desde 2015 de la familia Masfurroll, ha incorporado a su Campus de Consultas Externas de V\u00eda Augusta 281 un nuevo espacio de 700 metros","parent":0,"count":18,"filter":"raw","term_order":"0"}],"unidad_mostrar_todos_grupos":false,"unidad_otros_mostrar":false},"uagb_featured_image_src":{"full":["https:\/\/mitrestorres.com\/wp-content\/uploads\/sites\/2\/2026\/04\/esp_cirurgia_ortopedica-1.png",732,509,false],"thumbnail":["https:\/\/mitrestorres.com\/wp-content\/uploads\/sites\/2\/2026\/04\/esp_cirurgia_ortopedica-1-150x150.png",150,150,true],"medium":["https:\/\/mitrestorres.com\/wp-content\/uploads\/sites\/2\/2026\/04\/esp_cirurgia_ortopedica-1-300x209.png",300,209,true],"medium_large":["https:\/\/mitrestorres.com\/wp-content\/uploads\/sites\/2\/2026\/04\/esp_cirurgia_ortopedica-1.png",640,445,false],"large":["https:\/\/mitrestorres.com\/wp-content\/uploads\/sites\/2\/2026\/04\/esp_cirurgia_ortopedica-1.png",640,445,false],"1536x1536":["https:\/\/mitrestorres.com\/wp-content\/uploads\/sites\/2\/2026\/04\/esp_cirurgia_ortopedica-1.png",732,509,false],"2048x2048":["https:\/\/mitrestorres.com\/wp-content\/uploads\/sites\/2\/2026\/04\/esp_cirurgia_ortopedica-1.png",732,509,false]},"uagb_author_info":{"display_name":"@clinicasmi","author_link":"https:\/\/mitrestorres.com\/ca\/author\/clinicasmi\/"},"uagb_comment_info":0,"uagb_excerpt":null,"_links":{"self":[{"href":"https:\/\/mitrestorres.com\/ca\/wp-json\/wp\/v2\/pages\/14232","targetHints":{"allow":["GET"]}}],"collection":[{"href":"https:\/\/mitrestorres.com\/ca\/wp-json\/wp\/v2\/pages"}],"about":[{"href":"https:\/\/mitrestorres.com\/ca\/wp-json\/wp\/v2\/types\/page"}],"author":[{"embeddable":true,"href":"https:\/\/mitrestorres.com\/ca\/wp-json\/wp\/v2\/users\/1"}],"replies":[{"embeddable":true,"href":"https:\/\/mitrestorres.com\/ca\/wp-json\/wp\/v2\/comments?post=14232"}],"version-history":[{"count":2,"href":"https:\/\/mitrestorres.com\/ca\/wp-json\/wp\/v2\/pages\/14232\/revisions"}],"predecessor-version":[{"id":14315,"href":"https:\/\/mitrestorres.com\/ca\/wp-json\/wp\/v2\/pages\/14232\/revisions\/14315"}],"wp:featuredmedia":[{"embeddable":true,"href":"https:\/\/mitrestorres.com\/ca\/wp-json\/wp\/v2\/media\/14234"}],"wp:attachment":[{"href":"https:\/\/mitrestorres.com\/ca\/wp-json\/wp\/v2\/media?parent=14232"}],"curies":[{"name":"wp","href":"https:\/\/api.w.org\/{rel}","templated":true}]}}

Traumatologia i Cirurgia Ortopèdica

<p>A la unitat de Cirurgia ortopèdica i Traumatologia, diagnostiquem i tractem patologies i trastorns de l’aparell esquelètic i locomotor, que poden afectar els ossos, els cartílags i les articulacions. Som especialistes en la realització d’artroscòpies, cirurgies de pròtesis i de preservació articular.</p>

Move Traumatología

El equipo iMove Traumatología se traslada a un espacio de 700 m2 en el Campus Mi Tres Torres de Via Augusta 281. Barcelona, 22 de julio de 2019.- La Clínica Mi Tres Torres, propiedad desde 2015 de la familia Masfurroll, ha incorporado a su Campus de Consultas Externas de Vía Augusta 281 un nuevo espacio de 700 metros
