{"id":120,"date":"2022-10-17T16:01:29","date_gmt":"2022-10-17T14:01:29","guid":{"rendered":"https:\/\/minovalianca.clinicas-mi.local\/?page_id=120"},"modified":"2023-06-16T07:51:29","modified_gmt":"2023-06-16T05:51:29","slug":"fons-art-alex-masfurroll","status":"publish","type":"page","link":"https:\/\/mitrestorres.com\/ca\/mi-fundacio-alex\/fons-art-alex-masfurroll\/","title":{"rendered":"Fons d\u2019Art \u00c0lex Masfurroll"},"content":{"rendered":"\n<p>La Mi Fundaci\u00f3 \u00c0lex disposa d\u2019un fons d\u2019art amb m\u00e9s d\u2019una cinquanta obres exposades a les Cl\u00edniques de Barcelona i Lleida. Totes les obres estan a la venda i han estat donacions d\u2019artistes, empreses i filantrops.<\/p>\n","protected":false},"excerpt":{"rendered":"<p>La Mi Fundaci\u00f3 \u00c0lex disposa d\u2019un fons d\u2019art amb m\u00e9s d\u2019una cinquanta obres exposades a les Cl\u00edniques de Barcelona i Lleida. Totes les obres estan a la venda i han estat donacions d\u2019artistes, empreses i filantrops.<\/p>\n","protected":false},"author":1,"featured_media":0,"parent":8099,"menu_order":2,"comment_status":"closed","ping_status":"closed","template":"templates\/fons.php","meta":{"_acf_changed":false,"_uag_custom_page_level_css":"","footnotes":""},"class_list":["post-120","page","type-page","status-publish","hentry"],"acf":{"coneix_el_fons":{"title":"El naixement d\u2019una gran idea","content":"<p>El fons d\u2019art neix arran de la celebraci\u00f3 d\u2019una gala ben\u00e8fica que va reunir m\u00e9s de 500 persones a Barcelona, a finals del 2019. En aquell esdeveniment, artistes com Pilar\u00edn Bay\u00e9s, Patricia Cancelo, Carme Galofr\u00e9, Isidre Tolosa o Lidia Masllorens  van regalar una de les seves obres en una subhasta ben\u00e8fica per a la Fundaci\u00f3. I aix\u00ed va sorgir la idea de crear el Fons d\u2019Art Alex Masfurroll.<\/p>\n","video":"<iframe title=\"Conoce el Fondo de Arte Alex Masfurroll\" width=\"640\" height=\"360\" src=\"https:\/\/www.youtube.com\/embed\/brcn_bd2p0s?feature=oembed\" frameborder=\"0\" allow=\"accelerometer; autoplay; clipboard-write; encrypted-media; gyroscope; picture-in-picture; web-share\" referrerpolicy=\"strict-origin-when-cross-origin\" allowfullscreen><\/iframe>","blocks":[{"image":{"ID":8826,"id":8826,"title":"fa_mifa_01","filename":"fa_mifa_01.svg","filesize":10267,"url":"https:\/\/mitrestorres.com\/wp-content\/uploads\/sites\/2\/2023\/06\/fa_mifa_01.svg","link":"https:\/\/mitrestorres.com\/ca\/mi-fundacio-alex\/fons-art-alex-masfurroll\/fa_mifa_01-2\/","alt":"","author":"1","description":"","caption":"","name":"fa_mifa_01-2","status":"inherit","uploaded_to":120,"date":"2023-06-16 05:45:11","modified":"2023-06-16 05:45:11","menu_order":0,"mime_type":"image\/svg+xml","type":"image","subtype":"svg+xml","icon":"https:\/\/mitrestorres.com\/wp-includes\/images\/media\/default.png","width":71,"height":101,"sizes":{"thumbnail":"https:\/\/mitrestorres.com\/wp-content\/uploads\/sites\/2\/2023\/06\/fa_mifa_01.svg","thumbnail-width":71,"thumbnail-height":101,"medium":"https:\/\/mitrestorres.com\/wp-content\/uploads\/sites\/2\/2023\/06\/fa_mifa_01.svg","medium-width":71,"medium-height":101,"medium_large":"https:\/\/mitrestorres.com\/wp-content\/uploads\/sites\/2\/2023\/06\/fa_mifa_01.svg","medium_large-width":71,"medium_large-height":101,"large":"https:\/\/mitrestorres.com\/wp-content\/uploads\/sites\/2\/2023\/06\/fa_mifa_01.svg","large-width":71,"large-height":101,"1536x1536":"https:\/\/mitrestorres.com\/wp-content\/uploads\/sites\/2\/2023\/06\/fa_mifa_01.svg","1536x1536-width":71,"1536x1536-height":101,"2048x2048":"https:\/\/mitrestorres.com\/wp-content\/uploads\/sites\/2\/2023\/06\/fa_mifa_01.svg","2048x2048-width":71,"2048x2048-height":101}},"title":"Adquiriu una obra del Fons d\u2019Art","content":"<p>Escolliu una de les obres d\u2019art disponibles. Podeu consultar-ne el preu i les caracter\u00edstiques a la nostra p\u00e0gina web.<\/p>\n"},{"image":{"ID":8828,"id":8828,"title":"fa_mifa_02","filename":"fa_mifa_02.svg","filesize":4158,"url":"https:\/\/mitrestorres.com\/wp-content\/uploads\/sites\/2\/2023\/06\/fa_mifa_02.svg","link":"https:\/\/mitrestorres.com\/ca\/mi-fundacio-alex\/fons-art-alex-masfurroll\/fa_mifa_02-2\/","alt":"","author":"1","description":"","caption":"","name":"fa_mifa_02-2","status":"inherit","uploaded_to":120,"date":"2023-06-16 05:45:33","modified":"2023-06-16 05:45:33","menu_order":0,"mime_type":"image\/svg+xml","type":"image","subtype":"svg+xml","icon":"https:\/\/mitrestorres.com\/wp-includes\/images\/media\/default.png","width":71,"height":101,"sizes":{"thumbnail":"https:\/\/mitrestorres.com\/wp-content\/uploads\/sites\/2\/2023\/06\/fa_mifa_02.svg","thumbnail-width":71,"thumbnail-height":101,"medium":"https:\/\/mitrestorres.com\/wp-content\/uploads\/sites\/2\/2023\/06\/fa_mifa_02.svg","medium-width":71,"medium-height":101,"medium_large":"https:\/\/mitrestorres.com\/wp-content\/uploads\/sites\/2\/2023\/06\/fa_mifa_02.svg","medium_large-width":71,"medium_large-height":101,"large":"https:\/\/mitrestorres.com\/wp-content\/uploads\/sites\/2\/2023\/06\/fa_mifa_02.svg","large-width":71,"large-height":101,"1536x1536":"https:\/\/mitrestorres.com\/wp-content\/uploads\/sites\/2\/2023\/06\/fa_mifa_02.svg","1536x1536-width":71,"1536x1536-height":101,"2048x2048":"https:\/\/mitrestorres.com\/wp-content\/uploads\/sites\/2\/2023\/06\/fa_mifa_02.svg","2048x2048-width":71,"2048x2048-height":101}},"title":" Destineu el seu import a un projecte","content":"<p>Decidiu en quin dels projectes que estem treballant actualment voleu que es destini l\u2019import de l\u2019obra.<\/p>\n"},{"image":{"ID":8830,"id":8830,"title":"fa_mifa_03svg","filename":"fa_mifa_03svg.svg","filesize":12191,"url":"https:\/\/mitrestorres.com\/wp-content\/uploads\/sites\/2\/2023\/06\/fa_mifa_03svg.svg","link":"https:\/\/mitrestorres.com\/ca\/mi-fundacio-alex\/fons-art-alex-masfurroll\/fa_mifa_03svg-2\/","alt":"","author":"1","description":"","caption":"","name":"fa_mifa_03svg-2","status":"inherit","uploaded_to":120,"date":"2023-06-16 05:46:06","modified":"2023-06-16 05:46:06","menu_order":0,"mime_type":"image\/svg+xml","type":"image","subtype":"svg+xml","icon":"https:\/\/mitrestorres.com\/wp-includes\/images\/media\/default.png","width":71,"height":101,"sizes":{"thumbnail":"https:\/\/mitrestorres.com\/wp-content\/uploads\/sites\/2\/2023\/06\/fa_mifa_03svg.svg","thumbnail-width":71,"thumbnail-height":101,"medium":"https:\/\/mitrestorres.com\/wp-content\/uploads\/sites\/2\/2023\/06\/fa_mifa_03svg.svg","medium-width":71,"medium-height":101,"medium_large":"https:\/\/mitrestorres.com\/wp-content\/uploads\/sites\/2\/2023\/06\/fa_mifa_03svg.svg","medium_large-width":71,"medium_large-height":101,"large":"https:\/\/mitrestorres.com\/wp-content\/uploads\/sites\/2\/2023\/06\/fa_mifa_03svg.svg","large-width":71,"large-height":101,"1536x1536":"https:\/\/mitrestorres.com\/wp-content\/uploads\/sites\/2\/2023\/06\/fa_mifa_03svg.svg","1536x1536-width":71,"1536x1536-height":101,"2048x2048":"https:\/\/mitrestorres.com\/wp-content\/uploads\/sites\/2\/2023\/06\/fa_mifa_03svg.svg","2048x2048-width":71,"2048x2048-height":101}},"title":"Opcionalment, podeu cedir-la","content":"<p>Podeu escollir emportar-vos l\u2019obra o cedir-la a la Fundaci\u00f3 perqu\u00e8 la continuem exposant a les instal\u00b7lacions de les cl\u00edniques.<\/p>\n"}]},"adquireix":{"title":"Adquiriu una obra","content":"<p>L\u2019art \u00e9s una magn\u00edfica manera d\u2019estimular la sensibilitat de les persones.  Us animem a consultar el nostre cat\u00e0leg i adquirir l\u2019obra o les obres que m\u00e9s us agradin. Escollint el nostre art, fem realitat els projectes que fomenten la inclusi\u00f3.<\/p>\n"}},"uagb_featured_image_src":{"full":false,"thumbnail":false,"medium":false,"medium_large":false,"large":false,"1536x1536":false,"2048x2048":false},"uagb_author_info":{"display_name":"@clinicasmi","author_link":"https:\/\/mitrestorres.com\/ca\/author\/clinicasmi\/"},"uagb_comment_info":0,"uagb_excerpt":"La Mi Fundaci\u00f3 \u00c0lex disposa d\u2019un fons d\u2019art amb m\u00e9s d\u2019una cinquanta obres exposades a les Cl\u00edniques de Barcelona i Lleida. Totes les obres estan a la venda i han estat donacions d\u2019artistes, empreses i filantrops.","_links":{"self":[{"href":"https:\/\/mitrestorres.com\/ca\/wp-json\/wp\/v2\/pages\/120","targetHints":{"allow":["GET"]}}],"collection":[{"href":"https:\/\/mitrestorres.com\/ca\/wp-json\/wp\/v2\/pages"}],"about":[{"href":"https:\/\/mitrestorres.com\/ca\/wp-json\/wp\/v2\/types\/page"}],"author":[{"embeddable":true,"href":"https:\/\/mitrestorres.com\/ca\/wp-json\/wp\/v2\/users\/1"}],"replies":[{"embeddable":true,"href":"https:\/\/mitrestorres.com\/ca\/wp-json\/wp\/v2\/comments?post=120"}],"version-history":[{"count":4,"href":"https:\/\/mitrestorres.com\/ca\/wp-json\/wp\/v2\/pages\/120\/revisions"}],"predecessor-version":[{"id":8836,"href":"https:\/\/mitrestorres.com\/ca\/wp-json\/wp\/v2\/pages\/120\/revisions\/8836"}],"up":[{"embeddable":true,"href":"https:\/\/mitrestorres.com\/ca\/wp-json\/wp\/v2\/pages\/8099"}],"wp:attachment":[{"href":"https:\/\/mitrestorres.com\/ca\/wp-json\/wp\/v2\/media?parent=120"}],"curies":[{"name":"wp","href":"https:\/\/api.w.org\/{rel}","templated":true}]}}

Fons d’Art Àlex Masfurroll

<p>La Mi Fundació Àlex disposa d’un fons d’art amb més d’una cinquanta obres exposades a les Clíniques de Barcelona i Lleida. Totes les obres estan a la venda i han estat donacions d’artistes, empreses i filantrops.</p>

<p>El fons d’art neix arran de la celebració d’una gala benèfica que va reunir més de 500 persones a Barcelona, a finals del 2019. En aquell esdeveniment, artistes com Pilarín Bayés, Patricia Cancelo, Carme Galofré, Isidre Tolosa o Lidia Masllorens  van regalar una de les seves obres en una subhasta benèfica per a la Fundació. I així va sorgir la idea de crear el Fons d’Art Alex Masfurroll.</p>

<p>Escolliu una de les obres d’art disponibles. Podeu consultar-ne el preu i les característiques a la nostra pàgina web.</p>

<p>Podeu escollir emportar-vos l’obra o cedir-la a la Fundació perquè la continuem exposant a les instal·lacions de les clíniques.</p>

<p>L’art és una magnífica manera d’estimular la sensibilitat de les persones.  Us animem a consultar el nostre catàleg i adquirir l’obra o les obres que més us agradin. Escollint el nostre art, fem realitat els projectes que fomenten la inclusió.</p>

La Mi Fundació Àlex disposa d’un fons d’art amb més d’una cinquanta obres exposades a les Clíniques de Barcelona i Lleida. Totes les obres estan a la venda i han estat donacions d’artistes, empreses i filantrops.
