{"id":4635,"date":"2022-08-24T07:12:47","date_gmt":"2022-08-24T05:12:47","guid":{"rendered":"https:\/\/mitrestorres.com\/doctors-mi\/doctors\/dr-xavier-lizano\/"},"modified":"2026-04-23T12:50:56","modified_gmt":"2026-04-23T10:50:56","slug":"dr-xavier-lizano","status":"publish","type":"doctor","link":"https:\/\/mitrestorres.com\/ca\/metges-mi\/metges\/dr-xavier-lizano\/","title":{"rendered":"Dr. Xavier Lizano"},"content":{"rendered":"<p>Traumat\u00f2leg especialista en cirurgia de maluc. Especialitzat en t\u00e8cniques de cirurgia ortop\u00e8dica i de revisi\u00f3 de pr\u00f2tesis de maluc. Amb una \u00e0mplia experi\u00e8ncia en el tractament de patologies relacionades amb el maluc, \u00e9s metge adjunt de l&#8217;hospital Universitari d&#8217;Igualada.<\/p>\n","protected":false},"featured_media":14248,"template":"","specialty":[564,566,569,401],"grupo":[572],"class_list":{"0":"post-4635","1":"doctor","2":"type-doctor","3":"status-publish","4":"has-post-thumbnail","5":"hentry","6":"specialty-cadera","8":"specialty-maluc","9":"specialty-cirurgia-ortopedica-i-traumatologia","10":"clinic-clinicas-mi-ca","11":"clinic-clinica-tres-torres-ca","12":"clinic-clinica-tres-torres","14":"grupo-move-trauma"},"acf":{"subespecialitat":"","equipo_medico":"","linkedin":"","topdoctors":"","web_personal":"","horari":"","consultes":"<p>Via Augusta 281, 1\u00aa Planta<\/p>\n<p>08017 Barcelona<\/p>\n<p>tel. 932 606 203<\/p>\n","pedir_cita":[{"clinic":"Barcelona","cita_email":"","date":"https:\/\/app.tuotempo.com\/mop\/index.php?dbName=tt_qsoft_imove_prod&amp;resourceid=sc168b96ced80f7c"}],"pedir_cita_tfn":[{"clinic":"Barcelona","telefono":"932606203"},{"clinic":"","telefono":""}],"mutuas":"true"},"uagb_featured_image_src":{"full":["https:\/\/mitrestorres.com\/wp-content\/uploads\/sites\/2\/2026\/04\/drlizano.png",692,672,false],"thumbnail":["https:\/\/mitrestorres.com\/wp-content\/uploads\/sites\/2\/2026\/04\/drlizano-150x150.png",150,150,true],"medium":["https:\/\/mitrestorres.com\/wp-content\/uploads\/sites\/2\/2026\/04\/drlizano-300x291.png",300,291,true],"medium_large":["https:\/\/mitrestorres.com\/wp-content\/uploads\/sites\/2\/2026\/04\/drlizano.png",640,622,false],"large":["https:\/\/mitrestorres.com\/wp-content\/uploads\/sites\/2\/2026\/04\/drlizano.png",640,622,false],"1536x1536":["https:\/\/mitrestorres.com\/wp-content\/uploads\/sites\/2\/2026\/04\/drlizano.png",692,672,false],"2048x2048":["https:\/\/mitrestorres.com\/wp-content\/uploads\/sites\/2\/2026\/04\/drlizano.png",692,672,false]},"uagb_author_info":{"display_name":"@clinicasmi","author_link":"https:\/\/mitrestorres.com\/ca\/author\/"},"uagb_comment_info":0,"uagb_excerpt":"Traumat\u00f2leg especialista en cirurgia de maluc. Especialitzat en t\u00e8cniques de cirurgia ortop\u00e8dica i de revisi\u00f3 de pr\u00f2tesis de maluc. Amb una \u00e0mplia experi\u00e8ncia en el tractament de patologies relacionades amb el maluc, \u00e9s metge adjunt de l&#8217;hospital Universitari d&#8217;Igualada.","_links":{"self":[{"href":"https:\/\/mitrestorres.com\/ca\/wp-json\/wp\/v2\/doctor\/4635","targetHints":{"allow":["GET"]}}],"collection":[{"href":"https:\/\/mitrestorres.com\/ca\/wp-json\/wp\/v2\/doctor"}],"about":[{"href":"https:\/\/mitrestorres.com\/ca\/wp-json\/wp\/v2\/types\/doctor"}],"wp:featuredmedia":[{"embeddable":true,"href":"https:\/\/mitrestorres.com\/ca\/wp-json\/wp\/v2\/media\/14248"}],"wp:attachment":[{"href":"https:\/\/mitrestorres.com\/ca\/wp-json\/wp\/v2\/media?parent=4635"}],"wp:term":[{"taxonomy":"specialty","embeddable":true,"href":"https:\/\/mitrestorres.com\/ca\/wp-json\/wp\/v2\/specialty?post=4635"},{"taxonomy":"grupo","embeddable":true,"href":"https:\/\/mitrestorres.com\/ca\/wp-json\/wp\/v2\/grupo?post=4635"}],"curies":[{"name":"wp","href":"https:\/\/api.w.org\/{rel}","templated":true}]}}

<p>Traumatòleg especialista en cirurgia de maluc. Especialitzat en tècniques de cirurgia ortopèdica i de revisió de pròtesis de maluc. Amb una àmplia experiència en el tractament de patologies relacionades amb el maluc, és metge adjunt de l&#8217;hospital Universitari d&#8217;Igualada.</p>

<p>Via Augusta 281, 1ª Planta</p>
<p>08017 Barcelona</p>
<p>tel. 932 606 203</p>

Traumatòleg especialista en cirurgia de maluc. Especialitzat en tècniques de cirurgia ortopèdica i de revisió de pròtesis de maluc. Amb una àmplia experiència en el tractament de patologies relacionades amb el maluc, és metge adjunt de l&#8217;hospital Universitari d&#8217;Igualada.
