{"id":4456,"date":"2023-01-03T09:04:46","date_gmt":"2023-01-03T08:04:46","guid":{"rendered":"https:\/\/mitrestorres.com\/doctors-mi\/doctors\/dr-tarek-traboulsi\/"},"modified":"2025-02-14T12:36:35","modified_gmt":"2025-02-14T11:36:35","slug":"dr-tarek-traboulsi","status":"publish","type":"doctor","link":"https:\/\/mitrestorres.com\/ca\/metges-mi\/metges\/dr-tarek-traboulsi\/","title":{"rendered":"Dr. Tarek Traboulsi"},"content":{"rendered":"<p>Llicenciat en Medicina i Cirurgia per la Universitat Aut\u00f2noma de Barcelona, \u200b\u200b\u00e9s especialista en Cirurgia Maxil-Facial amb dedicaci\u00f3 exclusiva a la Cirurgia Est\u00e8tica i Plastica Facial. El Dr. Traboulsi disposa d&#8217;una \u00e0mplia traject\u00f2ria a l&#8217;\u00e0mbit de la Cirurgia Maxil-Facial. Posseeix el t\u00edtol FEBOMFS, que garanteix els m\u00e9s alts est\u00e0ndards acad\u00e8mics. Autor de diversos articles i cap\u00edtols m\u00e8dics, \u00e9s membre de nombroses associacions de l\u00b4especialitat.<\/p>\n<p>FORMACI\u00d3 ACAD\u00c8MICA<br \/>\nLlicenciat en Medicina i Cirurgia per la Universitat Aut\u00f2noma de Barcelona<br \/>\nFormaci\u00f3 postgraduada a M\u00e8xic, Turquia i Estats Units. Ponent als congressos mundials m\u00e9s importants de Rinoplastia.<\/p>\n<p>EXPERI\u00c8NCIA PROFESSIONAL<br \/>\nEspecialista en Cirurgia Oral i Maxil\u00b7lofacial. Hospital Vall d&#8217;Hebron, Barcelona<br \/>\nCEO i fundador de Barcelona Facial Plastics<br \/>\nMembre integrant de l&#8217;Equip M\u00e8dic de Cirurgia Maxil-Facial a l&#8217;Institut de Cirurgia Pl\u00e0stica Dr. Fabrizio Moscatiello<\/p>\n<p>SOCIETATS CIENT\u00cdFIQUES<br \/>\nFellow of the European Board for Or-Maxillo-Facial Surgery (FEBOMFS)<br \/>\nMembre de la Societat Espanyola de Cirurgia Pl\u00e0stica Facial (SECPF); Balear de Cirurgia Maxilofacial i Oral<\/p>\n","protected":false},"featured_media":12012,"template":"","specialty":[372],"grupo":[],"class_list":["post-4456","doctor","type-doctor","status-publish","has-post-thumbnail","hentry","specialty-cirurgia-maxillofacial","clinic-clinicas-mi-ca"],"acf":{"pedir_cita":[{"clinic":"Barcelona","cita_email":"info@drmoscatiello.com","date":""}],"subespecialitat":"","equipo_medico":"","topdoctors":"","horari":"","consultes":"","pedir_cita_tfn":[{"clinic":"Barcelona","telefono":"800 76 00 73"},{"clinic":"","telefono":""}],"linkedin":"","web_personal":""},"uagb_featured_image_src":{"full":["https:\/\/mitrestorres.com\/wp-content\/uploads\/sites\/2\/2025\/01\/dr-tarek-traboulsi.png",692,672,false],"thumbnail":["https:\/\/mitrestorres.com\/wp-content\/uploads\/sites\/2\/2025\/01\/dr-tarek-traboulsi-150x150.png",150,150,true],"medium":["https:\/\/mitrestorres.com\/wp-content\/uploads\/sites\/2\/2025\/01\/dr-tarek-traboulsi-300x291.png",300,291,true],"medium_large":["https:\/\/mitrestorres.com\/wp-content\/uploads\/sites\/2\/2025\/01\/dr-tarek-traboulsi.png",640,622,false],"large":["https:\/\/mitrestorres.com\/wp-content\/uploads\/sites\/2\/2025\/01\/dr-tarek-traboulsi.png",640,622,false],"1536x1536":["https:\/\/mitrestorres.com\/wp-content\/uploads\/sites\/2\/2025\/01\/dr-tarek-traboulsi.png",692,672,false],"2048x2048":["https:\/\/mitrestorres.com\/wp-content\/uploads\/sites\/2\/2025\/01\/dr-tarek-traboulsi.png",692,672,false]},"uagb_author_info":{"display_name":"@clinicasmi","author_link":"https:\/\/mitrestorres.com\/ca\/author\/"},"uagb_comment_info":0,"uagb_excerpt":"Llicenciat en Medicina i Cirurgia per la Universitat Aut\u00f2noma de Barcelona, \u200b\u200b\u00e9s especialista en Cirurgia Maxil-Facial amb dedicaci\u00f3 exclusiva a la Cirurgia Est\u00e8tica i Plastica Facial. El Dr. Traboulsi disposa d&#8217;una \u00e0mplia traject\u00f2ria a l&#8217;\u00e0mbit de la Cirurgia Maxil-Facial. Posseeix el t\u00edtol FEBOMFS, que garanteix els m\u00e9s alts est\u00e0ndards acad\u00e8mics. Autor de diversos articles iLlegir&hellip;","_links":{"self":[{"href":"https:\/\/mitrestorres.com\/ca\/wp-json\/wp\/v2\/doctor\/4456","targetHints":{"allow":["GET"]}}],"collection":[{"href":"https:\/\/mitrestorres.com\/ca\/wp-json\/wp\/v2\/doctor"}],"about":[{"href":"https:\/\/mitrestorres.com\/ca\/wp-json\/wp\/v2\/types\/doctor"}],"wp:featuredmedia":[{"embeddable":true,"href":"https:\/\/mitrestorres.com\/ca\/wp-json\/wp\/v2\/media\/12012"}],"wp:attachment":[{"href":"https:\/\/mitrestorres.com\/ca\/wp-json\/wp\/v2\/media?parent=4456"}],"wp:term":[{"taxonomy":"specialty","embeddable":true,"href":"https:\/\/mitrestorres.com\/ca\/wp-json\/wp\/v2\/specialty?post=4456"},{"taxonomy":"grupo","embeddable":true,"href":"https:\/\/mitrestorres.com\/ca\/wp-json\/wp\/v2\/grupo?post=4456"}],"curies":[{"name":"wp","href":"https:\/\/api.w.org\/{rel}","templated":true}]}}

<p>Llicenciat en Medicina i Cirurgia per la Universitat Autònoma de Barcelona, ​​és especialista en Cirurgia Maxil-Facial amb dedicació exclusiva a la Cirurgia Estètica i Plastica Facial. El Dr. Traboulsi disposa d&#8217;una àmplia trajectòria a l&#8217;àmbit de la Cirurgia Maxil-Facial. Posseeix el títol FEBOMFS, que garanteix els més alts estàndards acadèmics. Autor de diversos articles i capítols mèdics, és membre de nombroses associacions de l´especialitat.</p>
<p>FORMACIÓ ACADÈMICA<br />
Llicenciat en Medicina i Cirurgia per la Universitat Autònoma de Barcelona<br />
Formació postgraduada a Mèxic, Turquia i Estats Units. Ponent als congressos mundials més importants de Rinoplastia.</p>
<p>EXPERIÈNCIA PROFESSIONAL<br />
Especialista en Cirurgia Oral i Maxil·lofacial. Hospital Vall d&#8217;Hebron, Barcelona<br />
CEO i fundador de Barcelona Facial Plastics<br />
Membre integrant de l&#8217;Equip Mèdic de Cirurgia Maxil-Facial a l&#8217;Institut de Cirurgia Plàstica Dr. Fabrizio Moscatiello</p>
<p>SOCIETATS CIENTÍFIQUES<br />
Fellow of the European Board for Or-Maxillo-Facial Surgery (FEBOMFS)<br />
Membre de la Societat Espanyola de Cirurgia Plàstica Facial (SECPF); Balear de Cirurgia Maxilofacial i Oral</p>

Llicenciat en Medicina i Cirurgia per la Universitat Autònoma de Barcelona, ​​és especialista en Cirurgia Maxil-Facial amb dedicació exclusiva a la Cirurgia Estètica i Plastica Facial. El Dr. Traboulsi disposa d&#8217;una àmplia trajectòria a l&#8217;àmbit de la Cirurgia Maxil-Facial. Posseeix el títol FEBOMFS, que garanteix els més alts estàndards acadèmics. Autor de diversos articles iLlegir&hellip;
