{"id":3742,"date":"2022-12-15T10:57:28","date_gmt":"2022-12-15T09:57:28","guid":{"rendered":"https:\/\/mitrestorres.com\/doctors-mi\/doctors\/dr-dr-alberto-arecchi\/"},"modified":"2026-03-05T18:36:41","modified_gmt":"2026-03-05T17:36:41","slug":"dr-dr-alberto-arecchi","status":"publish","type":"doctor","link":"https:\/\/mitrestorres.com\/ca\/metges-mi\/metges\/dr-dr-alberto-arecchi\/","title":{"rendered":"Dr. Alberto Arecchi"},"content":{"rendered":"<p>Dr. Alberto Arecchi, amb m\u00e9s de 15 anys d&#8217;experi\u00e8ncia professional. Llicenciat \u201cCum Laude\u201d en Medicina i Cirurgia per la Universitat de Medicina de Pavia (It\u00e0lia). Havent realitzat la seva especialitzaci\u00f3 en Cirurgia Oral i Maxil\u00b7lofacial a l&#8217;Hospital Vall d&#8217;Hebron de Barcelona, \u200b\u200bon va treballar com a cirurgi\u00e0 adjunt a la subunitat de deformitats dentofacials durant 6 anys. Ha dut a terme estades internacionals a M\u00e8xic, Turquia, It\u00e0lia i els Estats Units.<br \/>\nHa complementat la seva formaci\u00f3 amb el Board Europeu de Cirurgia Craneo-Maxilo-Facial.<br \/>\nDestaquen la seva dedicaci\u00f3 i experi\u00e8ncia al camp de la cirurgia est\u00e8tica facial i en cirurgia ortogn\u00e0tica.<\/p>\n","protected":false},"featured_media":13649,"template":"","specialty":[411,372],"grupo":[],"class_list":["post-3742","doctor","type-doctor","status-publish","has-post-thumbnail","hentry","specialty-cirugia-maxilofacial","specialty-cirurgia-maxillofacial","clinic-clinicas-mi-ca","clinic-clinica-tres-torres","clinic-clinica-tres-torres-ca"],"acf":{"pedir_cita":[{"clinic":"Barcelona","cita_email":"info@drmoscatiello.com","date":""}],"subespecialitat":"","equipo_medico":"","topdoctors":"","horari":"","consultes":"","pedir_cita_tfn":[{"clinic":"Barcelona","telefono":"697430303"},{"clinic":"","telefono":""}],"mutuas":"false","linkedin":"","web_personal":""},"uagb_featured_image_src":{"full":["https:\/\/mitrestorres.com\/wp-content\/uploads\/sites\/2\/2026\/03\/dr-alberto-arecchi.png",692,672,false],"thumbnail":["https:\/\/mitrestorres.com\/wp-content\/uploads\/sites\/2\/2026\/03\/dr-alberto-arecchi-150x150.png",150,150,true],"medium":["https:\/\/mitrestorres.com\/wp-content\/uploads\/sites\/2\/2026\/03\/dr-alberto-arecchi-300x291.png",300,291,true],"medium_large":["https:\/\/mitrestorres.com\/wp-content\/uploads\/sites\/2\/2026\/03\/dr-alberto-arecchi.png",640,622,false],"large":["https:\/\/mitrestorres.com\/wp-content\/uploads\/sites\/2\/2026\/03\/dr-alberto-arecchi.png",640,622,false],"1536x1536":["https:\/\/mitrestorres.com\/wp-content\/uploads\/sites\/2\/2026\/03\/dr-alberto-arecchi.png",692,672,false],"2048x2048":["https:\/\/mitrestorres.com\/wp-content\/uploads\/sites\/2\/2026\/03\/dr-alberto-arecchi.png",692,672,false]},"uagb_author_info":{"display_name":"@clinicasmi","author_link":"https:\/\/mitrestorres.com\/ca\/author\/"},"uagb_comment_info":0,"uagb_excerpt":"Dr. Alberto Arecchi, amb m\u00e9s de 15 anys d&#8217;experi\u00e8ncia professional. Llicenciat \u201cCum Laude\u201d en Medicina i Cirurgia per la Universitat de Medicina de Pavia (It\u00e0lia). Havent realitzat la seva especialitzaci\u00f3 en Cirurgia Oral i Maxil\u00b7lofacial a l&#8217;Hospital Vall d&#8217;Hebron de Barcelona, \u200b\u200bon va treballar com a cirurgi\u00e0 adjunt a la subunitat de deformitats dentofacials durantLlegir&hellip;","_links":{"self":[{"href":"https:\/\/mitrestorres.com\/ca\/wp-json\/wp\/v2\/doctor\/3742","targetHints":{"allow":["GET"]}}],"collection":[{"href":"https:\/\/mitrestorres.com\/ca\/wp-json\/wp\/v2\/doctor"}],"about":[{"href":"https:\/\/mitrestorres.com\/ca\/wp-json\/wp\/v2\/types\/doctor"}],"wp:featuredmedia":[{"embeddable":true,"href":"https:\/\/mitrestorres.com\/ca\/wp-json\/wp\/v2\/media\/13649"}],"wp:attachment":[{"href":"https:\/\/mitrestorres.com\/ca\/wp-json\/wp\/v2\/media?parent=3742"}],"wp:term":[{"taxonomy":"specialty","embeddable":true,"href":"https:\/\/mitrestorres.com\/ca\/wp-json\/wp\/v2\/specialty?post=3742"},{"taxonomy":"grupo","embeddable":true,"href":"https:\/\/mitrestorres.com\/ca\/wp-json\/wp\/v2\/grupo?post=3742"}],"curies":[{"name":"wp","href":"https:\/\/api.w.org\/{rel}","templated":true}]}}

<p>Dr. Alberto Arecchi, amb més de 15 anys d&#8217;experiència professional. Llicenciat “Cum Laude” en Medicina i Cirurgia per la Universitat de Medicina de Pavia (Itàlia). Havent realitzat la seva especialització en Cirurgia Oral i Maxil·lofacial a l&#8217;Hospital Vall d&#8217;Hebron de Barcelona, ​​on va treballar com a cirurgià adjunt a la subunitat de deformitats dentofacials durant 6 anys. Ha dut a terme estades internacionals a Mèxic, Turquia, Itàlia i els Estats Units.<br />
Ha complementat la seva formació amb el Board Europeu de Cirurgia Craneo-Maxilo-Facial.<br />
Destaquen la seva dedicació i experiència al camp de la cirurgia estètica facial i en cirurgia ortognàtica.</p>

Dr. Alberto Arecchi, amb més de 15 anys d&#8217;experiència professional. Llicenciat “Cum Laude” en Medicina i Cirurgia per la Universitat de Medicina de Pavia (Itàlia). Havent realitzat la seva especialització en Cirurgia Oral i Maxil·lofacial a l&#8217;Hospital Vall d&#8217;Hebron de Barcelona, ​​on va treballar com a cirurgià adjunt a la subunitat de deformitats dentofacials durantLlegir&hellip;
