{"id":3698,"date":"2022-08-29T06:09:13","date_gmt":"2022-08-29T04:09:13","guid":{"rendered":"https:\/\/mitrestorres.com\/doctors-mi\/doctors\/dr-joan-leal-blanquet-2\/"},"modified":"2026-04-23T13:39:28","modified_gmt":"2026-04-23T11:39:28","slug":"dr-joan-leal-blanquet","status":"publish","type":"doctor","link":"https:\/\/mitrestorres.com\/ca\/metges-mi\/metges\/dr-joan-leal-blanquet\/","title":{"rendered":"Dr. Joan Leal Blanquet"},"content":{"rendered":"<p>S\u00f3c expert en cirurgia de genoll. Els meus principals \u00e0mbits d\u201factuaci\u00f3 s\u00f3n la cirurgia prot\u00e8sica i de preservaci\u00f3 articular, aix\u00ed com la cirurgia artrosc\u00f2pica i el tractament de les fractures al voltant del genoll.<br \/>\nLidero l&#8217;equip de la Unitat de Genoll de Move Traumatologia i s\u00f3c coordinador de l&#8217;Hospital de Vielha. Tamb\u00e9 desenvolupo la meva activitat professional com a cirurgi\u00e0 ortop\u00e8dic al Parc de Salut Mar. Pel que fa a la meva activitat docent, exerceixo com a professor associat a la Facultat de Medicina de la Universitat Aut\u00f2noma de Barcelona ia la Facultat de Fisioter\u00e0pia de la Universitat Pompeu Fabra. Tamb\u00e9 em dedico a la formaci\u00f3 de residents al Parc de Salut Mar i rebut becaris de la Societat Europea de Traumatologia Esportiva, Cirurgia de Genoll i Artrosc\u00f2pia (ESSKA).<\/p>\n<p>Compto amb m\u00e9s de deu anys d&#8217;experi\u00e8ncia a l&#8217;\u00e0rea de recerca del genoll i s\u00f3c autor de nombroses publicacions cient\u00edfiques, totes publicades en revistes internacionals d&#8217;un important factor d&#8217;impacte i indexades a l&#8217;Arxiu Digital PubMed de la Biblioteca Nacional de Medicina dels Estats Units.<\/p>\n<p>Al pl\u00e0nol acad\u00e8mic s\u00f3c llicenciat en Medicina i Cirurgia per la Universitat de Barcelona. He realitzat la meva formaci\u00f3 com a especialista a l&#8217;Institut Universitari Dexeus i al Centre Livet (Li\u00f3, Fran\u00e7a). A m\u00e9s, compto amb un doctorat en Cirurgia Ortop\u00e8dica i Traumatologia per la Universitat Aut\u00f2noma de Barcelona amb una qualificaci\u00f3 d&#8217;Excel\u00b7lent \u201cCum Laude\u201d.<br \/>\nS\u00f3c membre de la Societat Espanyola de Cirurgia Ortop\u00e8dica (SECOT), de la Societat Catalana de Cirurgia Ortop\u00e8dica i Traumatologia (SCCOT). Actualment s\u00f3c el secretari de la Societat Espanyola de Cirurgia del Genoll (SEROD) i alhora membre de la Societat Europea d&#8217;Artrosc\u00f2pia (ESSKA) i de la Societat Europea de Genoll (EKA).<\/p>\n","protected":false},"featured_media":14210,"template":"","specialty":[559,401],"grupo":[572],"class_list":["post-3698","doctor","type-doctor","status-publish","has-post-thumbnail","hentry","specialty-genoll","specialty-cirurgia-ortopedica-i-traumatologia","clinic-clinicas-mi-ca","clinic-clinica-tres-torres-ca","grupo-move-trauma"],"acf":{"subespecialitat":"<p>Unitat de Genoll<\/p>\n","topdoctors":"","horari":"","consultes":"<p>Via Augusta 281, 1\u00aa Planta<br \/>\n08017 Barcelona<br \/>\ntel. 932 606 203<br \/>\ntel. 603 635 669<\/p>\n","equipo_medico":"","pedir_cita":[{"clinic":"Barcelona","cita_email":"","date":"https:\/\/app.tuotempo.com\/mop\/index.php?dbName=tt_qsoft_imove_prod&amp;resourceid=sc168b96ced8e355"}],"pedir_cita_tfn":[{"clinic":"Barcelona","telefono":"932 606 203"},{"clinic":"","telefono":""}],"linkedin":"","web_personal":"","mutuas":"true","ocultar_especialidad_oficial":false,"tipo":"false"},"uagb_featured_image_src":{"full":["https:\/\/mitrestorres.com\/wp-content\/uploads\/sites\/2\/2026\/04\/dr-joan-leal-blanquet.png",692,672,false],"thumbnail":["https:\/\/mitrestorres.com\/wp-content\/uploads\/sites\/2\/2026\/04\/dr-joan-leal-blanquet-150x150.png",150,150,true],"medium":["https:\/\/mitrestorres.com\/wp-content\/uploads\/sites\/2\/2026\/04\/dr-joan-leal-blanquet-300x291.png",300,291,true],"medium_large":["https:\/\/mitrestorres.com\/wp-content\/uploads\/sites\/2\/2026\/04\/dr-joan-leal-blanquet.png",640,622,false],"large":["https:\/\/mitrestorres.com\/wp-content\/uploads\/sites\/2\/2026\/04\/dr-joan-leal-blanquet.png",640,622,false],"1536x1536":["https:\/\/mitrestorres.com\/wp-content\/uploads\/sites\/2\/2026\/04\/dr-joan-leal-blanquet.png",692,672,false],"2048x2048":["https:\/\/mitrestorres.com\/wp-content\/uploads\/sites\/2\/2026\/04\/dr-joan-leal-blanquet.png",692,672,false]},"uagb_author_info":{"display_name":"@clinicasmi","author_link":"https:\/\/mitrestorres.com\/ca\/author\/"},"uagb_comment_info":0,"uagb_excerpt":"S\u00f3c expert en cirurgia de genoll. Els meus principals \u00e0mbits d\u201factuaci\u00f3 s\u00f3n la cirurgia prot\u00e8sica i de preservaci\u00f3 articular, aix\u00ed com la cirurgia artrosc\u00f2pica i el tractament de les fractures al voltant del genoll. Lidero l&#8217;equip de la Unitat de Genoll de Move Traumatologia i s\u00f3c coordinador de l&#8217;Hospital de Vielha. Tamb\u00e9 desenvolupo la mevaLlegir&hellip;","_links":{"self":[{"href":"https:\/\/mitrestorres.com\/ca\/wp-json\/wp\/v2\/doctor\/3698","targetHints":{"allow":["GET"]}}],"collection":[{"href":"https:\/\/mitrestorres.com\/ca\/wp-json\/wp\/v2\/doctor"}],"about":[{"href":"https:\/\/mitrestorres.com\/ca\/wp-json\/wp\/v2\/types\/doctor"}],"wp:featuredmedia":[{"embeddable":true,"href":"https:\/\/mitrestorres.com\/ca\/wp-json\/wp\/v2\/media\/14210"}],"wp:attachment":[{"href":"https:\/\/mitrestorres.com\/ca\/wp-json\/wp\/v2\/media?parent=3698"}],"wp:term":[{"taxonomy":"specialty","embeddable":true,"href":"https:\/\/mitrestorres.com\/ca\/wp-json\/wp\/v2\/specialty?post=3698"},{"taxonomy":"grupo","embeddable":true,"href":"https:\/\/mitrestorres.com\/ca\/wp-json\/wp\/v2\/grupo?post=3698"}],"curies":[{"name":"wp","href":"https:\/\/api.w.org\/{rel}","templated":true}]}}

<p>Sóc expert en cirurgia de genoll. Els meus principals àmbits d‟actuació són la cirurgia protèsica i de preservació articular, així com la cirurgia artroscòpica i el tractament de les fractures al voltant del genoll.<br />
Lidero l&#8217;equip de la Unitat de Genoll de Move Traumatologia i sóc coordinador de l&#8217;Hospital de Vielha. També desenvolupo la meva activitat professional com a cirurgià ortopèdic al Parc de Salut Mar. Pel que fa a la meva activitat docent, exerceixo com a professor associat a la Facultat de Medicina de la Universitat Autònoma de Barcelona ia la Facultat de Fisioteràpia de la Universitat Pompeu Fabra. També em dedico a la formació de residents al Parc de Salut Mar i rebut becaris de la Societat Europea de Traumatologia Esportiva, Cirurgia de Genoll i Artroscòpia (ESSKA).</p>
<p>Compto amb més de deu anys d&#8217;experiència a l&#8217;àrea de recerca del genoll i sóc autor de nombroses publicacions científiques, totes publicades en revistes internacionals d&#8217;un important factor d&#8217;impacte i indexades a l&#8217;Arxiu Digital PubMed de la Biblioteca Nacional de Medicina dels Estats Units.</p>
<p>Al plànol acadèmic sóc llicenciat en Medicina i Cirurgia per la Universitat de Barcelona. He realitzat la meva formació com a especialista a l&#8217;Institut Universitari Dexeus i al Centre Livet (Lió, França). A més, compto amb un doctorat en Cirurgia Ortopèdica i Traumatologia per la Universitat Autònoma de Barcelona amb una qualificació d&#8217;Excel·lent “Cum Laude”.<br />
Sóc membre de la Societat Espanyola de Cirurgia Ortopèdica (SECOT), de la Societat Catalana de Cirurgia Ortopèdica i Traumatologia (SCCOT). Actualment sóc el secretari de la Societat Espanyola de Cirurgia del Genoll (SEROD) i alhora membre de la Societat Europea d&#8217;Artroscòpia (ESSKA) i de la Societat Europea de Genoll (EKA).</p>

<p>Via Augusta 281, 1ª Planta<br />
08017 Barcelona<br />
tel. 932 606 203<br />
tel. 603 635 669</p>

Sóc expert en cirurgia de genoll. Els meus principals àmbits d‟actuació són la cirurgia protèsica i de preservació articular, així com la cirurgia artroscòpica i el tractament de les fractures al voltant del genoll. Lidero l&#8217;equip de la Unitat de Genoll de Move Traumatologia i sóc coordinador de l&#8217;Hospital de Vielha. També desenvolupo la mevaLlegir&hellip;
