{"id":3697,"date":"2022-08-27T06:09:54","date_gmt":"2022-08-27T04:09:54","guid":{"rendered":"https:\/\/mitrestorres.com\/doctors-mi\/doctors\/dr-jordi-vega-2\/"},"modified":"2026-04-22T10:49:08","modified_gmt":"2026-04-22T08:49:08","slug":"dr-jordi-vega","status":"publish","type":"doctor","link":"https:\/\/mitrestorres.com\/ca\/metges-mi\/metges\/dr-jordi-vega\/","title":{"rendered":"Dr. Jordi Vega"},"content":{"rendered":"<p>S\u00f3c pioner en el desenvolupament de l&#8217;artrosc\u00f2pia del turmell. He creat nombroses t\u00e8cniques amb \u00e0mplia difusi\u00f3 mundial per al tractament de les seq\u00fceles de l&#8217;esquin\u00e7 de turmell, de la inestabilitat del turmell, o dels problemes de l&#8217;Aquil\u00b7les i altres tendons de la zona del turmell.<\/p>\n<p>Amb m\u00e9s de 100 publicacions internacionals i nacionals, he participat en nombrosos congressos de tot el m\u00f3n com a ponent i instructor i he rebut premis nacionals i internacionals per alguns dels meus estudis.<\/p>\n<p>S\u00f3c llicenciat en Medicina i Cirurgia per la Universitat de Barcelona amb una especialitat en Cirurgia Ortop\u00e8dica i Traumatologia. Alhora, he obtingut la subespecialitzaci\u00f3 en Cirurgia Artrosc\u00f2pica despr\u00e9s de realitzar la diplomatura interuniversit\u00e0ria del sistema de formaci\u00f3 franc\u00e8s a trav\u00e9s de la Universitat de Nancy (Fran\u00e7a). Tamb\u00e9 vaig ser metge visitant del Departament de Medicina Esportiva i Artrosc\u00f2pia de la Maig Clinic (Rochester, USA) i del Southern Calif\u00f2rnia Orthopedic Institute (Los Angeles, USA).<\/p>\n<p>S\u00f3c professor associat de la Universitat de Barcelona. A nivell cient\u00edfic, s\u00f3c president del Comit\u00e8 de Recerca de la Societat Europea de Peu i Turmell (EFAS), vicepresident del Grup de Recerca i Estudi en Cirurgia Mini-Invasiva del Peu i del Turmell (GRECMIP). A m\u00e9s, s\u00f3c professor formador de cirurgians a l&#8217;\u00e0mbit de l&#8217;artrosc\u00f2pia de turmell tant a nivell europeu com dels Estats Units.<\/p>\n","protected":false},"featured_media":13333,"template":"","specialty":[401],"grupo":[572],"class_list":["post-3697","doctor","type-doctor","status-publish","has-post-thumbnail","hentry","specialty-cirurgia-ortopedica-i-traumatologia","clinic-clinicas-mi-ca","clinic-clinica-tres-torres-ca","clinic-clinica-tres-torres","grupo-move-trauma"],"acf":{"subespecialitat":"<p>Unitat de Peu i Turmell<\/p>\n","topdoctors":"","horari":"","consultes":"<p>Via Augusta 281, 1\u00aa Planta<br \/>\n08017 Barcelona<br \/>\ntel. 932 606 203<br \/>\ntel. 603 635 669<\/p>\n","equipo_medico":"","pedir_cita":[{"clinic":"Barcelona","cita_email":"","date":"https:\/\/app.tuotempo.com\/mop\/index.php?dbName=tt_qsoft_trestorres_prod&resourceid=sc16010442f2f2f3"}],"pedir_cita_tfn":[{"clinic":"Barcelona","telefono":"932 606 203"},{"clinic":"","telefono":""}],"mutuas":"false","linkedin":"","web_personal":"","ocultar_especialidad_oficial":false,"tipo":"false"},"uagb_featured_image_src":{"full":["https:\/\/mitrestorres.com\/wp-content\/uploads\/sites\/2\/2026\/01\/dr-jordi-vega.png",692,672,false],"thumbnail":["https:\/\/mitrestorres.com\/wp-content\/uploads\/sites\/2\/2026\/01\/dr-jordi-vega-150x150.png",150,150,true],"medium":["https:\/\/mitrestorres.com\/wp-content\/uploads\/sites\/2\/2026\/01\/dr-jordi-vega-300x291.png",300,291,true],"medium_large":["https:\/\/mitrestorres.com\/wp-content\/uploads\/sites\/2\/2026\/01\/dr-jordi-vega.png",640,622,false],"large":["https:\/\/mitrestorres.com\/wp-content\/uploads\/sites\/2\/2026\/01\/dr-jordi-vega.png",640,622,false],"1536x1536":["https:\/\/mitrestorres.com\/wp-content\/uploads\/sites\/2\/2026\/01\/dr-jordi-vega.png",692,672,false],"2048x2048":["https:\/\/mitrestorres.com\/wp-content\/uploads\/sites\/2\/2026\/01\/dr-jordi-vega.png",692,672,false]},"uagb_author_info":{"display_name":"@clinicasmi","author_link":"https:\/\/mitrestorres.com\/ca\/author\/"},"uagb_comment_info":0,"uagb_excerpt":"S\u00f3c pioner en el desenvolupament de l&#8217;artrosc\u00f2pia del turmell. He creat nombroses t\u00e8cniques amb \u00e0mplia difusi\u00f3 mundial per al tractament de les seq\u00fceles de l&#8217;esquin\u00e7 de turmell, de la inestabilitat del turmell, o dels problemes de l&#8217;Aquil\u00b7les i altres tendons de la zona del turmell. Amb m\u00e9s de 100 publicacions internacionals i nacionals, he participatLlegir&hellip;","_links":{"self":[{"href":"https:\/\/mitrestorres.com\/ca\/wp-json\/wp\/v2\/doctor\/3697","targetHints":{"allow":["GET"]}}],"collection":[{"href":"https:\/\/mitrestorres.com\/ca\/wp-json\/wp\/v2\/doctor"}],"about":[{"href":"https:\/\/mitrestorres.com\/ca\/wp-json\/wp\/v2\/types\/doctor"}],"wp:featuredmedia":[{"embeddable":true,"href":"https:\/\/mitrestorres.com\/ca\/wp-json\/wp\/v2\/media\/13333"}],"wp:attachment":[{"href":"https:\/\/mitrestorres.com\/ca\/wp-json\/wp\/v2\/media?parent=3697"}],"wp:term":[{"taxonomy":"specialty","embeddable":true,"href":"https:\/\/mitrestorres.com\/ca\/wp-json\/wp\/v2\/specialty?post=3697"},{"taxonomy":"grupo","embeddable":true,"href":"https:\/\/mitrestorres.com\/ca\/wp-json\/wp\/v2\/grupo?post=3697"}],"curies":[{"name":"wp","href":"https:\/\/api.w.org\/{rel}","templated":true}]}}

<p>Sóc pioner en el desenvolupament de l&#8217;artroscòpia del turmell. He creat nombroses tècniques amb àmplia difusió mundial per al tractament de les seqüeles de l&#8217;esquinç de turmell, de la inestabilitat del turmell, o dels problemes de l&#8217;Aquil·les i altres tendons de la zona del turmell.</p>
<p>Amb més de 100 publicacions internacionals i nacionals, he participat en nombrosos congressos de tot el món com a ponent i instructor i he rebut premis nacionals i internacionals per alguns dels meus estudis.</p>
<p>Sóc llicenciat en Medicina i Cirurgia per la Universitat de Barcelona amb una especialitat en Cirurgia Ortopèdica i Traumatologia. Alhora, he obtingut la subespecialització en Cirurgia Artroscòpica després de realitzar la diplomatura interuniversitària del sistema de formació francès a través de la Universitat de Nancy (França). També vaig ser metge visitant del Departament de Medicina Esportiva i Artroscòpia de la Maig Clinic (Rochester, USA) i del Southern Califòrnia Orthopedic Institute (Los Angeles, USA).</p>
<p>Sóc professor associat de la Universitat de Barcelona. A nivell científic, sóc president del Comitè de Recerca de la Societat Europea de Peu i Turmell (EFAS), vicepresident del Grup de Recerca i Estudi en Cirurgia Mini-Invasiva del Peu i del Turmell (GRECMIP). A més, sóc professor formador de cirurgians a l&#8217;àmbit de l&#8217;artroscòpia de turmell tant a nivell europeu com dels Estats Units.</p>

<p>Via Augusta 281, 1ª Planta<br />
08017 Barcelona<br />
tel. 932 606 203<br />
tel. 603 635 669</p>

Sóc pioner en el desenvolupament de l&#8217;artroscòpia del turmell. He creat nombroses tècniques amb àmplia difusió mundial per al tractament de les seqüeles de l&#8217;esquinç de turmell, de la inestabilitat del turmell, o dels problemes de l&#8217;Aquil·les i altres tendons de la zona del turmell. Amb més de 100 publicacions internacionals i nacionals, he participatLlegir&hellip;
