{"id":3693,"date":"2022-08-24T06:13:02","date_gmt":"2022-08-24T04:13:02","guid":{"rendered":"https:\/\/mitrestorres.com\/doctors-mi\/doctors\/dr-joan-cabello-2\/"},"modified":"2026-04-22T10:58:18","modified_gmt":"2026-04-22T08:58:18","slug":"dr-joan-cabello","status":"publish","type":"doctor","link":"https:\/\/mitrestorres.com\/ca\/metges-mi\/metges\/dr-joan-cabello\/","title":{"rendered":"Dr. Joan Cabello"},"content":{"rendered":"<p>S\u00f3c especialista en Cirurgia Ortop\u00e8dica i Traumatologia des de fa m\u00e9s de 18 anys i tinc m\u00e9s de 10 anys d&#8217;experi\u00e8ncia en la patologia del maluc, prot\u00e8sic, s\u00e8ptic i de l&#8217;adult jove, aix\u00ed com en la traumatologia de la pelvis. Integro l&#8217;equip de la Unitat de Maluc de Move Traumatologia, a la Cl\u00ednica Mi Tres Torres, i m&#8217;ocupo a la mateixa \u00e0rea al servei de Cirurgia Ortop\u00e8dica i Traumatologia de l&#8217;Hospital Universitari Germans Trias i Pujol de Badalona.<\/p>\n<p>S\u00f3c doctor en Medicina per la Universitat Aut\u00f2noma de Barcelona i faig tasques com a docent en la formaci\u00f3 de metges residents i estudiants a l&#8217;Hospital Universitari Germans Trias i Pujol.<\/p>\n<p>Compte amb diverses publicacions en revistes i m\u00faltiples comunicacions orals i p\u00f2sters en congressos nacionals i internacionals. A m\u00e9s, s\u00f3c membre de la Societat Espanyola de Cirurgia Ortop\u00e8dica i Traumatologia.<\/p>\n","protected":false},"featured_media":14202,"template":"","specialty":[569,401],"grupo":[572],"class_list":["post-3693","doctor","type-doctor","status-publish","has-post-thumbnail","hentry","specialty-maluc","specialty-cirurgia-ortopedica-i-traumatologia","clinic-clinicas-mi-ca","clinic-clinica-tres-torres-ca","clinic-clinica-tres-torres","grupo-move-trauma"],"acf":{"subespecialitat":"<p>Unitat de Maluc<\/p>\n","topdoctors":"","horari":"","consultes":"<p>Via Augusta 281, 1\u00aa Planta<br \/>\n08017 Barcelona<br \/>\ntel. 932 606 203<br \/>\ntel. 603 635 669<\/p>\n","equipo_medico":"","pedir_cita":[{"clinic":"Barcelona","cita_email":"info@mitrestorres.com","date":"https:\/\/app.tuotempo.com\/mop\/index.php?dbName=tt_qsoft_trestorres_prod&amp;resourceid=sc160002f0f07647"}],"pedir_cita_tfn":[{"clinic":"Barcelona","telefono":"932 606 203"},{"clinic":"","telefono":""}],"mutuas":"true","linkedin":"","web_personal":"","ocultar_especialidad_oficial":false,"tipo":"false"},"uagb_featured_image_src":{"full":["https:\/\/mitrestorres.com\/wp-content\/uploads\/sites\/2\/2026\/04\/dr-joan-cabello.png",692,672,false],"thumbnail":["https:\/\/mitrestorres.com\/wp-content\/uploads\/sites\/2\/2026\/04\/dr-joan-cabello-150x150.png",150,150,true],"medium":["https:\/\/mitrestorres.com\/wp-content\/uploads\/sites\/2\/2026\/04\/dr-joan-cabello-300x291.png",300,291,true],"medium_large":["https:\/\/mitrestorres.com\/wp-content\/uploads\/sites\/2\/2026\/04\/dr-joan-cabello.png",640,622,false],"large":["https:\/\/mitrestorres.com\/wp-content\/uploads\/sites\/2\/2026\/04\/dr-joan-cabello.png",640,622,false],"1536x1536":["https:\/\/mitrestorres.com\/wp-content\/uploads\/sites\/2\/2026\/04\/dr-joan-cabello.png",692,672,false],"2048x2048":["https:\/\/mitrestorres.com\/wp-content\/uploads\/sites\/2\/2026\/04\/dr-joan-cabello.png",692,672,false]},"uagb_author_info":{"display_name":"@clinicasmi","author_link":"https:\/\/mitrestorres.com\/ca\/author\/"},"uagb_comment_info":0,"uagb_excerpt":"S\u00f3c especialista en Cirurgia Ortop\u00e8dica i Traumatologia des de fa m\u00e9s de 18 anys i tinc m\u00e9s de 10 anys d&#8217;experi\u00e8ncia en la patologia del maluc, prot\u00e8sic, s\u00e8ptic i de l&#8217;adult jove, aix\u00ed com en la traumatologia de la pelvis. Integro l&#8217;equip de la Unitat de Maluc de Move Traumatologia, a la Cl\u00ednica Mi TresLlegir&hellip;","_links":{"self":[{"href":"https:\/\/mitrestorres.com\/ca\/wp-json\/wp\/v2\/doctor\/3693","targetHints":{"allow":["GET"]}}],"collection":[{"href":"https:\/\/mitrestorres.com\/ca\/wp-json\/wp\/v2\/doctor"}],"about":[{"href":"https:\/\/mitrestorres.com\/ca\/wp-json\/wp\/v2\/types\/doctor"}],"wp:featuredmedia":[{"embeddable":true,"href":"https:\/\/mitrestorres.com\/ca\/wp-json\/wp\/v2\/media\/14202"}],"wp:attachment":[{"href":"https:\/\/mitrestorres.com\/ca\/wp-json\/wp\/v2\/media?parent=3693"}],"wp:term":[{"taxonomy":"specialty","embeddable":true,"href":"https:\/\/mitrestorres.com\/ca\/wp-json\/wp\/v2\/specialty?post=3693"},{"taxonomy":"grupo","embeddable":true,"href":"https:\/\/mitrestorres.com\/ca\/wp-json\/wp\/v2\/grupo?post=3693"}],"curies":[{"name":"wp","href":"https:\/\/api.w.org\/{rel}","templated":true}]}}

<p>Sóc especialista en Cirurgia Ortopèdica i Traumatologia des de fa més de 18 anys i tinc més de 10 anys d&#8217;experiència en la patologia del maluc, protèsic, sèptic i de l&#8217;adult jove, així com en la traumatologia de la pelvis. Integro l&#8217;equip de la Unitat de Maluc de Move Traumatologia, a la Clínica Mi Tres Torres, i m&#8217;ocupo a la mateixa àrea al servei de Cirurgia Ortopèdica i Traumatologia de l&#8217;Hospital Universitari Germans Trias i Pujol de Badalona.</p>
<p>Sóc doctor en Medicina per la Universitat Autònoma de Barcelona i faig tasques com a docent en la formació de metges residents i estudiants a l&#8217;Hospital Universitari Germans Trias i Pujol.</p>
<p>Compte amb diverses publicacions en revistes i múltiples comunicacions orals i pòsters en congressos nacionals i internacionals. A més, sóc membre de la Societat Espanyola de Cirurgia Ortopèdica i Traumatologia.</p>

<p>Via Augusta 281, 1ª Planta<br />
08017 Barcelona<br />
tel. 932 606 203<br />
tel. 603 635 669</p>

Sóc especialista en Cirurgia Ortopèdica i Traumatologia des de fa més de 18 anys i tinc més de 10 anys d&#8217;experiència en la patologia del maluc, protèsic, sèptic i de l&#8217;adult jove, així com en la traumatologia de la pelvis. Integro l&#8217;equip de la Unitat de Maluc de Move Traumatologia, a la Clínica Mi TresLlegir&hellip;
