{"id":3646,"date":"2022-08-10T08:45:34","date_gmt":"2022-08-10T06:45:34","guid":{"rendered":"https:\/\/mitrestorres.com\/doctors-mi\/doctors\/dra-marta-pazos-2\/"},"modified":"2026-04-09T16:57:23","modified_gmt":"2026-04-09T14:57:23","slug":"dra-marta-pazos","status":"publish","type":"doctor","link":"https:\/\/mitrestorres.com\/ca\/metges-mi\/metges\/dra-marta-pazos\/","title":{"rendered":"Dra. Marta Pazos"},"content":{"rendered":"<p>S\u00f3c especialista s\u00e8nior de l\u00b4Institut d\u00b4Oftalmologia de l\u00b4Hospital Cl\u00ednic de Barcelona. S\u00f3c secret\u00e0ria de la Societat Catalana d\u2019Oftalmologia i membre del comit\u00e8 executiu de la European Glaucoma Society. Les meves \u00e0rees d&#8217;inter\u00e8s s\u00f3n el diagn\u00f2stic i el tractament m\u00e8dic i quir\u00fargic del glaucoma. Faig formaci\u00f3 de residents a la rotaci\u00f3 de glaucoma a l&#8217;Institut d&#8217;Oftalmologia de l&#8217;Hospital Cl\u00ednic de Barcelona. S\u00f3c Col\u00b7laboradora docent del Grau de Medicina, Universitat de Barcelona.<\/p>\n<p>S\u00f3c responsable de la formaci\u00f3 en glaucoma del Clinical Eye Training Centre (CETC) de l&#8217;Hospital Cl\u00ednic de Barcelona. S\u00f3c membre de l&#8217;European Glaucoma Society, de l&#8217;American Glaucoma Society i de la Societat Espanyola de Glaucoma.<\/p>\n<p>He escrit 24 publicacions en revistes internacionals, 4 cap\u00edtols de llibre, i he participat com a coautora a la darrera edici\u00f3 de les Guies de l&#8217;European Glaucoma Society.<\/p>\n","protected":false},"featured_media":14163,"template":"","specialty":[301],"grupo":[],"class_list":["post-3646","doctor","type-doctor","status-publish","has-post-thumbnail","hentry","specialty-oftalmologia-ca","clinic-clinicas-mi-ca"],"acf":{"subespecialitat":"<p>Glaucoma<\/p>\n","topdoctors":"","horari":"","consultes":"<p>Via Augusta 281, Planta 2<\/p>\n<p>08017 Barcelona<\/p>\n<p>tel. 93 260 63 00<\/p>\n","equipo_medico":"","pedir_cita":[{"clinic":"Barcelona","cita_email":"","date":"https:\/\/app.tuotempo.com\/mop\/index.php?dbName=tt_qsoft_trestorres_prod&amp;resourceid=sc16242dd7533700"},{"clinic":"Barcelona","cita_email":"info@mitrestorres.com","date":""}],"pedir_cita_tfn":[{"clinic":"Barcelona","telefono":"932 04 13 00"},{"clinic":"","telefono":""}],"mutuas":"true","linkedin":"","web_personal":"","ocultar_especialidad_oficial":false},"uagb_featured_image_src":{"full":["https:\/\/mitrestorres.com\/wp-content\/uploads\/sites\/2\/2026\/04\/dra-marta-pazos-1.png",692,672,false],"thumbnail":["https:\/\/mitrestorres.com\/wp-content\/uploads\/sites\/2\/2026\/04\/dra-marta-pazos-1-150x150.png",150,150,true],"medium":["https:\/\/mitrestorres.com\/wp-content\/uploads\/sites\/2\/2026\/04\/dra-marta-pazos-1-300x291.png",300,291,true],"medium_large":["https:\/\/mitrestorres.com\/wp-content\/uploads\/sites\/2\/2026\/04\/dra-marta-pazos-1.png",640,622,false],"large":["https:\/\/mitrestorres.com\/wp-content\/uploads\/sites\/2\/2026\/04\/dra-marta-pazos-1.png",640,622,false],"1536x1536":["https:\/\/mitrestorres.com\/wp-content\/uploads\/sites\/2\/2026\/04\/dra-marta-pazos-1.png",692,672,false],"2048x2048":["https:\/\/mitrestorres.com\/wp-content\/uploads\/sites\/2\/2026\/04\/dra-marta-pazos-1.png",692,672,false]},"uagb_author_info":{"display_name":"@clinicasmi","author_link":"https:\/\/mitrestorres.com\/ca\/author\/"},"uagb_comment_info":0,"uagb_excerpt":"S\u00f3c especialista s\u00e8nior de l\u00b4Institut d\u00b4Oftalmologia de l\u00b4Hospital Cl\u00ednic de Barcelona. S\u00f3c secret\u00e0ria de la Societat Catalana d\u2019Oftalmologia i membre del comit\u00e8 executiu de la European Glaucoma Society. Les meves \u00e0rees d&#8217;inter\u00e8s s\u00f3n el diagn\u00f2stic i el tractament m\u00e8dic i quir\u00fargic del glaucoma. Faig formaci\u00f3 de residents a la rotaci\u00f3 de glaucoma a l&#8217;Institut d&#8217;OftalmologiaLlegir&hellip;","_links":{"self":[{"href":"https:\/\/mitrestorres.com\/ca\/wp-json\/wp\/v2\/doctor\/3646","targetHints":{"allow":["GET"]}}],"collection":[{"href":"https:\/\/mitrestorres.com\/ca\/wp-json\/wp\/v2\/doctor"}],"about":[{"href":"https:\/\/mitrestorres.com\/ca\/wp-json\/wp\/v2\/types\/doctor"}],"wp:featuredmedia":[{"embeddable":true,"href":"https:\/\/mitrestorres.com\/ca\/wp-json\/wp\/v2\/media\/14163"}],"wp:attachment":[{"href":"https:\/\/mitrestorres.com\/ca\/wp-json\/wp\/v2\/media?parent=3646"}],"wp:term":[{"taxonomy":"specialty","embeddable":true,"href":"https:\/\/mitrestorres.com\/ca\/wp-json\/wp\/v2\/specialty?post=3646"},{"taxonomy":"grupo","embeddable":true,"href":"https:\/\/mitrestorres.com\/ca\/wp-json\/wp\/v2\/grupo?post=3646"}],"curies":[{"name":"wp","href":"https:\/\/api.w.org\/{rel}","templated":true}]}}

<p>Sóc especialista sènior de l´Institut d´Oftalmologia de l´Hospital Clínic de Barcelona. Sóc secretària de la Societat Catalana d’Oftalmologia i membre del comitè executiu de la European Glaucoma Society. Les meves àrees d&#8217;interès són el diagnòstic i el tractament mèdic i quirúrgic del glaucoma. Faig formació de residents a la rotació de glaucoma a l&#8217;Institut d&#8217;Oftalmologia de l&#8217;Hospital Clínic de Barcelona. Sóc Col·laboradora docent del Grau de Medicina, Universitat de Barcelona.</p>
<p>Sóc responsable de la formació en glaucoma del Clinical Eye Training Centre (CETC) de l&#8217;Hospital Clínic de Barcelona. Sóc membre de l&#8217;European Glaucoma Society, de l&#8217;American Glaucoma Society i de la Societat Espanyola de Glaucoma.</p>
<p>He escrit 24 publicacions en revistes internacionals, 4 capítols de llibre, i he participat com a coautora a la darrera edició de les Guies de l&#8217;European Glaucoma Society.</p>

Sóc especialista sènior de l´Institut d´Oftalmologia de l´Hospital Clínic de Barcelona. Sóc secretària de la Societat Catalana d’Oftalmologia i membre del comitè executiu de la European Glaucoma Society. Les meves àrees d&#8217;interès són el diagnòstic i el tractament mèdic i quirúrgic del glaucoma. Faig formació de residents a la rotació de glaucoma a l&#8217;Institut d&#8217;OftalmologiaLlegir&hellip;
