{"id":3642,"date":"2022-08-10T08:48:49","date_gmt":"2022-08-10T06:48:49","guid":{"rendered":"https:\/\/mitrestorres.com\/doctors-mi\/doctors\/dr-nestor-ventura-2\/"},"modified":"2026-04-09T15:14:37","modified_gmt":"2026-04-09T13:14:37","slug":"dr-nestor-ventura","status":"publish","type":"doctor","link":"https:\/\/mitrestorres.com\/ca\/metges-mi\/metges\/dr-nestor-ventura\/","title":{"rendered":"Dr. N\u00e9stor Ventura"},"content":{"rendered":"<p>Formo part del departament de Glaucoma de l&#8217;equip Cl\u00ednica Mi Tres Torres Barcelona liderat pel Prof. Ad\u00e1n. Treballo com a especialista en Oftalmologia de l&#8217;Institut d&#8217;Oftalmologia de l&#8217;Hospital Cl\u00ednic de Barcelona.<\/p>\n<p>Les meves \u00e0rees d&#8217;inter\u00e8s s\u00f3n el Glaucoma i l&#8217;Oftalmologia General. S\u00f3c col\u00b7laborador docent del Grau de Medicina de la Universitat de Barcelona, \u200b\u200bi del Curs Intensiu MIR Asturias.<\/p>\n<p>S\u00f3c membre de la Societat Espanyola d&#8217;Oftalmologia, Societat Espanyola de Glaucoma i l&#8217;European Glaucoma Society. S\u00f3c Col\u00b7laborador en l\u00ednies de recerca de diagn\u00f2stic per imatge del Dept. de Glaucoma de l&#8217;Hospital Cl\u00ednic de Barcelona.<\/p>\n<p>S\u00f3c col\u00b7laborador del projecte FIS: Estudi de factors cl\u00ednics i biomarcadors en humor aqu\u00f3s associats al glaucoma secundari a uve\u00eftis (PI19\/00407) i de la Unitat d&#8217;Assaigs Cl\u00ednics ICOF.<\/p>\n","protected":false},"featured_media":14115,"template":"","specialty":[301,433],"grupo":[],"class_list":["post-3642","doctor","type-doctor","status-publish","has-post-thumbnail","hentry","specialty-oftalmologia-ca","specialty-oftalmologia","clinic-clinicas-mi","clinic-clinicas-mi-ca"],"acf":{"subespecialitat":"<p>Glaucoma<\/p>\n","topdoctors":"","horari":"","consultes":"<p>V\u00eda Augusta 281, Planta 2\u00aa<br \/>\n08017 Barcelona<br \/>\ntel. 93 260 63 00<\/p>\n","equipo_medico":"","pedir_cita":[{"clinic":"Barcelona","cita_email":"info@mitrestorres.com","date":"https:\/\/app.tuotempo.com\/mop\/index.php?dbName=tt_qsoft_trestorres_prod&amp;resourceid=sc162435daa10b6d#search\/query\/resourceid%3Dsc162435daa10b6d%26resourceName%3DGlaucoma%7BPERCENT%7D3A%7BPERCENT%7D20Nestor%7BPERCENT%7D20Ventura%7BPERCENT%7D20Abreu%26combinedEntity%3Dresources"}],"pedir_cita_tfn":[{"clinic":"Barcelona","telefono":"932 04 13 00"},{"clinic":"","telefono":""}],"mutuas":"true","linkedin":"","web_personal":""},"uagb_featured_image_src":{"full":["https:\/\/mitrestorres.com\/wp-content\/uploads\/sites\/2\/2026\/04\/dr-nestor-ventura-1.png",692,672,false],"thumbnail":["https:\/\/mitrestorres.com\/wp-content\/uploads\/sites\/2\/2026\/04\/dr-nestor-ventura-1-150x150.png",150,150,true],"medium":["https:\/\/mitrestorres.com\/wp-content\/uploads\/sites\/2\/2026\/04\/dr-nestor-ventura-1-300x291.png",300,291,true],"medium_large":["https:\/\/mitrestorres.com\/wp-content\/uploads\/sites\/2\/2026\/04\/dr-nestor-ventura-1.png",640,622,false],"large":["https:\/\/mitrestorres.com\/wp-content\/uploads\/sites\/2\/2026\/04\/dr-nestor-ventura-1.png",640,622,false],"1536x1536":["https:\/\/mitrestorres.com\/wp-content\/uploads\/sites\/2\/2026\/04\/dr-nestor-ventura-1.png",692,672,false],"2048x2048":["https:\/\/mitrestorres.com\/wp-content\/uploads\/sites\/2\/2026\/04\/dr-nestor-ventura-1.png",692,672,false]},"uagb_author_info":{"display_name":"@clinicasmi","author_link":"https:\/\/mitrestorres.com\/ca\/author\/"},"uagb_comment_info":0,"uagb_excerpt":"Formo part del departament de Glaucoma de l&#8217;equip Cl\u00ednica Mi Tres Torres Barcelona liderat pel Prof. Ad\u00e1n. Treballo com a especialista en Oftalmologia de l&#8217;Institut d&#8217;Oftalmologia de l&#8217;Hospital Cl\u00ednic de Barcelona. Les meves \u00e0rees d&#8217;inter\u00e8s s\u00f3n el Glaucoma i l&#8217;Oftalmologia General. S\u00f3c col\u00b7laborador docent del Grau de Medicina de la Universitat de Barcelona, \u200b\u200bi delLlegir&hellip;","_links":{"self":[{"href":"https:\/\/mitrestorres.com\/ca\/wp-json\/wp\/v2\/doctor\/3642","targetHints":{"allow":["GET"]}}],"collection":[{"href":"https:\/\/mitrestorres.com\/ca\/wp-json\/wp\/v2\/doctor"}],"about":[{"href":"https:\/\/mitrestorres.com\/ca\/wp-json\/wp\/v2\/types\/doctor"}],"wp:featuredmedia":[{"embeddable":true,"href":"https:\/\/mitrestorres.com\/ca\/wp-json\/wp\/v2\/media\/14115"}],"wp:attachment":[{"href":"https:\/\/mitrestorres.com\/ca\/wp-json\/wp\/v2\/media?parent=3642"}],"wp:term":[{"taxonomy":"specialty","embeddable":true,"href":"https:\/\/mitrestorres.com\/ca\/wp-json\/wp\/v2\/specialty?post=3642"},{"taxonomy":"grupo","embeddable":true,"href":"https:\/\/mitrestorres.com\/ca\/wp-json\/wp\/v2\/grupo?post=3642"}],"curies":[{"name":"wp","href":"https:\/\/api.w.org\/{rel}","templated":true}]}}

Dr. Néstor Ventura

<p>Formo part del departament de Glaucoma de l&#8217;equip Clínica Mi Tres Torres Barcelona liderat pel Prof. Adán. Treballo com a especialista en Oftalmologia de l&#8217;Institut d&#8217;Oftalmologia de l&#8217;Hospital Clínic de Barcelona.</p>
<p>Les meves àrees d&#8217;interès són el Glaucoma i l&#8217;Oftalmologia General. Sóc col·laborador docent del Grau de Medicina de la Universitat de Barcelona, ​​i del Curs Intensiu MIR Asturias.</p>
<p>Sóc membre de la Societat Espanyola d&#8217;Oftalmologia, Societat Espanyola de Glaucoma i l&#8217;European Glaucoma Society. Sóc Col·laborador en línies de recerca de diagnòstic per imatge del Dept. de Glaucoma de l&#8217;Hospital Clínic de Barcelona.</p>
<p>Sóc col·laborador del projecte FIS: Estudi de factors clínics i biomarcadors en humor aquós associats al glaucoma secundari a uveïtis (PI19/00407) i de la Unitat d&#8217;Assaigs Clínics ICOF.</p>

<p>Vía Augusta 281, Planta 2ª<br />
08017 Barcelona<br />
tel. 93 260 63 00</p>

Formo part del departament de Glaucoma de l&#8217;equip Clínica Mi Tres Torres Barcelona liderat pel Prof. Adán. Treballo com a especialista en Oftalmologia de l&#8217;Institut d&#8217;Oftalmologia de l&#8217;Hospital Clínic de Barcelona. Les meves àrees d&#8217;interès són el Glaucoma i l&#8217;Oftalmologia General. Sóc col·laborador docent del Grau de Medicina de la Universitat de Barcelona, ​​i delLlegir&hellip;
