{"id":3637,"date":"2022-08-15T08:51:55","date_gmt":"2022-08-15T06:51:55","guid":{"rendered":"https:\/\/mitrestorres.com\/doctors-mi\/doctors\/dr-santiago-viteri-2\/"},"modified":"2025-02-14T12:39:21","modified_gmt":"2025-02-14T11:39:21","slug":"dr-santiago-viteri","status":"publish","type":"doctor","link":"https:\/\/mitrestorres.com\/ca\/metges-mi\/metges\/dr-santiago-viteri\/","title":{"rendered":"Dr. Santiago Viteri Ram\u00edrez"},"content":{"rendered":"<p>S\u00f3c llicenciat Medicina i Cirurgia per la Universidad de Navarra i especialista en oncologia m\u00e8dica, via MIR, per la Cl\u00ednica Universidad de Navarra. En aquesta \u00e8poca vaig aprendre a cercar constantment noves opcions i tractaments per als pacients i un estil d&#8217;acompanyament emp\u00e0tic i c\u00e0lid.<\/p>\n<p>El meu primer lloc com a especialista en oncologia va ser a l&#8217;Hospital Mateu Orfila de Menorca, on durant un any, vaig atendre a pacients amb tota mena de tumors i amb certa limitaci\u00f3 de recursos que em va obligar a treure el m\u00e0xim partit del que tenia disponible. En aquesta \u00e8poca vaig aprendre que una de les tasques m\u00e9s importants de l&#8217;onc\u00f2leg \u00e9s explicar de manera entenedora i propera als pacients el diagn\u00f2stic i pron\u00f2stic de la seva malaltia.<\/p>\n<p>El \u00faltims tretze anys he treballat en l\u2019Institut Oncol\u00f2gic Dr. Rosell on m&#8217;he especialitzat en biologia molecular del c\u00e0ncer, medicina personalitzada, tumors tor\u00e0cics i recerca cl\u00ednica. Vaig comen\u00e7ar com adjunt per\u00f2 progressivament vaig anar adquirint responsabilitats de gesti\u00f3 de l&#8217;equip m\u00e8dic i vaig arribar a ser director cl\u00ednic liderant un equip de 14 onc\u00f2legs que atenia pacients en quatre hospitals de l&#8217;\u00e0rea de Barcelona.<\/p>\n<p>En l\u2019actualitat, s\u00f3c el Director M\u00e8dic de UOMI Cancer Center de Cl\u00edniques Mi (Mi Tres Torres de Barcelona i Mi NovAlian\u00e7a de Lleida).<\/p>\n<p>Pel que fa a la meva activitat docent, he format a especialistes de Llatinoam\u00e8rica i Europa i he estat conferenciant en reunions i congressos nacionals i internacionals.<\/p>\n<p>S\u00f3c membre de les seg\u00fcents societats m\u00e8diques:<\/p>\n<p>GECP (Grupo Espa\u00f1ol de C\u00e1ncer de Pulm\u00f3n)<br \/>\nSEOM (Sociedad Espa\u00f1ola de Oncolog\u00eda M\u00e9dica)<br \/>\nASCO (American Society of Clinical Oncology)<br \/>\nESMO (European Society of Medical Oncology)<br \/>\nIASLC (International Association of Lung Cancer)<\/p>\n","protected":false},"featured_media":11613,"template":"","specialty":[393,434],"grupo":[],"class_list":["post-3637","doctor","type-doctor","status-publish","has-post-thumbnail","hentry","specialty-oncologia-ca","specialty-oncologia","clinic-clinicas-mi-ca","clinic-clinica-mi-novalianca","clinic-clinica-tres-torres"],"acf":{"subespecialitat":"","topdoctors":"","horari":"","consultes":"<p>Dr. Roux 76, 5\u00aa planta<br \/>\n08017 Barcelona<br \/>\ntel. 93 204 13 00<\/p>\n","equipo_medico":"","pedir_cita":[{"clinic":"Barcelona","cita_email":"","date":"https:\/\/app.tuotempo.com\/mop\/index.php?dbName=tt_qsoft_trestorres_prod&resourceid=sc162014d260f886"},{"clinic":"Lleida","cita_email":"","date":"https:\/\/app.tuotempo.com\/mop\/index.php?dbName=tt_genomicustom_minovalianca_prod&resourceName=VITERI%20RAMIREZ%20SANTIAGO"}],"pedir_cita_tfn":[{"clinic":"Barcelona","telefono":"932 04 13 00"},{"clinic":"Lleida","telefono":"973 247 181"}],"linkedin":"","web_personal":""},"uagb_featured_image_src":{"full":["https:\/\/mitrestorres.com\/wp-content\/uploads\/sites\/2\/2024\/07\/dr-santiago-viteri.png",692,672,false],"thumbnail":["https:\/\/mitrestorres.com\/wp-content\/uploads\/sites\/2\/2024\/07\/dr-santiago-viteri-150x150.png",150,150,true],"medium":["https:\/\/mitrestorres.com\/wp-content\/uploads\/sites\/2\/2024\/07\/dr-santiago-viteri-300x291.png",300,291,true],"medium_large":["https:\/\/mitrestorres.com\/wp-content\/uploads\/sites\/2\/2024\/07\/dr-santiago-viteri.png",640,622,false],"large":["https:\/\/mitrestorres.com\/wp-content\/uploads\/sites\/2\/2024\/07\/dr-santiago-viteri.png",640,622,false],"1536x1536":["https:\/\/mitrestorres.com\/wp-content\/uploads\/sites\/2\/2024\/07\/dr-santiago-viteri.png",692,672,false],"2048x2048":["https:\/\/mitrestorres.com\/wp-content\/uploads\/sites\/2\/2024\/07\/dr-santiago-viteri.png",692,672,false]},"uagb_author_info":{"display_name":"@clinicasmi","author_link":"https:\/\/mitrestorres.com\/ca\/author\/"},"uagb_comment_info":0,"uagb_excerpt":"S\u00f3c llicenciat Medicina i Cirurgia per la Universidad de Navarra i especialista en oncologia m\u00e8dica, via MIR, per la Cl\u00ednica Universidad de Navarra. En aquesta \u00e8poca vaig aprendre a cercar constantment noves opcions i tractaments per als pacients i un estil d&#8217;acompanyament emp\u00e0tic i c\u00e0lid. El meu primer lloc com a especialista en oncologia vaLlegir&hellip;","_links":{"self":[{"href":"https:\/\/mitrestorres.com\/ca\/wp-json\/wp\/v2\/doctor\/3637","targetHints":{"allow":["GET"]}}],"collection":[{"href":"https:\/\/mitrestorres.com\/ca\/wp-json\/wp\/v2\/doctor"}],"about":[{"href":"https:\/\/mitrestorres.com\/ca\/wp-json\/wp\/v2\/types\/doctor"}],"wp:featuredmedia":[{"embeddable":true,"href":"https:\/\/mitrestorres.com\/ca\/wp-json\/wp\/v2\/media\/11613"}],"wp:attachment":[{"href":"https:\/\/mitrestorres.com\/ca\/wp-json\/wp\/v2\/media?parent=3637"}],"wp:term":[{"taxonomy":"specialty","embeddable":true,"href":"https:\/\/mitrestorres.com\/ca\/wp-json\/wp\/v2\/specialty?post=3637"},{"taxonomy":"grupo","embeddable":true,"href":"https:\/\/mitrestorres.com\/ca\/wp-json\/wp\/v2\/grupo?post=3637"}],"curies":[{"name":"wp","href":"https:\/\/api.w.org\/{rel}","templated":true}]}}

Dr. Santiago Viteri Ramírez

<p>Sóc llicenciat Medicina i Cirurgia per la Universidad de Navarra i especialista en oncologia mèdica, via MIR, per la Clínica Universidad de Navarra. En aquesta època vaig aprendre a cercar constantment noves opcions i tractaments per als pacients i un estil d&#8217;acompanyament empàtic i càlid.</p>
<p>El meu primer lloc com a especialista en oncologia va ser a l&#8217;Hospital Mateu Orfila de Menorca, on durant un any, vaig atendre a pacients amb tota mena de tumors i amb certa limitació de recursos que em va obligar a treure el màxim partit del que tenia disponible. En aquesta època vaig aprendre que una de les tasques més importants de l&#8217;oncòleg és explicar de manera entenedora i propera als pacients el diagnòstic i pronòstic de la seva malaltia.</p>
<p>El últims tretze anys he treballat en l’Institut Oncològic Dr. Rosell on m&#8217;he especialitzat en biologia molecular del càncer, medicina personalitzada, tumors toràcics i recerca clínica. Vaig començar com adjunt però progressivament vaig anar adquirint responsabilitats de gestió de l&#8217;equip mèdic i vaig arribar a ser director clínic liderant un equip de 14 oncòlegs que atenia pacients en quatre hospitals de l&#8217;àrea de Barcelona.</p>
<p>En l’actualitat, sóc el Director Mèdic de UOMI Cancer Center de Clíniques Mi (Mi Tres Torres de Barcelona i Mi NovAliança de Lleida).</p>
<p>Pel que fa a la meva activitat docent, he format a especialistes de Llatinoamèrica i Europa i he estat conferenciant en reunions i congressos nacionals i internacionals.</p>
<p>Sóc membre de les següents societats mèdiques:</p>
<p>GECP (Grupo Español de Cáncer de Pulmón)<br />
SEOM (Sociedad Española de Oncología Médica)<br />
ASCO (American Society of Clinical Oncology)<br />
ESMO (European Society of Medical Oncology)<br />
IASLC (International Association of Lung Cancer)</p>

<p>Dr. Roux 76, 5ª planta<br />
08017 Barcelona<br />
tel. 93 204 13 00</p>

Sóc llicenciat Medicina i Cirurgia per la Universidad de Navarra i especialista en oncologia mèdica, via MIR, per la Clínica Universidad de Navarra. En aquesta època vaig aprendre a cercar constantment noves opcions i tractaments per als pacients i un estil d&#8217;acompanyament empàtic i càlid. El meu primer lloc com a especialista en oncologia vaLlegir&hellip;
