{"id":3631,"date":"2022-08-09T08:55:07","date_gmt":"2022-08-09T06:55:07","guid":{"rendered":"https:\/\/mitrestorres.com\/doctors-mi\/doctors\/dr-jose-maria-del-campo-2\/"},"modified":"2026-04-09T15:27:52","modified_gmt":"2026-04-09T13:27:52","slug":"dr-jose-maria-del-campo","status":"publish","type":"doctor","link":"https:\/\/mitrestorres.com\/ca\/metges-mi\/metges\/dr-jose-maria-del-campo\/","title":{"rendered":"Dr. Jos\u00e9 Mar\u00eda Del Campo"},"content":{"rendered":"<p>El Dr. Jos\u00e9 Mar\u00eda del Campo \u00e9s llicenciat en Medicina i Cirurgia per la Facultat de Medicina, de la Universitat Central de Barcelona (1975), obtenint el seu doctorat el mateix any. Va completar la seva formaci\u00f3 en l&#8217;especialitat d&#8217;Oncologia M\u00e8dica a l&#8217;Hospital Universitari del Vall Hebron. El 1975 es va incorporar al departament de Medicina de l&#8217;Hospital de l&#8217;Aire de San Javier, i des del 1977 fins al 1979 va treballar com a metge onc\u00f2leg a l&#8217;Hospital Universitari Vall Hebr\u00f3n de Barcelona. L&#8217;any 2007 es va incorporar al Departament d&#8217;Oncologia de Vall d&#8217;Hebron com a Director del Programa Assistencial i de Recerca de la unitat de Tumors Ginecol\u00f2gics i de Cap i Coll.<\/p>\n<p>El Dr. Del Campo \u00e9s vicepresident del Comit\u00e8 Executiu del Grup Espanyol de Recerca en C\u00e0ncer d&#8217;Ovari (GEICO) i membre de la Societat Espanyola de Tumors de Cap i Coll (CTT), aix\u00ed com membre del GCIG, de la Societat Catalana d&#8217;Oncologia, de la Societat Espanyola d&#8217;Oncologia i d&#8217;ENG Trials).<\/p>\n<p>\u00c9s representant del Grup Espanyol d&#8217;Investigaci\u00f3 en C\u00e0ncer d&#8217;Ovari (GEIC) al subgrup de C\u00e0ncer d&#8217;Endometri, i del Grup Espanyol d&#8217;Investigaci\u00f3 en C\u00e0ncer d&#8217;Ovari (GEIC).<\/p>\n<p>Els seus interessos de recerca s\u00f3n l&#8217;oncologia cl\u00ednica i la trobada de nous medicaments per al tractament de tumors ginecol\u00f2gics i de cap i coll. Tamb\u00e9 coordina els assaigs cl\u00ednics multic\u00e8ntrics nacionals dels nous medicaments en el tractament ginecol\u00f2gic i de cap i coll.<\/p>\n<p>A m\u00e9s, el Dr. Del Campo \u00e9s membre de la Societat Americana d&#8217;Oncologia Cl\u00ednica (ASCO), membre de la Societat Europea d&#8217;Oncologia M\u00e8dica (ESMO) i membre de l&#8217;Associaci\u00f3 Espanyola d&#8217;Oncologia M\u00e8dica (SEOM).<\/p>\n","protected":false},"featured_media":14124,"template":"","specialty":[393],"grupo":[],"class_list":["post-3631","doctor","type-doctor","status-publish","has-post-thumbnail","hentry","specialty-oncologia-ca","clinic-clinicas-mi-ca","clinic-clinica-tres-torres-ca","clinic-clinica-tres-torres"],"acf":{"subespecialitat":"","linkedin":"","topdoctors":"","web_personal":"","horari":"","consultes":"<p>Dr. Carulla 12, Planta 2\u00aa<br \/>\n08017 Barcelona<br \/>\ntel. 93 260 62 11<\/p>\n","equipo_medico":"","pedir_cita":[{"clinic":"Barcelona","cita_email":"","date":"https:\/\/app.tuotempo.com\/mop\/index.php?dbName=tt_qsoft_trestorres_prod&amp;resourceid=sc160002f0fd2dce"}],"pedir_cita_tfn":[{"clinic":"Barcelona","telefono":"932 04 13 00"},{"clinic":"","telefono":""}],"mutuas":"true"},"uagb_featured_image_src":{"full":["https:\/\/mitrestorres.com\/wp-content\/uploads\/sites\/2\/2026\/04\/dr-del-campo.png",692,672,false],"thumbnail":["https:\/\/mitrestorres.com\/wp-content\/uploads\/sites\/2\/2026\/04\/dr-del-campo-150x150.png",150,150,true],"medium":["https:\/\/mitrestorres.com\/wp-content\/uploads\/sites\/2\/2026\/04\/dr-del-campo-300x291.png",300,291,true],"medium_large":["https:\/\/mitrestorres.com\/wp-content\/uploads\/sites\/2\/2026\/04\/dr-del-campo.png",640,622,false],"large":["https:\/\/mitrestorres.com\/wp-content\/uploads\/sites\/2\/2026\/04\/dr-del-campo.png",640,622,false],"1536x1536":["https:\/\/mitrestorres.com\/wp-content\/uploads\/sites\/2\/2026\/04\/dr-del-campo.png",692,672,false],"2048x2048":["https:\/\/mitrestorres.com\/wp-content\/uploads\/sites\/2\/2026\/04\/dr-del-campo.png",692,672,false]},"uagb_author_info":{"display_name":"@clinicasmi","author_link":"https:\/\/mitrestorres.com\/ca\/author\/"},"uagb_comment_info":0,"uagb_excerpt":"El Dr. Jos\u00e9 Mar\u00eda del Campo \u00e9s llicenciat en Medicina i Cirurgia per la Facultat de Medicina, de la Universitat Central de Barcelona (1975), obtenint el seu doctorat el mateix any. Va completar la seva formaci\u00f3 en l&#8217;especialitat d&#8217;Oncologia M\u00e8dica a l&#8217;Hospital Universitari del Vall Hebron. El 1975 es va incorporar al departament de MedicinaLlegir&hellip;","_links":{"self":[{"href":"https:\/\/mitrestorres.com\/ca\/wp-json\/wp\/v2\/doctor\/3631","targetHints":{"allow":["GET"]}}],"collection":[{"href":"https:\/\/mitrestorres.com\/ca\/wp-json\/wp\/v2\/doctor"}],"about":[{"href":"https:\/\/mitrestorres.com\/ca\/wp-json\/wp\/v2\/types\/doctor"}],"wp:featuredmedia":[{"embeddable":true,"href":"https:\/\/mitrestorres.com\/ca\/wp-json\/wp\/v2\/media\/14124"}],"wp:attachment":[{"href":"https:\/\/mitrestorres.com\/ca\/wp-json\/wp\/v2\/media?parent=3631"}],"wp:term":[{"taxonomy":"specialty","embeddable":true,"href":"https:\/\/mitrestorres.com\/ca\/wp-json\/wp\/v2\/specialty?post=3631"},{"taxonomy":"grupo","embeddable":true,"href":"https:\/\/mitrestorres.com\/ca\/wp-json\/wp\/v2\/grupo?post=3631"}],"curies":[{"name":"wp","href":"https:\/\/api.w.org\/{rel}","templated":true}]}}

Dr. José María Del Campo

<p>El Dr. José María del Campo és llicenciat en Medicina i Cirurgia per la Facultat de Medicina, de la Universitat Central de Barcelona (1975), obtenint el seu doctorat el mateix any. Va completar la seva formació en l&#8217;especialitat d&#8217;Oncologia Mèdica a l&#8217;Hospital Universitari del Vall Hebron. El 1975 es va incorporar al departament de Medicina de l&#8217;Hospital de l&#8217;Aire de San Javier, i des del 1977 fins al 1979 va treballar com a metge oncòleg a l&#8217;Hospital Universitari Vall Hebrón de Barcelona. L&#8217;any 2007 es va incorporar al Departament d&#8217;Oncologia de Vall d&#8217;Hebron com a Director del Programa Assistencial i de Recerca de la unitat de Tumors Ginecològics i de Cap i Coll.</p>
<p>El Dr. Del Campo és vicepresident del Comitè Executiu del Grup Espanyol de Recerca en Càncer d&#8217;Ovari (GEICO) i membre de la Societat Espanyola de Tumors de Cap i Coll (CTT), així com membre del GCIG, de la Societat Catalana d&#8217;Oncologia, de la Societat Espanyola d&#8217;Oncologia i d&#8217;ENG Trials).</p>
<p>És representant del Grup Espanyol d&#8217;Investigació en Càncer d&#8217;Ovari (GEIC) al subgrup de Càncer d&#8217;Endometri, i del Grup Espanyol d&#8217;Investigació en Càncer d&#8217;Ovari (GEIC).</p>
<p>Els seus interessos de recerca són l&#8217;oncologia clínica i la trobada de nous medicaments per al tractament de tumors ginecològics i de cap i coll. També coordina els assaigs clínics multicèntrics nacionals dels nous medicaments en el tractament ginecològic i de cap i coll.</p>
<p>A més, el Dr. Del Campo és membre de la Societat Americana d&#8217;Oncologia Clínica (ASCO), membre de la Societat Europea d&#8217;Oncologia Mèdica (ESMO) i membre de l&#8217;Associació Espanyola d&#8217;Oncologia Mèdica (SEOM).</p>

<p>Dr. Carulla 12, Planta 2ª<br />
08017 Barcelona<br />
tel. 93 260 62 11</p>

El Dr. José María del Campo és llicenciat en Medicina i Cirurgia per la Facultat de Medicina, de la Universitat Central de Barcelona (1975), obtenint el seu doctorat el mateix any. Va completar la seva formació en l&#8217;especialitat d&#8217;Oncologia Mèdica a l&#8217;Hospital Universitari del Vall Hebron. El 1975 es va incorporar al departament de MedicinaLlegir&hellip;
