{"id":3630,"date":"2022-08-10T08:55:57","date_gmt":"2022-08-10T06:55:57","guid":{"rendered":"https:\/\/mitrestorres.com\/doctors-mi\/doctors\/dr-alfredo-rigau-2\/"},"modified":"2026-04-16T14:10:59","modified_gmt":"2026-04-16T12:10:59","slug":"dr-alfredo-rigau","status":"publish","type":"doctor","link":"https:\/\/mitrestorres.com\/ca\/metges-mi\/metges\/dr-alfredo-rigau\/","title":{"rendered":"Dr. Alfredo Rigau"},"content":{"rendered":"<p>S\u00f3c llicenciat en Medicina i Cirurgia per la Universitat Aut\u00f2noma de Barcelona i especialista en Otorinolaringologia i cirurgia de cap i coll.<\/p>\n<p>Amb trenta anys d&#8217;experi\u00e8ncia, vaig treballar 15 anys a l&#8217;Institut otol\u00f2gica Garc\u00eda-Ib\u00e1\u00f1ez, tamb\u00e9 com a professor de cursos de dissecci\u00f3. M&#8217;he superespecialitzat en cirurgia otol\u00f2gica i rinol\u00f2gica.<\/p>\n","protected":false},"featured_media":14184,"template":"","specialty":[394],"grupo":[],"class_list":["post-3630","doctor","type-doctor","status-publish","has-post-thumbnail","hentry","specialty-otorinolaringologia","clinic-clinicas-mi-ca","clinic-clinica-tres-torres-ca"],"acf":{"subespecialitat":"","topdoctors":"","horari":"","consultes":"<p>Via Augusta 281- 285, 4\u00aa Planta<\/p>\n<p>08017 Barcelona<\/p>\n<p>info@fonomed.cat<br \/>\ntel. 93 320 87 75<\/p>\n","equipo_medico":"","pedir_cita":[{"clinic":"Barcelona","cita_email":"info@mitrestorres.com","date":""}],"linkedin":"","web_personal":"","pedir_cita_tfn":[{"clinic":"Barcelona","telefono":"932 04 13 00"},{"clinic":"","telefono":""}],"mutuas":"true"},"uagb_featured_image_src":{"full":["https:\/\/mitrestorres.com\/wp-content\/uploads\/sites\/2\/2026\/04\/dr-alfred-rigau.png",692,672,false],"thumbnail":["https:\/\/mitrestorres.com\/wp-content\/uploads\/sites\/2\/2026\/04\/dr-alfred-rigau-150x150.png",150,150,true],"medium":["https:\/\/mitrestorres.com\/wp-content\/uploads\/sites\/2\/2026\/04\/dr-alfred-rigau-300x291.png",300,291,true],"medium_large":["https:\/\/mitrestorres.com\/wp-content\/uploads\/sites\/2\/2026\/04\/dr-alfred-rigau.png",640,622,false],"large":["https:\/\/mitrestorres.com\/wp-content\/uploads\/sites\/2\/2026\/04\/dr-alfred-rigau.png",640,622,false],"1536x1536":["https:\/\/mitrestorres.com\/wp-content\/uploads\/sites\/2\/2026\/04\/dr-alfred-rigau.png",692,672,false],"2048x2048":["https:\/\/mitrestorres.com\/wp-content\/uploads\/sites\/2\/2026\/04\/dr-alfred-rigau.png",692,672,false]},"uagb_author_info":{"display_name":"@clinicasmi","author_link":"https:\/\/mitrestorres.com\/ca\/author\/"},"uagb_comment_info":0,"uagb_excerpt":"S\u00f3c llicenciat en Medicina i Cirurgia per la Universitat Aut\u00f2noma de Barcelona i especialista en Otorinolaringologia i cirurgia de cap i coll. Amb trenta anys d&#8217;experi\u00e8ncia, vaig treballar 15 anys a l&#8217;Institut otol\u00f2gica Garc\u00eda-Ib\u00e1\u00f1ez, tamb\u00e9 com a professor de cursos de dissecci\u00f3. M&#8217;he superespecialitzat en cirurgia otol\u00f2gica i rinol\u00f2gica.","_links":{"self":[{"href":"https:\/\/mitrestorres.com\/ca\/wp-json\/wp\/v2\/doctor\/3630","targetHints":{"allow":["GET"]}}],"collection":[{"href":"https:\/\/mitrestorres.com\/ca\/wp-json\/wp\/v2\/doctor"}],"about":[{"href":"https:\/\/mitrestorres.com\/ca\/wp-json\/wp\/v2\/types\/doctor"}],"wp:featuredmedia":[{"embeddable":true,"href":"https:\/\/mitrestorres.com\/ca\/wp-json\/wp\/v2\/media\/14184"}],"wp:attachment":[{"href":"https:\/\/mitrestorres.com\/ca\/wp-json\/wp\/v2\/media?parent=3630"}],"wp:term":[{"taxonomy":"specialty","embeddable":true,"href":"https:\/\/mitrestorres.com\/ca\/wp-json\/wp\/v2\/specialty?post=3630"},{"taxonomy":"grupo","embeddable":true,"href":"https:\/\/mitrestorres.com\/ca\/wp-json\/wp\/v2\/grupo?post=3630"}],"curies":[{"name":"wp","href":"https:\/\/api.w.org\/{rel}","templated":true}]}}

<p>Sóc llicenciat en Medicina i Cirurgia per la Universitat Autònoma de Barcelona i especialista en Otorinolaringologia i cirurgia de cap i coll.</p>
<p>Amb trenta anys d&#8217;experiència, vaig treballar 15 anys a l&#8217;Institut otològica García-Ibáñez, també com a professor de cursos de dissecció. M&#8217;he superespecialitzat en cirurgia otològica i rinològica.</p>

<p>Via Augusta 281- 285, 4ª Planta</p>
<p>08017 Barcelona</p>
<p>info@fonomed.cat<br />
tel. 93 320 87 75</p>

Sóc llicenciat en Medicina i Cirurgia per la Universitat Autònoma de Barcelona i especialista en Otorinolaringologia i cirurgia de cap i coll. Amb trenta anys d&#8217;experiència, vaig treballar 15 anys a l&#8217;Institut otològica García-Ibáñez, també com a professor de cursos de dissecció. M&#8217;he superespecialitzat en cirurgia otològica i rinològica.
