{"id":3628,"date":"2022-08-10T08:57:10","date_gmt":"2022-08-10T06:57:10","guid":{"rendered":"https:\/\/mitrestorres.com\/doctors-mi\/doctors\/dra-paula-cruz-2\/"},"modified":"2026-04-16T13:34:51","modified_gmt":"2026-04-16T11:34:51","slug":"dra-paula-cruz","status":"publish","type":"doctor","link":"https:\/\/mitrestorres.com\/ca\/metges-mi\/metges\/dra-paula-cruz\/","title":{"rendered":"Dra. Paula Cruz"},"content":{"rendered":"<p>S\u00f3c metge especialista en Otorinolaringologia, format en un Hospital de tercer nivell, on actualment exerceixo des de fa 17 anys i mantinc una formaci\u00f3 continuada, lligada a m\u00e9s a la formaci\u00f3 de metges residents com a tutor.<\/p>\n<p>Aposto per una medicina multidisciplin\u00e0ria, exercida en un \u00e0mbit hospitalari, on regeix el treball en equip i la col\u00b7laboraci\u00f3 amb altres especialitats m\u00e8diques. El meu objectiu \u00e9s oferir una atenci\u00f3 plural, que inclou diferents esferes, tant la professional com la personal. Exercir amb la m\u00e0xima rigorositat i amb un tracte personalitzat, el m\u00e9s emp\u00e0tic i hum\u00e0 possible.<\/p>\n<p>Assumeixo les diferents disciplines de l&#8217;especialitat, en adults i nens, atenent, aix\u00ed doncs, les patologies benignes i malignes a nivell del coll, laringe, faringe, nas, pits paranasals i o\u00efda.<\/p>\n<p>S\u00f3c especialista en Otorinolaringologia i Patologia cervico-facial amb formaci\u00f3 a l&#8217;hospital de tercer nivell. Tinc una formaci\u00f3 continuada amb \u00e0mplia experi\u00e8ncia en investigaci\u00f3 i publicacions nacionals i internacionals.<\/p>\n<p>Com a especialista tinc \u00e0mplia experi\u00e8ncia en otorinolaringologia general en adults i nens assumint les diferents patologies otol\u00f2giques, lar\u00edngies i formaci\u00f3 especialitzada en malalties del nas i sins paranasals.<\/p>\n","protected":false},"featured_media":14167,"template":"","specialty":[394,435],"grupo":[],"class_list":{"0":"post-3628","1":"doctor","2":"type-doctor","3":"status-publish","4":"has-post-thumbnail","5":"hentry","6":"specialty-otorinolaringologia","7":"specialty-otorrinolaringologia","8":"clinic-clinicas-mi-ca","9":"clinic-clinica-tres-torres","11":"clinic-clinica-tres-torres-ca"},"acf":{"subespecialitat":"","topdoctors":"","horari":"","consultes":"<p>Dr. Carulla 12, 2\u00aa planta<\/p>\n<p>08017 Barcelona<br \/>\ntel. 93 260 62 11<\/p>\n","equipo_medico":"","pedir_cita":[{"clinic":"Barcelona","cita_email":"info@mitrestorres.com","date":"https:\/\/app.tuotempo.com\/mop\/index.php?dbName=tt_qsoft_trestorres_prod&resourceid=sc160002f133beab"}],"pedir_cita_tfn":[{"clinic":"Barcelona","telefono":"932 04 13 00"},{"clinic":"","telefono":""}],"mutuas":"true","linkedin":"","web_personal":""},"uagb_featured_image_src":{"full":["https:\/\/mitrestorres.com\/wp-content\/uploads\/sites\/2\/2026\/04\/dra-paula-cruz.png",692,672,false],"thumbnail":["https:\/\/mitrestorres.com\/wp-content\/uploads\/sites\/2\/2026\/04\/dra-paula-cruz-150x150.png",150,150,true],"medium":["https:\/\/mitrestorres.com\/wp-content\/uploads\/sites\/2\/2026\/04\/dra-paula-cruz-300x291.png",300,291,true],"medium_large":["https:\/\/mitrestorres.com\/wp-content\/uploads\/sites\/2\/2026\/04\/dra-paula-cruz.png",640,622,false],"large":["https:\/\/mitrestorres.com\/wp-content\/uploads\/sites\/2\/2026\/04\/dra-paula-cruz.png",640,622,false],"1536x1536":["https:\/\/mitrestorres.com\/wp-content\/uploads\/sites\/2\/2026\/04\/dra-paula-cruz.png",692,672,false],"2048x2048":["https:\/\/mitrestorres.com\/wp-content\/uploads\/sites\/2\/2026\/04\/dra-paula-cruz.png",692,672,false]},"uagb_author_info":{"display_name":"@clinicasmi","author_link":"https:\/\/mitrestorres.com\/ca\/author\/"},"uagb_comment_info":0,"uagb_excerpt":"S\u00f3c metge especialista en Otorinolaringologia, format en un Hospital de tercer nivell, on actualment exerceixo des de fa 17 anys i mantinc una formaci\u00f3 continuada, lligada a m\u00e9s a la formaci\u00f3 de metges residents com a tutor. Aposto per una medicina multidisciplin\u00e0ria, exercida en un \u00e0mbit hospitalari, on regeix el treball en equip i laLlegir&hellip;","_links":{"self":[{"href":"https:\/\/mitrestorres.com\/ca\/wp-json\/wp\/v2\/doctor\/3628","targetHints":{"allow":["GET"]}}],"collection":[{"href":"https:\/\/mitrestorres.com\/ca\/wp-json\/wp\/v2\/doctor"}],"about":[{"href":"https:\/\/mitrestorres.com\/ca\/wp-json\/wp\/v2\/types\/doctor"}],"wp:featuredmedia":[{"embeddable":true,"href":"https:\/\/mitrestorres.com\/ca\/wp-json\/wp\/v2\/media\/14167"}],"wp:attachment":[{"href":"https:\/\/mitrestorres.com\/ca\/wp-json\/wp\/v2\/media?parent=3628"}],"wp:term":[{"taxonomy":"specialty","embeddable":true,"href":"https:\/\/mitrestorres.com\/ca\/wp-json\/wp\/v2\/specialty?post=3628"},{"taxonomy":"grupo","embeddable":true,"href":"https:\/\/mitrestorres.com\/ca\/wp-json\/wp\/v2\/grupo?post=3628"}],"curies":[{"name":"wp","href":"https:\/\/api.w.org\/{rel}","templated":true}]}}

<p>Sóc metge especialista en Otorinolaringologia, format en un Hospital de tercer nivell, on actualment exerceixo des de fa 17 anys i mantinc una formació continuada, lligada a més a la formació de metges residents com a tutor.</p>
<p>Aposto per una medicina multidisciplinària, exercida en un àmbit hospitalari, on regeix el treball en equip i la col·laboració amb altres especialitats mèdiques. El meu objectiu és oferir una atenció plural, que inclou diferents esferes, tant la professional com la personal. Exercir amb la màxima rigorositat i amb un tracte personalitzat, el més empàtic i humà possible.</p>
<p>Assumeixo les diferents disciplines de l&#8217;especialitat, en adults i nens, atenent, així doncs, les patologies benignes i malignes a nivell del coll, laringe, faringe, nas, pits paranasals i oïda.</p>
<p>Sóc especialista en Otorinolaringologia i Patologia cervico-facial amb formació a l&#8217;hospital de tercer nivell. Tinc una formació continuada amb àmplia experiència en investigació i publicacions nacionals i internacionals.</p>
<p>Com a especialista tinc àmplia experiència en otorinolaringologia general en adults i nens assumint les diferents patologies otològiques, laríngies i formació especialitzada en malalties del nas i sins paranasals.</p>

<p>Dr. Carulla 12, 2ª planta</p>
<p>08017 Barcelona<br />
tel. 93 260 62 11</p>

Sóc metge especialista en Otorinolaringologia, format en un Hospital de tercer nivell, on actualment exerceixo des de fa 17 anys i mantinc una formació continuada, lligada a més a la formació de metges residents com a tutor. Aposto per una medicina multidisciplinària, exercida en un àmbit hospitalari, on regeix el treball en equip i laLlegir&hellip;
