{"id":13914,"date":"2026-03-26T12:58:51","date_gmt":"2026-03-26T11:58:51","guid":{"rendered":"https:\/\/mitrestorres.com\/doctors-mi\/doctors\/dra-romina-nicastro\/"},"modified":"2026-03-26T13:04:35","modified_gmt":"2026-03-26T12:04:35","slug":"dra-romina-nicastro","status":"publish","type":"doctor","link":"https:\/\/mitrestorres.com\/ca\/metges-mi\/metges\/dra-romina-nicastro\/","title":{"rendered":"Dra. Romina Nicastro"},"content":{"rendered":"<p>S\u00f3c metgessa especialista en Medicina Intensiva, amb formaci\u00f3 en Gesti\u00f3 Sanit\u00e0ria i Medicina Familiar. He treballat com a coordinadora d&#8217;UCI i en la cura integral del pacient cr\u00edtic i cr\u00f2nic, tant a nivell hospitalari com a internaci\u00f3 domicili\u00e0ria, sempre dins d&#8217;equips multidisciplinaris.<\/p>\n<p>Vaig ser Titular Responsable de la filial Terra del Foc de la Societat Argentina de Medicina Intensiva (SATI) i secret\u00e0ria acad\u00e8mica del seu Comit\u00e8 de Via A\u00e8ria.<\/p>\n<p>El meu comprom\u00eds \u00e9s brindar una atenci\u00f3 actualitzada, humana i segura, acompanyant el pacient i la seva fam\u00edlia i promovent el treball en equip per aconseguir el benefici m\u00e9s gran per a la comunitat.<\/p>\n","protected":false},"featured_media":13913,"template":"","specialty":[388],"grupo":[],"class_list":["post-13914","doctor","type-doctor","status-publish","has-post-thumbnail","hentry","specialty-medicina-interna-i-familiar","clinic-clinicas-mi-ca"],"acf":{"mutuas":"true","pedir_cita":[{"clinic":"Barcelona","cita_email":"","date":"https:\/\/app.tuotempo.com\/mop\/index.php?dbName=tt_qsoft_trestorres_prod&amp;resourceid=sc169c262727998c#search\/query\/resourceid%3Dsc169c262727998c%26resourceName%3DRomina%7BPERCENT%7D20Vanesa%7BPERCENT%7D20Nicastro%26combinedEntity%3Dresources"}],"pedir_cita_tfn":[{"clinic":"Barcelona","telefono":"932 04 13 00"}],"linkedin":"","web_personal":"","subespecialitat":"","equipo_medico":"","topdoctors":"","horari":"","consultes":"<p>Via Augusta 281 Planta 2<\/p>\n<p>08017 Barcelona<\/p>\n<p>tel. 932 04 13 00<\/p>\n"},"uagb_featured_image_src":{"full":["https:\/\/mitrestorres.com\/wp-content\/uploads\/sites\/2\/2026\/03\/ROMINA-NICASTRO.jpeg",692,672,false],"thumbnail":["https:\/\/mitrestorres.com\/wp-content\/uploads\/sites\/2\/2026\/03\/ROMINA-NICASTRO-150x150.jpeg",150,150,true],"medium":["https:\/\/mitrestorres.com\/wp-content\/uploads\/sites\/2\/2026\/03\/ROMINA-NICASTRO-300x291.jpeg",300,291,true],"medium_large":["https:\/\/mitrestorres.com\/wp-content\/uploads\/sites\/2\/2026\/03\/ROMINA-NICASTRO.jpeg",640,622,false],"large":["https:\/\/mitrestorres.com\/wp-content\/uploads\/sites\/2\/2026\/03\/ROMINA-NICASTRO.jpeg",640,622,false],"1536x1536":["https:\/\/mitrestorres.com\/wp-content\/uploads\/sites\/2\/2026\/03\/ROMINA-NICASTRO.jpeg",692,672,false],"2048x2048":["https:\/\/mitrestorres.com\/wp-content\/uploads\/sites\/2\/2026\/03\/ROMINA-NICASTRO.jpeg",692,672,false]},"uagb_author_info":{"display_name":"comunicacion","author_link":"https:\/\/mitrestorres.com\/ca\/author\/"},"uagb_comment_info":0,"uagb_excerpt":"S\u00f3c metgessa especialista en Medicina Intensiva, amb formaci\u00f3 en Gesti\u00f3 Sanit\u00e0ria i Medicina Familiar. He treballat com a coordinadora d&#8217;UCI i en la cura integral del pacient cr\u00edtic i cr\u00f2nic, tant a nivell hospitalari com a internaci\u00f3 domicili\u00e0ria, sempre dins d&#8217;equips multidisciplinaris. Vaig ser Titular Responsable de la filial Terra del Foc de la SocietatLlegir&hellip;","_links":{"self":[{"href":"https:\/\/mitrestorres.com\/ca\/wp-json\/wp\/v2\/doctor\/13914","targetHints":{"allow":["GET"]}}],"collection":[{"href":"https:\/\/mitrestorres.com\/ca\/wp-json\/wp\/v2\/doctor"}],"about":[{"href":"https:\/\/mitrestorres.com\/ca\/wp-json\/wp\/v2\/types\/doctor"}],"wp:featuredmedia":[{"embeddable":true,"href":"https:\/\/mitrestorres.com\/ca\/wp-json\/wp\/v2\/media\/13913"}],"wp:attachment":[{"href":"https:\/\/mitrestorres.com\/ca\/wp-json\/wp\/v2\/media?parent=13914"}],"wp:term":[{"taxonomy":"specialty","embeddable":true,"href":"https:\/\/mitrestorres.com\/ca\/wp-json\/wp\/v2\/specialty?post=13914"},{"taxonomy":"grupo","embeddable":true,"href":"https:\/\/mitrestorres.com\/ca\/wp-json\/wp\/v2\/grupo?post=13914"}],"curies":[{"name":"wp","href":"https:\/\/api.w.org\/{rel}","templated":true}]}}

<p>Sóc metgessa especialista en Medicina Intensiva, amb formació en Gestió Sanitària i Medicina Familiar. He treballat com a coordinadora d&#8217;UCI i en la cura integral del pacient crític i crònic, tant a nivell hospitalari com a internació domiciliària, sempre dins d&#8217;equips multidisciplinaris.</p>
<p>Vaig ser Titular Responsable de la filial Terra del Foc de la Societat Argentina de Medicina Intensiva (SATI) i secretària acadèmica del seu Comitè de Via Aèria.</p>
<p>El meu compromís és brindar una atenció actualitzada, humana i segura, acompanyant el pacient i la seva família i promovent el treball en equip per aconseguir el benefici més gran per a la comunitat.</p>

Sóc metgessa especialista en Medicina Intensiva, amb formació en Gestió Sanitària i Medicina Familiar. He treballat com a coordinadora d&#8217;UCI i en la cura integral del pacient crític i crònic, tant a nivell hospitalari com a internació domiciliària, sempre dins d&#8217;equips multidisciplinaris. Vaig ser Titular Responsable de la filial Terra del Foc de la SocietatLlegir&hellip;
