{"id":13683,"date":"2026-03-10T12:58:24","date_gmt":"2026-03-10T11:58:24","guid":{"rendered":"https:\/\/mitrestorres.com\/doctors-mi\/doctors\/dra-carlota-gonzalez-lluch\/"},"modified":"2026-03-10T13:12:47","modified_gmt":"2026-03-10T12:12:47","slug":"dra-carlota-gonzalez-lluch","status":"publish","type":"doctor","link":"https:\/\/mitrestorres.com\/ca\/metges-mi\/metges\/dra-carlota-gonzalez-lluch\/","title":{"rendered":"Dra. Carlota Gonz\u00e1lez Lluch"},"content":{"rendered":"<p>Llicenciada en Medicina a la Universitat Aut\u00f2noma de Barcelona. Formaci\u00f3 via MIR en Otorinolaringologia i Cirurgia Cervicofacial a l&#8217;Hospital Universitari Germans Trias i Pujol. Ha completat la seva formaci\u00f3 amb estades formatives a l&#8217;estranger a l&#8217;Spedalli Civili de Brescia ia l&#8217;Institute Gustave Roussy de Par\u00eds.<br \/>\nEspecialista en otorinolaringologia pedi\u00e0trica i d&#8217;adults, actualment facultativa a l&#8217;Hospital Germans Trias i Pujol. Col\u00b7labora amb la doc\u00e8ncia MIR i universit\u00e0ria i participa activament en l\u00ednies de recerca i publicacions cient\u00edfiques.<\/p>\n","protected":false},"featured_media":13684,"template":"","specialty":[394],"grupo":[],"class_list":["post-13683","doctor","type-doctor","status-publish","has-post-thumbnail","hentry","specialty-otorinolaringologia","clinic-clinicas-mi-ca","clinic-clinica-tres-torres-ca"],"acf":{"subespecialitat":"","equipo_medico":"","linkedin":"","topdoctors":"","web_personal":"","horari":"","consultes":"<p>Dr. Carulla 12, Planta 2\u00aa<\/p>\n<p>08017 Barcelona<\/p>\n","pedir_cita":[{"clinic":"Barcelona","cita_email":"","date":"https:\/\/app.tuotempo.com\/mop\/index.php?dbName=tt_qsoft_trestorres_prod&resourceid=sc16983297396849"}],"pedir_cita_tfn":[{"clinic":"Barcelona","telefono":"932041300"}],"mutuas":"true"},"uagb_featured_image_src":{"full":false,"thumbnail":false,"medium":false,"medium_large":false,"large":false,"1536x1536":false,"2048x2048":false},"uagb_author_info":{"display_name":"paula","author_link":"https:\/\/mitrestorres.com\/ca\/author\/"},"uagb_comment_info":0,"uagb_excerpt":"Llicenciada en Medicina a la Universitat Aut\u00f2noma de Barcelona. Formaci\u00f3 via MIR en Otorinolaringologia i Cirurgia Cervicofacial a l&#8217;Hospital Universitari Germans Trias i Pujol. Ha completat la seva formaci\u00f3 amb estades formatives a l&#8217;estranger a l&#8217;Spedalli Civili de Brescia ia l&#8217;Institute Gustave Roussy de Par\u00eds. Especialista en otorinolaringologia pedi\u00e0trica i d&#8217;adults, actualment facultativa a l&#8217;HospitalLlegir&hellip;","_links":{"self":[{"href":"https:\/\/mitrestorres.com\/ca\/wp-json\/wp\/v2\/doctor\/13683","targetHints":{"allow":["GET"]}}],"collection":[{"href":"https:\/\/mitrestorres.com\/ca\/wp-json\/wp\/v2\/doctor"}],"about":[{"href":"https:\/\/mitrestorres.com\/ca\/wp-json\/wp\/v2\/types\/doctor"}],"wp:featuredmedia":[{"embeddable":true,"href":"https:\/\/mitrestorres.com\/ca\/wp-json\/"}],"wp:attachment":[{"href":"https:\/\/mitrestorres.com\/ca\/wp-json\/wp\/v2\/media?parent=13683"}],"wp:term":[{"taxonomy":"specialty","embeddable":true,"href":"https:\/\/mitrestorres.com\/ca\/wp-json\/wp\/v2\/specialty?post=13683"},{"taxonomy":"grupo","embeddable":true,"href":"https:\/\/mitrestorres.com\/ca\/wp-json\/wp\/v2\/grupo?post=13683"}],"curies":[{"name":"wp","href":"https:\/\/api.w.org\/{rel}","templated":true}]}}

Dra. Carlota González Lluch

<p>Llicenciada en Medicina a la Universitat Autònoma de Barcelona. Formació via MIR en Otorinolaringologia i Cirurgia Cervicofacial a l&#8217;Hospital Universitari Germans Trias i Pujol. Ha completat la seva formació amb estades formatives a l&#8217;estranger a l&#8217;Spedalli Civili de Brescia ia l&#8217;Institute Gustave Roussy de París.<br />
Especialista en otorinolaringologia pediàtrica i d&#8217;adults, actualment facultativa a l&#8217;Hospital Germans Trias i Pujol. Col·labora amb la docència MIR i universitària i participa activament en línies de recerca i publicacions científiques.</p>

<p>Dr. Carulla 12, Planta 2ª</p>
<p>08017 Barcelona</p>

Llicenciada en Medicina a la Universitat Autònoma de Barcelona. Formació via MIR en Otorinolaringologia i Cirurgia Cervicofacial a l&#8217;Hospital Universitari Germans Trias i Pujol. Ha completat la seva formació amb estades formatives a l&#8217;estranger a l&#8217;Spedalli Civili de Brescia ia l&#8217;Institute Gustave Roussy de París. Especialista en otorinolaringologia pediàtrica i d&#8217;adults, actualment facultativa a l&#8217;HospitalLlegir&hellip;
