{"id":13678,"date":"2026-03-10T12:47:46","date_gmt":"2026-03-10T11:47:46","guid":{"rendered":"https:\/\/mitrestorres.com\/doctors-mi\/doctors\/dra-paula-calvillo\/"},"modified":"2026-03-12T14:49:22","modified_gmt":"2026-03-12T13:49:22","slug":"dra-paula-calvillo","status":"publish","type":"doctor","link":"https:\/\/mitrestorres.com\/ca\/metges-mi\/metges\/dra-paula-calvillo\/","title":{"rendered":"Dra. Paula Calvillo"},"content":{"rendered":"<p>Llicenciada en Medicina i Cirurgia per la Universitat Aut\u00f2noma de Barcelona i especialista en Ginecologia i Obstetr\u00edcia despr\u00e9s de completar la seva formaci\u00f3 MIR a l&#8217;Hospital Universitari Dr. Josep Trueta de Girona.<\/p>\n<p>Compte amb \u00e0mplia experi\u00e8ncia en activitat obst\u00e8trica, urg\u00e8ncies i hospitalitzaci\u00f3, i forma part d&#8217;unitats especialitzades en histerosc\u00f2pia, patologia del tracte genital inferior i diagn\u00f2stic prenatal. Ha completat formaci\u00f3 avan\u00e7ada en ecografia obst\u00e8trica i ginecol\u00f2gica, endosc\u00f2pia ginecol\u00f2gica i reproducci\u00f3 humana, amb un m\u00e0ster en Reproducci\u00f3 Humana i Endocrinologia Ginecol\u00f2gica per la Universitat Pompeu Fabra.<\/p>\n","protected":false},"featured_media":13710,"template":"","specialty":[382,421],"grupo":[],"class_list":["post-13678","doctor","type-doctor","status-publish","has-post-thumbnail","hentry","specialty-ginecologia-i-obstetricia","specialty-ginecologia-y-obstetricia","clinic-clinicas-mi-ca","clinic-clinica-tres-torres-ca","clinic-clinica-tres-torres"],"acf":{"subespecialitat":"","equipo_medico":"","linkedin":"","topdoctors":"","web_personal":"","horari":"","consultes":"<p>Via Augusta 281, Planta 2\u00aa<\/p>\n<p>08017 Barcelona<\/p>\n","pedir_cita_tfn":[{"clinic":"Barcelona","telefono":"932041300"}],"mutuas":"true"},"uagb_featured_image_src":{"full":["https:\/\/mitrestorres.com\/wp-content\/uploads\/sites\/2\/2026\/03\/cav.jpg",692,672,false],"thumbnail":["https:\/\/mitrestorres.com\/wp-content\/uploads\/sites\/2\/2026\/03\/cav-150x150.jpg",150,150,true],"medium":["https:\/\/mitrestorres.com\/wp-content\/uploads\/sites\/2\/2026\/03\/cav-300x291.jpg",300,291,true],"medium_large":["https:\/\/mitrestorres.com\/wp-content\/uploads\/sites\/2\/2026\/03\/cav.jpg",640,622,false],"large":["https:\/\/mitrestorres.com\/wp-content\/uploads\/sites\/2\/2026\/03\/cav.jpg",640,622,false],"1536x1536":["https:\/\/mitrestorres.com\/wp-content\/uploads\/sites\/2\/2026\/03\/cav.jpg",692,672,false],"2048x2048":["https:\/\/mitrestorres.com\/wp-content\/uploads\/sites\/2\/2026\/03\/cav.jpg",692,672,false]},"uagb_author_info":{"display_name":"paula","author_link":"https:\/\/mitrestorres.com\/ca\/author\/"},"uagb_comment_info":0,"uagb_excerpt":"Llicenciada en Medicina i Cirurgia per la Universitat Aut\u00f2noma de Barcelona i especialista en Ginecologia i Obstetr\u00edcia despr\u00e9s de completar la seva formaci\u00f3 MIR a l&#8217;Hospital Universitari Dr. Josep Trueta de Girona. Compte amb \u00e0mplia experi\u00e8ncia en activitat obst\u00e8trica, urg\u00e8ncies i hospitalitzaci\u00f3, i forma part d&#8217;unitats especialitzades en histerosc\u00f2pia, patologia del tracte genital inferior iLlegir&hellip;","_links":{"self":[{"href":"https:\/\/mitrestorres.com\/ca\/wp-json\/wp\/v2\/doctor\/13678","targetHints":{"allow":["GET"]}}],"collection":[{"href":"https:\/\/mitrestorres.com\/ca\/wp-json\/wp\/v2\/doctor"}],"about":[{"href":"https:\/\/mitrestorres.com\/ca\/wp-json\/wp\/v2\/types\/doctor"}],"wp:featuredmedia":[{"embeddable":true,"href":"https:\/\/mitrestorres.com\/ca\/wp-json\/wp\/v2\/media\/13710"}],"wp:attachment":[{"href":"https:\/\/mitrestorres.com\/ca\/wp-json\/wp\/v2\/media?parent=13678"}],"wp:term":[{"taxonomy":"specialty","embeddable":true,"href":"https:\/\/mitrestorres.com\/ca\/wp-json\/wp\/v2\/specialty?post=13678"},{"taxonomy":"grupo","embeddable":true,"href":"https:\/\/mitrestorres.com\/ca\/wp-json\/wp\/v2\/grupo?post=13678"}],"curies":[{"name":"wp","href":"https:\/\/api.w.org\/{rel}","templated":true}]}}

<p>Llicenciada en Medicina i Cirurgia per la Universitat Autònoma de Barcelona i especialista en Ginecologia i Obstetrícia després de completar la seva formació MIR a l&#8217;Hospital Universitari Dr. Josep Trueta de Girona.</p>
<p>Compte amb àmplia experiència en activitat obstètrica, urgències i hospitalització, i forma part d&#8217;unitats especialitzades en histeroscòpia, patologia del tracte genital inferior i diagnòstic prenatal. Ha completat formació avançada en ecografia obstètrica i ginecològica, endoscòpia ginecològica i reproducció humana, amb un màster en Reproducció Humana i Endocrinologia Ginecològica per la Universitat Pompeu Fabra.</p>

<p>Via Augusta 281, Planta 2ª</p>
<p>08017 Barcelona</p>

Llicenciada en Medicina i Cirurgia per la Universitat Autònoma de Barcelona i especialista en Ginecologia i Obstetrícia després de completar la seva formació MIR a l&#8217;Hospital Universitari Dr. Josep Trueta de Girona. Compte amb àmplia experiència en activitat obstètrica, urgències i hospitalització, i forma part d&#8217;unitats especialitzades en histeroscòpia, patologia del tracte genital inferior iLlegir&hellip;
