{"id":13537,"date":"2026-03-03T11:24:19","date_gmt":"2026-03-03T10:24:19","guid":{"rendered":"https:\/\/mitrestorres.com\/doctors-mi\/doctors\/dra-eva-baguda\/"},"modified":"2026-03-03T11:26:59","modified_gmt":"2026-03-03T10:26:59","slug":"dra-eva-baguda","status":"publish","type":"doctor","link":"https:\/\/mitrestorres.com\/ca\/metges-mi\/metges\/dra-eva-baguda\/","title":{"rendered":"Dra. Eva Bagud\u00e0"},"content":{"rendered":"<div class=\"flex flex-col text-sm\">\n<article class=\"text-token-text-primary w-full focus:outline-none [--shadow-height:45px] has-data-writing-block:pointer-events-none has-data-writing-block:-mt-(--shadow-height) has-data-writing-block:pt-(--shadow-height) [&amp;:has([data-writing-block])&gt;*]:pointer-events-auto scroll-mt-[calc(var(--header-height)+min(200px,max(70px,20svh)))]\" dir=\"auto\" tabindex=\"-1\" data-turn-id=\"request-WEB:1c696375-5f6b-47b6-b044-5527b6ed9829-0\" data-testid=\"conversation-turn-2\" data-scroll-anchor=\"true\" data-turn=\"assistant\">\n<div class=\"text-base my-auto mx-auto pb-10 [--thread-content-margin:--spacing(4)] @w-sm\/main:[--thread-content-margin:--spacing(6)] @w-lg\/main:[--thread-content-margin:--spacing(16)] px-(--thread-content-margin)\">\n<div class=\"[--thread-content-max-width:40rem] @w-lg\/main:[--thread-content-max-width:48rem] mx-auto max-w-(--thread-content-max-width) flex-1 group\/turn-messages focus-visible:outline-hidden relative flex w-full min-w-0 flex-col agent-turn\" tabindex=\"-1\">\n<div class=\"flex max-w-full flex-col grow\">\n<div class=\"min-h-8 text-message relative flex w-full flex-col items-end gap-2 text-start break-words whitespace-normal [.text-message+&amp;]:mt-1\" dir=\"auto\" data-message-author-role=\"assistant\" data-message-id=\"21c36393-5e18-4dff-b88a-7017f9a58565\" data-message-model-slug=\"gpt-5-2\">\n<div class=\"flex w-full flex-col gap-1 empty:hidden first:pt-[1px]\">\n<div class=\"markdown prose dark:prose-invert w-full wrap-break-word light markdown-new-styling\">\n<p>Llicenciada en Medicina per la Universitat de Girona, va realitzar l&#8217;especialitat via MIR en Otorinolaringologia i Cirurgia Cervicofacial a l&#8217;Hospital Universitari de Bellvitge. \u00c9s Fellow of the European Board of Otorhinolaryngology, Head &amp; Neck Surgery.<\/p>\n<p>Especialista en otorinolaringologia pedi\u00e0trica i d&#8217;adults, amb especial dedicaci\u00f3 al maneig medicoquir\u00fargic de la patologia nasosinusal, cervical i l&#8217;oncologia de cap i coll. Actualment \u00e9s facultativa especialista a l&#8217;Hospital Universitari de Bellvitge, on forma part dels comit\u00e8s multidisciplinaris d&#8217;Oncologia de Cap i Coll i de Patologia de la Via A\u00e8ria Superior i col\u00b7labora en la doc\u00e8ncia MIR i universit\u00e0ria, a m\u00e9s de participar activament en recerca i publicacions cient\u00edfiques.<\/p>\n<p>Ha completat la seva formaci\u00f3 amb rotacions a l&#8217;Hospital Sant Joan de D\u00e9u Barcelona, \u200b\u200ba l&#8217;ICO Hospitalet i a la Unitat de Cap i Coll del Guy&#8217;s Hospital (Londres).<\/p>\n<p data-start=\"492\" data-end=\"1012\" data-is-last-node=\"\" data-is-only-node=\"\">\n<\/div>\n<\/div>\n<\/div>\n<\/div>\n<div class=\"z-0 flex min-h-[46px] justify-start\"><\/div>\n<div class=\"mt-3 w-full empty:hidden\">\n<div class=\"text-center\"><\/div>\n<\/div>\n<\/div>\n<\/div>\n<\/article>\n<\/div>\n<div class=\"pointer-events-none h-px w-px absolute bottom-0\" aria-hidden=\"true\" data-edge=\"true\"><\/div>\n","protected":false},"featured_media":13538,"template":"","specialty":[394],"grupo":[],"class_list":["post-13537","doctor","type-doctor","status-publish","has-post-thumbnail","hentry","specialty-otorinolaringologia","clinic-clinicas-mi-ca","clinic-clinica-tres-torres-ca"],"acf":{"subespecialitat":"","equipo_medico":"","linkedin":"","topdoctors":"","web_personal":"","horari":"","consultes":"<p>Dr. Carulla 12, planta 2\u00aa<\/p>\n<p>08017 Barcelona<\/p>\n","pedir_cita":[{"clinic":"Barcelona","cita_email":"","date":"https:\/\/app.tuotempo.com\/mop\/index.php?dbName=tt_qsoft_trestorres_prod&resourceid=sc16242dd71b6b36"}],"pedir_cita_tfn":[{"clinic":"Barcelona","telefono":"93.204.13.00"}],"mutuas":"true"},"uagb_featured_image_src":{"full":false,"thumbnail":false,"medium":false,"medium_large":false,"large":false,"1536x1536":false,"2048x2048":false},"uagb_author_info":{"display_name":"paula","author_link":"https:\/\/mitrestorres.com\/ca\/author\/"},"uagb_comment_info":0,"uagb_excerpt":"Llicenciada en Medicina per la Universitat de Girona, va realitzar l&#8217;especialitat via MIR en Otorinolaringologia i Cirurgia Cervicofacial a l&#8217;Hospital Universitari de Bellvitge. \u00c9s Fellow of the European Board of Otorhinolaryngology, Head &amp; Neck Surgery. Especialista en otorinolaringologia pedi\u00e0trica i d&#8217;adults, amb especial dedicaci\u00f3 al maneig medicoquir\u00fargic de la patologia nasosinusal, cervical i l&#8217;oncologia deLlegir&hellip;","_links":{"self":[{"href":"https:\/\/mitrestorres.com\/ca\/wp-json\/wp\/v2\/doctor\/13537","targetHints":{"allow":["GET"]}}],"collection":[{"href":"https:\/\/mitrestorres.com\/ca\/wp-json\/wp\/v2\/doctor"}],"about":[{"href":"https:\/\/mitrestorres.com\/ca\/wp-json\/wp\/v2\/types\/doctor"}],"wp:featuredmedia":[{"embeddable":true,"href":"https:\/\/mitrestorres.com\/ca\/wp-json\/"}],"wp:attachment":[{"href":"https:\/\/mitrestorres.com\/ca\/wp-json\/wp\/v2\/media?parent=13537"}],"wp:term":[{"taxonomy":"specialty","embeddable":true,"href":"https:\/\/mitrestorres.com\/ca\/wp-json\/wp\/v2\/specialty?post=13537"},{"taxonomy":"grupo","embeddable":true,"href":"https:\/\/mitrestorres.com\/ca\/wp-json\/wp\/v2\/grupo?post=13537"}],"curies":[{"name":"wp","href":"https:\/\/api.w.org\/{rel}","templated":true}]}}

Dra. Eva Bagudà

<div class="flex flex-col text-sm">
<article class="text-token-text-primary w-full focus:outline-none [--shadow-height:45px] has-data-writing-block:pointer-events-none has-data-writing-block:-mt-(--shadow-height) has-data-writing-block:pt-(--shadow-height) [&amp;:has([data-writing-block])&gt;*]:pointer-events-auto scroll-mt-[calc(var(--header-height)+min(200px,max(70px,20svh)))]" dir="auto" tabindex="-1" data-turn-id="request-WEB:1c696375-5f6b-47b6-b044-5527b6ed9829-0" data-testid="conversation-turn-2" data-scroll-anchor="true" data-turn="assistant">
<div class="text-base my-auto mx-auto pb-10 [--thread-content-margin:--spacing(4)] @w-sm/main:[--thread-content-margin:--spacing(6)] @w-lg/main:[--thread-content-margin:--spacing(16)] px-(--thread-content-margin)">
<div class="[--thread-content-max-width:40rem] @w-lg/main:[--thread-content-max-width:48rem] mx-auto max-w-(--thread-content-max-width) flex-1 group/turn-messages focus-visible:outline-hidden relative flex w-full min-w-0 flex-col agent-turn" tabindex="-1">
<div class="flex max-w-full flex-col grow">
<div class="min-h-8 text-message relative flex w-full flex-col items-end gap-2 text-start break-words whitespace-normal [.text-message+&amp;]:mt-1" dir="auto" data-message-author-role="assistant" data-message-id="21c36393-5e18-4dff-b88a-7017f9a58565" data-message-model-slug="gpt-5-2">
<div class="flex w-full flex-col gap-1 empty:hidden first:pt-[1px]">
<div class="markdown prose dark:prose-invert w-full wrap-break-word light markdown-new-styling">
<p>Llicenciada en Medicina per la Universitat de Girona, va realitzar l&#8217;especialitat via MIR en Otorinolaringologia i Cirurgia Cervicofacial a l&#8217;Hospital Universitari de Bellvitge. És Fellow of the European Board of Otorhinolaryngology, Head &amp; Neck Surgery.</p>
<p>Especialista en otorinolaringologia pediàtrica i d&#8217;adults, amb especial dedicació al maneig medicoquirúrgic de la patologia nasosinusal, cervical i l&#8217;oncologia de cap i coll. Actualment és facultativa especialista a l&#8217;Hospital Universitari de Bellvitge, on forma part dels comitès multidisciplinaris d&#8217;Oncologia de Cap i Coll i de Patologia de la Via Aèria Superior i col·labora en la docència MIR i universitària, a més de participar activament en recerca i publicacions científiques.</p>
<p>Ha completat la seva formació amb rotacions a l&#8217;Hospital Sant Joan de Déu Barcelona, ​​a l&#8217;ICO Hospitalet i a la Unitat de Cap i Coll del Guy&#8217;s Hospital (Londres).</p>
<p data-start="492" data-end="1012" data-is-last-node="" data-is-only-node="">
</div>
</div>
</div>
</div>
<div class="z-0 flex min-h-[46px] justify-start"></div>
<div class="mt-3 w-full empty:hidden">
<div class="text-center"></div>
</div>
</div>
</div>
</article>
</div>
<div class="pointer-events-none h-px w-px absolute bottom-0" aria-hidden="true" data-edge="true"></div>

<p>Dr. Carulla 12, planta 2ª</p>
<p>08017 Barcelona</p>

Llicenciada en Medicina per la Universitat de Girona, va realitzar l&#8217;especialitat via MIR en Otorinolaringologia i Cirurgia Cervicofacial a l&#8217;Hospital Universitari de Bellvitge. És Fellow of the European Board of Otorhinolaryngology, Head &amp; Neck Surgery. Especialista en otorinolaringologia pediàtrica i d&#8217;adults, amb especial dedicació al maneig medicoquirúrgic de la patologia nasosinusal, cervical i l&#8217;oncologia deLlegir&hellip;
