{"id":13503,"date":"2026-02-26T12:18:40","date_gmt":"2026-02-26T11:18:40","guid":{"rendered":"https:\/\/mitrestorres.com\/doctors-mi\/doctors\/dr-fernando-santana\/"},"modified":"2026-04-22T10:49:17","modified_gmt":"2026-04-22T08:49:17","slug":"dr-fernando-santana","status":"publish","type":"doctor","link":"https:\/\/mitrestorres.com\/ca\/metges-mi\/metges\/dr-fernando-santana\/","title":{"rendered":"Dr. Fernando Santana"},"content":{"rendered":"<p>El Dr. Santana, MD, PhD, \u00e9s un cirurgi\u00e0 ortop\u00e8dic especialitzat en patologia complexa d&#8217;espatlla i colze, amb una traject\u00f2ria consolidada a l&#8217;\u00e0mbit cl\u00ednic, acad\u00e8mic i institucional. El 2026 inicia una nova etapa com a Cap de la Unitat d&#8217;Espatlla en Move Traumatologia \u2013 Cl\u00ednica Tres Torres (Barcelona), liderant un projecte centrat en excel\u00b7l\u00e8ncia quir\u00fargica, innovaci\u00f3 i medicina basada en l&#8217;evid\u00e8ncia.<\/p>\n<p>Es va incorporar a l&#8217;Hospital del Mar al 2009. Es va llicenciar en Medicina per la Universitat de M\u00e0laga el 2001 i va completar la seva formaci\u00f3 com a especialista en Cirurgia Ortop\u00e8dica i Traumatologia a l&#8217;Institut Universitari Dexeus el 2008. El 2014 va obtenir el t\u00edtol de Doctor.<\/p>\n<p>La seva pr\u00e0ctica cl\u00ednica se centra en el tractament de patologies complexes d&#8217;espatlla i colze, tant mitjan\u00e7ant t\u00e8cniques obertes com artrosc\u00f2piques avan\u00e7ades. La seva activitat investigadora -cl\u00ednica i b\u00e0sica- est\u00e0 orientada a millorar el diagn\u00f2stic, la indicaci\u00f3 quir\u00fargica i els resultats funcionals en aquestes patologies.<\/p>\n<p>Ha publicat 41 articles en revistes indexades i diversos cap\u00edtols de llibre. Ha estat reconegut amb m\u00faltiples premis atorgats per societats cient\u00edfiques nacionals i internacionals. la European Federation of National Associations of Orthopaedics and Traumatology (EFORT) i la Societat Catalana de Cirurgia Ortop\u00e8dica i Traumatologia.<\/p>\n<p>Des del mar\u00e7 del 2024 al mar\u00e7 del 2026 \u00e9s\u00a0President de la SECHC, exercint un paper actiu en el desenvolupament cient\u00edfic i estrat\u00e8gic de l&#8217;especialitat a Espanya. Aix\u00ed mateix, ha col\u00b7laborat com a consultor amb diverses companyies internacionals d&#8217;implants ortop\u00e8dics i ha participat en innovaci\u00f3 i desenvolupament tecnol\u00f2gic.<\/p>\n<p>El perfil combina lideratge cl\u00ednic, producci\u00f3 cient\u00edfica i comprom\u00eds amb la formaci\u00f3 cont\u00ednua, amb l&#8217;objectiu d&#8217;oferir una atenci\u00f3 altament especialitzada i personalitzada en cirurgia d&#8217;espatlla i colze.<\/p>\n","protected":false},"featured_media":13551,"template":"","specialty":[401],"grupo":[572],"class_list":["post-13503","doctor","type-doctor","status-publish","has-post-thumbnail","hentry","specialty-cirurgia-ortopedica-i-traumatologia","clinic-clinicas-mi-ca","clinic-clinica-tres-torres-ca","clinic-clinica-tres-torres","grupo-move-trauma"],"acf":{"subespecialitat":"","equipo_medico":"","topdoctors":"","horari":"","consultes":"<p>Via Augusta 281, Planta 1\u00aa<\/p>\n<p>08017 Barcelona<\/p>\n","pedir_cita":[{"clinic":"Barcelona","cita_email":"","date":"https:\/\/app.tuotempo.com\/mop\/index.php?dbName=tt_qsoft_imove_prod&resourceid=sc169a6a19bc63e0"}],"pedir_cita_tfn":[{"clinic":"Barcelona","telefono":"932606203"}],"mutuas":"true","linkedin":"","web_personal":"","ocultar_especialidad_oficial":false,"tipo":"false"},"uagb_featured_image_src":{"full":["https:\/\/mitrestorres.com\/wp-content\/uploads\/sites\/2\/2026\/03\/santana.jpg",692,672,false],"thumbnail":["https:\/\/mitrestorres.com\/wp-content\/uploads\/sites\/2\/2026\/03\/santana-150x150.jpg",150,150,true],"medium":["https:\/\/mitrestorres.com\/wp-content\/uploads\/sites\/2\/2026\/03\/santana-300x291.jpg",300,291,true],"medium_large":["https:\/\/mitrestorres.com\/wp-content\/uploads\/sites\/2\/2026\/03\/santana.jpg",640,622,false],"large":["https:\/\/mitrestorres.com\/wp-content\/uploads\/sites\/2\/2026\/03\/santana.jpg",640,622,false],"1536x1536":["https:\/\/mitrestorres.com\/wp-content\/uploads\/sites\/2\/2026\/03\/santana.jpg",692,672,false],"2048x2048":["https:\/\/mitrestorres.com\/wp-content\/uploads\/sites\/2\/2026\/03\/santana.jpg",692,672,false]},"uagb_author_info":{"display_name":"paula","author_link":"https:\/\/mitrestorres.com\/ca\/author\/"},"uagb_comment_info":0,"uagb_excerpt":"El Dr. Santana, MD, PhD, \u00e9s un cirurgi\u00e0 ortop\u00e8dic especialitzat en patologia complexa d&#8217;espatlla i colze, amb una traject\u00f2ria consolidada a l&#8217;\u00e0mbit cl\u00ednic, acad\u00e8mic i institucional. El 2026 inicia una nova etapa com a Cap de la Unitat d&#8217;Espatlla en Move Traumatologia \u2013 Cl\u00ednica Tres Torres (Barcelona), liderant un projecte centrat en excel\u00b7l\u00e8ncia quir\u00fargica, innovaci\u00f3Llegir&hellip;","_links":{"self":[{"href":"https:\/\/mitrestorres.com\/ca\/wp-json\/wp\/v2\/doctor\/13503","targetHints":{"allow":["GET"]}}],"collection":[{"href":"https:\/\/mitrestorres.com\/ca\/wp-json\/wp\/v2\/doctor"}],"about":[{"href":"https:\/\/mitrestorres.com\/ca\/wp-json\/wp\/v2\/types\/doctor"}],"wp:featuredmedia":[{"embeddable":true,"href":"https:\/\/mitrestorres.com\/ca\/wp-json\/wp\/v2\/media\/13551"}],"wp:attachment":[{"href":"https:\/\/mitrestorres.com\/ca\/wp-json\/wp\/v2\/media?parent=13503"}],"wp:term":[{"taxonomy":"specialty","embeddable":true,"href":"https:\/\/mitrestorres.com\/ca\/wp-json\/wp\/v2\/specialty?post=13503"},{"taxonomy":"grupo","embeddable":true,"href":"https:\/\/mitrestorres.com\/ca\/wp-json\/wp\/v2\/grupo?post=13503"}],"curies":[{"name":"wp","href":"https:\/\/api.w.org\/{rel}","templated":true}]}}

<p>El Dr. Santana, MD, PhD, és un cirurgià ortopèdic especialitzat en patologia complexa d&#8217;espatlla i colze, amb una trajectòria consolidada a l&#8217;àmbit clínic, acadèmic i institucional. El 2026 inicia una nova etapa com a Cap de la Unitat d&#8217;Espatlla en Move Traumatologia – Clínica Tres Torres (Barcelona), liderant un projecte centrat en excel·lència quirúrgica, innovació i medicina basada en l&#8217;evidència.</p>
<p>Es va incorporar a l&#8217;Hospital del Mar al 2009. Es va llicenciar en Medicina per la Universitat de Màlaga el 2001 i va completar la seva formació com a especialista en Cirurgia Ortopèdica i Traumatologia a l&#8217;Institut Universitari Dexeus el 2008. El 2014 va obtenir el títol de Doctor.</p>
<p>La seva pràctica clínica se centra en el tractament de patologies complexes d&#8217;espatlla i colze, tant mitjançant tècniques obertes com artroscòpiques avançades. La seva activitat investigadora -clínica i bàsica- està orientada a millorar el diagnòstic, la indicació quirúrgica i els resultats funcionals en aquestes patologies.</p>
<p>Ha publicat 41 articles en revistes indexades i diversos capítols de llibre. Ha estat reconegut amb múltiples premis atorgats per societats científiques nacionals i internacionals. la European Federation of National Associations of Orthopaedics and Traumatology (EFORT) i la Societat Catalana de Cirurgia Ortopèdica i Traumatologia.</p>
<p>Des del març del 2024 al març del 2026 és President de la SECHC, exercint un paper actiu en el desenvolupament científic i estratègic de l&#8217;especialitat a Espanya. Així mateix, ha col·laborat com a consultor amb diverses companyies internacionals d&#8217;implants ortopèdics i ha participat en innovació i desenvolupament tecnològic.</p>
<p>El perfil combina lideratge clínic, producció científica i compromís amb la formació contínua, amb l&#8217;objectiu d&#8217;oferir una atenció altament especialitzada i personalitzada en cirurgia d&#8217;espatlla i colze.</p>

<p>Via Augusta 281, Planta 1ª</p>
<p>08017 Barcelona</p>

El Dr. Santana, MD, PhD, és un cirurgià ortopèdic especialitzat en patologia complexa d&#8217;espatlla i colze, amb una trajectòria consolidada a l&#8217;àmbit clínic, acadèmic i institucional. El 2026 inicia una nova etapa com a Cap de la Unitat d&#8217;Espatlla en Move Traumatologia – Clínica Tres Torres (Barcelona), liderant un projecte centrat en excel·lència quirúrgica, innovacióLlegir&hellip;
