{"id":13347,"date":"2026-01-23T12:58:01","date_gmt":"2026-01-23T11:58:01","guid":{"rendered":"https:\/\/mitrestorres.com\/doctors-mi\/doctors\/dra-marta-almenara\/"},"modified":"2026-04-22T10:51:11","modified_gmt":"2026-04-22T08:51:11","slug":"dra-marta-almenara","status":"publish","type":"doctor","link":"https:\/\/mitrestorres.com\/ca\/metges-mi\/metges\/dra-marta-almenara\/","title":{"rendered":"Dra. Marta Almenara"},"content":{"rendered":"<p>Llicenciada en Medicina i Cirurgia per la Universitat Rovira i Virgili, especialitat via MIR Cirurgia Ortop\u00e8dica i Traumatologia a l&#8217;Hospital de Santa Creu i Sant Pau (2008-2013). T\u00edtol de Doctora per la Universitat Aut\u00f2noma de Barcelona (UAB) el 2019.<br \/>\nEspecialista en cirurgia de la m\u00e0, artropatia degenerativa de la m\u00e0 i canell i cirurgia de nervi perif\u00e8ric.<br \/>\nMembre de la Unitat d&#8217;Extremitat Superior de l&#8217;Hospital de la Santa Creu i Sant Pau, professora associada de la UAB i membre de la Societat Catalana de Cirurgia Ortop\u00e8dica i Traumatologia (SCCOT), Societat Espanyola de Cirurgia Ortop\u00e8dica i Traumatologia (SECOT) i de la Societat Espanyola de Cirurgia de M\u00e0.<\/p>\n","protected":false},"featured_media":13348,"template":"","specialty":[401],"grupo":[572],"class_list":["post-13347","doctor","type-doctor","status-publish","has-post-thumbnail","hentry","specialty-cirurgia-ortopedica-i-traumatologia","clinic-clinicas-mi-ca","clinic-clinica-tres-torres-ca","clinic-clinica-tres-torres","grupo-move-trauma"],"acf":{"subespecialitat":"","equipo_medico":"","linkedin":"","topdoctors":"","web_personal":"","horari":"","consultes":"","mutuas":"true","pedir_cita":[{"clinic":"Barcelona","cita_email":"","date":"https:\/\/app.tuotempo.com\/mop\/index.php?dbName=tt_qsoft_imove_prod&resourceid=sc16954e60c97679"}],"pedir_cita_tfn":[{"clinic":"Barcelona","telefono":"+34 93 260 62 03"}],"ocultar_especialidad_oficial":false,"tipo":"false"},"uagb_featured_image_src":{"full":false,"thumbnail":false,"medium":false,"medium_large":false,"large":false,"1536x1536":false,"2048x2048":false},"uagb_author_info":{"display_name":"paula","author_link":"https:\/\/mitrestorres.com\/ca\/author\/"},"uagb_comment_info":0,"uagb_excerpt":"Llicenciada en Medicina i Cirurgia per la Universitat Rovira i Virgili, especialitat via MIR Cirurgia Ortop\u00e8dica i Traumatologia a l&#8217;Hospital de Santa Creu i Sant Pau (2008-2013). T\u00edtol de Doctora per la Universitat Aut\u00f2noma de Barcelona (UAB) el 2019. Especialista en cirurgia de la m\u00e0, artropatia degenerativa de la m\u00e0 i canell i cirurgia deLlegir&hellip;","_links":{"self":[{"href":"https:\/\/mitrestorres.com\/ca\/wp-json\/wp\/v2\/doctor\/13347","targetHints":{"allow":["GET"]}}],"collection":[{"href":"https:\/\/mitrestorres.com\/ca\/wp-json\/wp\/v2\/doctor"}],"about":[{"href":"https:\/\/mitrestorres.com\/ca\/wp-json\/wp\/v2\/types\/doctor"}],"wp:featuredmedia":[{"embeddable":true,"href":"https:\/\/mitrestorres.com\/ca\/wp-json\/"}],"wp:attachment":[{"href":"https:\/\/mitrestorres.com\/ca\/wp-json\/wp\/v2\/media?parent=13347"}],"wp:term":[{"taxonomy":"specialty","embeddable":true,"href":"https:\/\/mitrestorres.com\/ca\/wp-json\/wp\/v2\/specialty?post=13347"},{"taxonomy":"grupo","embeddable":true,"href":"https:\/\/mitrestorres.com\/ca\/wp-json\/wp\/v2\/grupo?post=13347"}],"curies":[{"name":"wp","href":"https:\/\/api.w.org\/{rel}","templated":true}]}}

<p>Llicenciada en Medicina i Cirurgia per la Universitat Rovira i Virgili, especialitat via MIR Cirurgia Ortopèdica i Traumatologia a l&#8217;Hospital de Santa Creu i Sant Pau (2008-2013). Títol de Doctora per la Universitat Autònoma de Barcelona (UAB) el 2019.<br />
Especialista en cirurgia de la mà, artropatia degenerativa de la mà i canell i cirurgia de nervi perifèric.<br />
Membre de la Unitat d&#8217;Extremitat Superior de l&#8217;Hospital de la Santa Creu i Sant Pau, professora associada de la UAB i membre de la Societat Catalana de Cirurgia Ortopèdica i Traumatologia (SCCOT), Societat Espanyola de Cirurgia Ortopèdica i Traumatologia (SECOT) i de la Societat Espanyola de Cirurgia de Mà.</p>

Llicenciada en Medicina i Cirurgia per la Universitat Rovira i Virgili, especialitat via MIR Cirurgia Ortopèdica i Traumatologia a l&#8217;Hospital de Santa Creu i Sant Pau (2008-2013). Títol de Doctora per la Universitat Autònoma de Barcelona (UAB) el 2019. Especialista en cirurgia de la mà, artropatia degenerativa de la mà i canell i cirurgia deLlegir&hellip;
