{"id":13058,"date":"2025-11-18T09:08:19","date_gmt":"2025-11-18T08:08:19","guid":{"rendered":"https:\/\/mitrestorres.com\/doctors-mi\/doctors\/dr-xavier-aldeguer\/"},"modified":"2025-11-19T11:59:07","modified_gmt":"2025-11-19T10:59:07","slug":"dr-xavier-aldeguer","status":"publish","type":"doctor","link":"https:\/\/mitrestorres.com\/ca\/metges-mi\/metges\/dr-xavier-aldeguer\/","title":{"rendered":"Dr. Xavier Aldeguer"},"content":{"rendered":"<p>El Dr. Aldeguer \u00e9s un reconegut gastroenter\u00f2leg amb una \u00e0mplia traject\u00f2ria cl\u00ednica, investigadora i de gesti\u00f3 sanit\u00e0ria. Va ser Cap de Servei de l\u2019Aparell Digestiu dels Hospitals Doctor Josep Trueta i Santa Caterina de Girona\/Salt entre 2011 i 2021, liderant equips multidisciplinaris i projectes d\u2019innovaci\u00f3 hospital\u00e0ria.<\/p>\n<p>Co-fundador i Director M\u00e8dic de l\u2019empresa biotecnol\u00f2gica GoodGut, fins a la seva adquisici\u00f3 per la companyia farmac\u00e8utica Hipra l\u2019any 2021, sempre ha estat vinculat a la recerca aplicada en microbiota i salut digestiva. Entre 2021 i 2023 va exercir com a Director General de Transfer\u00e8ncia del Coneixement a la Conselleria de Recerca i Universitats, impulsant projectes estrat\u00e8gics d\u2019innovaci\u00f3 i coneixement cient\u00edfic.<\/p>\n<p>La seva formaci\u00f3 internacional inclou una beca de la Caixa per estudis de postgrau a l\u2019estranger (1998), amb quatre anys d\u2019investigaci\u00f3 a la Universitat de Pensilv\u00e0nia, Filad\u00e8lfia, EUA. Actualment \u00e9s Investigador Principal de la l\u00ednia de recerca Microbiota i Malalties Digestives de l\u2019Institut de Recerca Biom\u00e8dica de Girona, centrant els seus estudis en la influ\u00e8ncia de la microbiota en malalties funcionals digestives, l\u2019eix cervell-intest\u00ed, longevitat, malaltia inflamat\u00f2ria intestinal i aliments funcionals.<\/p>\n<p>A m\u00e9s, \u00e9s Professor Associat de la Facultat de Medicina de la Universitat de Girona i Coordinador d\u2019Innovaci\u00f3 Hospital\u00e0ria de l\u2019Alian\u00e7a d\u2019Hospitals Trueta i Santa Caterina, contribuint a la transformaci\u00f3 i millora cont\u00ednua de l\u2019atenci\u00f3 sanit\u00e0ria.<\/p>\n","protected":false},"featured_media":13098,"template":"","specialty":[550,553],"grupo":[],"class_list":["post-13058","doctor","type-doctor","status-publish","has-post-thumbnail","hentry","specialty-unidad-de-microbiota","specialty-unitat-de-microbiota","clinic-clinicas-mi-ca","clinic-clinica-tres-torres-ca","clinic-clinica-tres-torres"],"acf":{"subespecialitat":"","equipo_medico":"","topdoctors":"","horari":"","consultes":"","pedir_cita":[{"clinic":"Barcelona","cita_email":"","date":"https:\/\/app.tuotempo.com\/mop\/index.php?dbName=tt_qsoft_trestorres_prod&resourceid=sc168f8f8967b3ed"}],"linkedin":"","web_personal":"","pedir_cita_tfn":[{"clinic":"Barcelona","telefono":"932041300"}]},"uagb_featured_image_src":{"full":["https:\/\/mitrestorres.com\/wp-content\/uploads\/sites\/2\/2025\/11\/dr_xavier_aldeguer.png",692,672,false],"thumbnail":["https:\/\/mitrestorres.com\/wp-content\/uploads\/sites\/2\/2025\/11\/dr_xavier_aldeguer-150x150.png",150,150,true],"medium":["https:\/\/mitrestorres.com\/wp-content\/uploads\/sites\/2\/2025\/11\/dr_xavier_aldeguer-300x291.png",300,291,true],"medium_large":["https:\/\/mitrestorres.com\/wp-content\/uploads\/sites\/2\/2025\/11\/dr_xavier_aldeguer.png",640,622,false],"large":["https:\/\/mitrestorres.com\/wp-content\/uploads\/sites\/2\/2025\/11\/dr_xavier_aldeguer.png",640,622,false],"1536x1536":["https:\/\/mitrestorres.com\/wp-content\/uploads\/sites\/2\/2025\/11\/dr_xavier_aldeguer.png",692,672,false],"2048x2048":["https:\/\/mitrestorres.com\/wp-content\/uploads\/sites\/2\/2025\/11\/dr_xavier_aldeguer.png",692,672,false]},"uagb_author_info":{"display_name":"@clinicasmi","author_link":"https:\/\/mitrestorres.com\/ca\/author\/"},"uagb_comment_info":0,"uagb_excerpt":"El Dr. Aldeguer \u00e9s un reconegut gastroenter\u00f2leg amb una \u00e0mplia traject\u00f2ria cl\u00ednica, investigadora i de gesti\u00f3 sanit\u00e0ria. Va ser Cap de Servei de l\u2019Aparell Digestiu dels Hospitals Doctor Josep Trueta i Santa Caterina de Girona\/Salt entre 2011 i 2021, liderant equips multidisciplinaris i projectes d\u2019innovaci\u00f3 hospital\u00e0ria. Co-fundador i Director M\u00e8dic de l\u2019empresa biotecnol\u00f2gica GoodGut, finsLlegir&hellip;","_links":{"self":[{"href":"https:\/\/mitrestorres.com\/ca\/wp-json\/wp\/v2\/doctor\/13058","targetHints":{"allow":["GET"]}}],"collection":[{"href":"https:\/\/mitrestorres.com\/ca\/wp-json\/wp\/v2\/doctor"}],"about":[{"href":"https:\/\/mitrestorres.com\/ca\/wp-json\/wp\/v2\/types\/doctor"}],"wp:featuredmedia":[{"embeddable":true,"href":"https:\/\/mitrestorres.com\/ca\/wp-json\/wp\/v2\/media\/13098"}],"wp:attachment":[{"href":"https:\/\/mitrestorres.com\/ca\/wp-json\/wp\/v2\/media?parent=13058"}],"wp:term":[{"taxonomy":"specialty","embeddable":true,"href":"https:\/\/mitrestorres.com\/ca\/wp-json\/wp\/v2\/specialty?post=13058"},{"taxonomy":"grupo","embeddable":true,"href":"https:\/\/mitrestorres.com\/ca\/wp-json\/wp\/v2\/grupo?post=13058"}],"curies":[{"name":"wp","href":"https:\/\/api.w.org\/{rel}","templated":true}]}}

<p>El Dr. Aldeguer és un reconegut gastroenteròleg amb una àmplia trajectòria clínica, investigadora i de gestió sanitària. Va ser Cap de Servei de l’Aparell Digestiu dels Hospitals Doctor Josep Trueta i Santa Caterina de Girona/Salt entre 2011 i 2021, liderant equips multidisciplinaris i projectes d’innovació hospitalària.</p>
<p>Co-fundador i Director Mèdic de l’empresa biotecnològica GoodGut, fins a la seva adquisició per la companyia farmacèutica Hipra l’any 2021, sempre ha estat vinculat a la recerca aplicada en microbiota i salut digestiva. Entre 2021 i 2023 va exercir com a Director General de Transferència del Coneixement a la Conselleria de Recerca i Universitats, impulsant projectes estratègics d’innovació i coneixement científic.</p>
<p>La seva formació internacional inclou una beca de la Caixa per estudis de postgrau a l’estranger (1998), amb quatre anys d’investigació a la Universitat de Pensilvània, Filadèlfia, EUA. Actualment és Investigador Principal de la línia de recerca Microbiota i Malalties Digestives de l’Institut de Recerca Biomèdica de Girona, centrant els seus estudis en la influència de la microbiota en malalties funcionals digestives, l’eix cervell-intestí, longevitat, malaltia inflamatòria intestinal i aliments funcionals.</p>
<p>A més, és Professor Associat de la Facultat de Medicina de la Universitat de Girona i Coordinador d’Innovació Hospitalària de l’Aliança d’Hospitals Trueta i Santa Caterina, contribuint a la transformació i millora contínua de l’atenció sanitària.</p>

El Dr. Aldeguer és un reconegut gastroenteròleg amb una àmplia trajectòria clínica, investigadora i de gestió sanitària. Va ser Cap de Servei de l’Aparell Digestiu dels Hospitals Doctor Josep Trueta i Santa Caterina de Girona/Salt entre 2011 i 2021, liderant equips multidisciplinaris i projectes d’innovació hospitalària. Co-fundador i Director Mèdic de l’empresa biotecnològica GoodGut, finsLlegir&hellip;
