{"id":13039,"date":"2025-11-18T09:32:59","date_gmt":"2025-11-18T07:32:59","guid":{"rendered":"https:\/\/mitrestorres.com\/doctors-mi\/doctors\/layla-kadri\/"},"modified":"2026-04-09T13:30:13","modified_gmt":"2026-04-09T11:30:13","slug":"layla-kadri","status":"publish","type":"doctor","link":"https:\/\/mitrestorres.com\/ca\/metges-mi\/metges\/layla-kadri\/","title":{"rendered":"Layla Kadri"},"content":{"rendered":"<p>S\u00f3c nutricionista amb Grau en Nutrici\u00f3 Humana i Diet\u00e8tica i M\u00e0ster en Desenvolupament i Innovaci\u00f3 en Aliments per la Universitat de Barcelona. He participat en diverses activitats acad\u00e8miques i cient\u00edfiques, com la sessi\u00f3 sobre alimentaci\u00f3 durant el tractament del c\u00e0ncer g\u00e0stric a la Fundaci\u00f3 Alicia, la Reuni\u00f3 de Neurogastroenterologia i Motilitat Digestiva d\u2019AESENEM, i les Jornades Cient\u00edfic-t\u00e8cniques sobre Nutrici\u00f3 Esportiva de Nutritional Coaching.<\/p>\n","protected":false},"featured_media":14052,"template":"","specialty":[378],"grupo":[],"class_list":["post-13039","doctor","type-doctor","status-publish","has-post-thumbnail","hentry","specialty-endocrinologia-i-nutricio","clinic-clinicas-mi-ca","clinic-clinica-tres-torres-ca","clinic-clinica-tres-torres"],"acf":{"subespecialitat":"","equipo_medico":"","topdoctors":"","horari":"","consultes":"<p>Via Augusta 281, Planta 2\u00aa<\/p>\n<p>08017 Barcelona<\/p>\n<p>tel. 932 04 13 00<\/p>\n","mutuas":"true","pedir_cita_tfn":[{"clinic":"Barcelona","telefono":"932041300"}],"pedir_cita":[{"clinic":"Barcelona","cita_email":"","date":"https:\/\/app.tuotempo.com\/mop\/index.php?dbName=tt_qsoft_trestorres_prod&amp;resourceid=sc169832976018f5"}],"linkedin":"","web_personal":""},"uagb_featured_image_src":{"full":["https:\/\/mitrestorres.com\/wp-content\/uploads\/sites\/2\/2026\/04\/layla.jpg",692,672,false],"thumbnail":["https:\/\/mitrestorres.com\/wp-content\/uploads\/sites\/2\/2026\/04\/layla-150x150.jpg",150,150,true],"medium":["https:\/\/mitrestorres.com\/wp-content\/uploads\/sites\/2\/2026\/04\/layla-300x291.jpg",300,291,true],"medium_large":["https:\/\/mitrestorres.com\/wp-content\/uploads\/sites\/2\/2026\/04\/layla.jpg",640,622,false],"large":["https:\/\/mitrestorres.com\/wp-content\/uploads\/sites\/2\/2026\/04\/layla.jpg",640,622,false],"1536x1536":["https:\/\/mitrestorres.com\/wp-content\/uploads\/sites\/2\/2026\/04\/layla.jpg",692,672,false],"2048x2048":["https:\/\/mitrestorres.com\/wp-content\/uploads\/sites\/2\/2026\/04\/layla.jpg",692,672,false]},"uagb_author_info":{"display_name":"@clinicasmi","author_link":"https:\/\/mitrestorres.com\/ca\/author\/"},"uagb_comment_info":0,"uagb_excerpt":"S\u00f3c nutricionista amb Grau en Nutrici\u00f3 Humana i Diet\u00e8tica i M\u00e0ster en Desenvolupament i Innovaci\u00f3 en Aliments per la Universitat de Barcelona. He participat en diverses activitats acad\u00e8miques i cient\u00edfiques, com la sessi\u00f3 sobre alimentaci\u00f3 durant el tractament del c\u00e0ncer g\u00e0stric a la Fundaci\u00f3 Alicia, la Reuni\u00f3 de Neurogastroenterologia i Motilitat Digestiva d\u2019AESENEM, i lesLlegir&hellip;","_links":{"self":[{"href":"https:\/\/mitrestorres.com\/ca\/wp-json\/wp\/v2\/doctor\/13039","targetHints":{"allow":["GET"]}}],"collection":[{"href":"https:\/\/mitrestorres.com\/ca\/wp-json\/wp\/v2\/doctor"}],"about":[{"href":"https:\/\/mitrestorres.com\/ca\/wp-json\/wp\/v2\/types\/doctor"}],"wp:featuredmedia":[{"embeddable":true,"href":"https:\/\/mitrestorres.com\/ca\/wp-json\/wp\/v2\/media\/14052"}],"wp:attachment":[{"href":"https:\/\/mitrestorres.com\/ca\/wp-json\/wp\/v2\/media?parent=13039"}],"wp:term":[{"taxonomy":"specialty","embeddable":true,"href":"https:\/\/mitrestorres.com\/ca\/wp-json\/wp\/v2\/specialty?post=13039"},{"taxonomy":"grupo","embeddable":true,"href":"https:\/\/mitrestorres.com\/ca\/wp-json\/wp\/v2\/grupo?post=13039"}],"curies":[{"name":"wp","href":"https:\/\/api.w.org\/{rel}","templated":true}]}}

<p>Sóc nutricionista amb Grau en Nutrició Humana i Dietètica i Màster en Desenvolupament i Innovació en Aliments per la Universitat de Barcelona. He participat en diverses activitats acadèmiques i científiques, com la sessió sobre alimentació durant el tractament del càncer gàstric a la Fundació Alicia, la Reunió de Neurogastroenterologia i Motilitat Digestiva d’AESENEM, i les Jornades Científic-tècniques sobre Nutrició Esportiva de Nutritional Coaching.</p>

<p>Via Augusta 281, Planta 2ª</p>
<p>08017 Barcelona</p>
<p>tel. 932 04 13 00</p>

Sóc nutricionista amb Grau en Nutrició Humana i Dietètica i Màster en Desenvolupament i Innovació en Aliments per la Universitat de Barcelona. He participat en diverses activitats acadèmiques i científiques, com la sessió sobre alimentació durant el tractament del càncer gàstric a la Fundació Alicia, la Reunió de Neurogastroenterologia i Motilitat Digestiva d’AESENEM, i lesLlegir&hellip;
