{"id":13014,"date":"2025-11-19T13:07:55","date_gmt":"2025-11-19T11:07:55","guid":{"rendered":"https:\/\/mitrestorres.com\/?post_type=doctor&#038;p=13014"},"modified":"2026-04-23T14:01:45","modified_gmt":"2026-04-23T12:01:45","slug":"dra-laia-peries","status":"publish","type":"doctor","link":"https:\/\/mitrestorres.com\/ca\/metges-mi\/metges\/dra-laia-peries\/","title":{"rendered":"Dra. Laia Peries"},"content":{"rendered":"<p data-start=\"0\" data-end=\"253\">Em vaig graduar en Medicina a la Universitat de Barcelona i em vaig especialitzar en Aparell Digestiu a l\u2019Hospital Universitari de Girona Doctor Josep Trueta, on posteriorment vaig treballar com a metgessa adjunta a la Unitat de Malaltia Inflamat\u00f2ria Intestinal.<\/p>\n<p data-start=\"0\" data-end=\"253\">Tinc especial inter\u00e8s en el paper de la microbiota intestinal en la salut humana i actualment formo part de la Unitat de Microbiota Aplicada. Tamb\u00e9 s\u00f3c professora a la Universitat de Girona, on imparteixo l\u2019assignatura optativa Microbioma hum\u00e0 i la seva aplicaci\u00f3 cl\u00ednica.<\/p>\n<p data-start=\"0\" data-end=\"253\">Actualment curso el m\u00e0ster en Psiconeuroimmunologia Cl\u00ednica de PNI Espa\u00f1a, avalat per la Universidad Pontificia de Salamanca, amb l\u2019objectiu d\u2019adquirir una visi\u00f3 m\u00e9s integradora i global de la medicina.<\/p>\n","protected":false},"featured_media":14261,"template":"","specialty":[553],"grupo":[],"class_list":["post-13014","doctor","type-doctor","status-publish","has-post-thumbnail","hentry","specialty-unitat-de-microbiota","clinic-clinicas-mi-ca","clinic-clinica-tres-torres-ca"],"acf":{"subespecialitat":"","equipo_medico":"","topdoctors":"","horari":"","consultes":"<p>Dr. Carulla 12, Planta 3\u00aa<\/p>\n<p>08017 Barcelona<\/p>\n<p>tel. 932 04 13 00<\/p>\n","pedir_cita":[{"clinic":"Barcelona","cita_email":"","date":"https:\/\/app.tuotempo.com\/mop\/index.php?dbName=tt_qsoft_trestorres_prod&amp;resourceid=sc168f8f8956aab8#search\/query\/resourceid%3Dsc168f8f8956aab8%26resourceName%3DLaia%7BPERCENT%7D20Peries%7BPERCENT%7D20Reverter%26combinedEntity%3Dresources"}],"mutuas":"true","pedir_cita_tfn":[{"clinic":"Barcelona","telefono":"93.204.13.00"}],"linkedin":"","web_personal":""},"uagb_featured_image_src":{"full":["https:\/\/mitrestorres.com\/wp-content\/uploads\/sites\/2\/2026\/04\/laia.jpg",692,672,false],"thumbnail":["https:\/\/mitrestorres.com\/wp-content\/uploads\/sites\/2\/2026\/04\/laia-150x150.jpg",150,150,true],"medium":["https:\/\/mitrestorres.com\/wp-content\/uploads\/sites\/2\/2026\/04\/laia-300x291.jpg",300,291,true],"medium_large":["https:\/\/mitrestorres.com\/wp-content\/uploads\/sites\/2\/2026\/04\/laia.jpg",640,622,false],"large":["https:\/\/mitrestorres.com\/wp-content\/uploads\/sites\/2\/2026\/04\/laia.jpg",640,622,false],"1536x1536":["https:\/\/mitrestorres.com\/wp-content\/uploads\/sites\/2\/2026\/04\/laia.jpg",692,672,false],"2048x2048":["https:\/\/mitrestorres.com\/wp-content\/uploads\/sites\/2\/2026\/04\/laia.jpg",692,672,false]},"uagb_author_info":{"display_name":"paula","author_link":"https:\/\/mitrestorres.com\/ca\/author\/"},"uagb_comment_info":0,"uagb_excerpt":"Em vaig graduar en Medicina a la Universitat de Barcelona i em vaig especialitzar en Aparell Digestiu a l\u2019Hospital Universitari de Girona Doctor Josep Trueta, on posteriorment vaig treballar com a metgessa adjunta a la Unitat de Malaltia Inflamat\u00f2ria Intestinal. Tinc especial inter\u00e8s en el paper de la microbiota intestinal en la salut humana iLlegir&hellip;","_links":{"self":[{"href":"https:\/\/mitrestorres.com\/ca\/wp-json\/wp\/v2\/doctor\/13014","targetHints":{"allow":["GET"]}}],"collection":[{"href":"https:\/\/mitrestorres.com\/ca\/wp-json\/wp\/v2\/doctor"}],"about":[{"href":"https:\/\/mitrestorres.com\/ca\/wp-json\/wp\/v2\/types\/doctor"}],"wp:featuredmedia":[{"embeddable":true,"href":"https:\/\/mitrestorres.com\/ca\/wp-json\/wp\/v2\/media\/14261"}],"wp:attachment":[{"href":"https:\/\/mitrestorres.com\/ca\/wp-json\/wp\/v2\/media?parent=13014"}],"wp:term":[{"taxonomy":"specialty","embeddable":true,"href":"https:\/\/mitrestorres.com\/ca\/wp-json\/wp\/v2\/specialty?post=13014"},{"taxonomy":"grupo","embeddable":true,"href":"https:\/\/mitrestorres.com\/ca\/wp-json\/wp\/v2\/grupo?post=13014"}],"curies":[{"name":"wp","href":"https:\/\/api.w.org\/{rel}","templated":true}]}}

<p data-start="0" data-end="253">Em vaig graduar en Medicina a la Universitat de Barcelona i em vaig especialitzar en Aparell Digestiu a l’Hospital Universitari de Girona Doctor Josep Trueta, on posteriorment vaig treballar com a metgessa adjunta a la Unitat de Malaltia Inflamatòria Intestinal.</p>
<p data-start="0" data-end="253">Tinc especial interès en el paper de la microbiota intestinal en la salut humana i actualment formo part de la Unitat de Microbiota Aplicada. També sóc professora a la Universitat de Girona, on imparteixo l’assignatura optativa Microbioma humà i la seva aplicació clínica.</p>
<p data-start="0" data-end="253">Actualment curso el màster en Psiconeuroimmunologia Clínica de PNI España, avalat per la Universidad Pontificia de Salamanca, amb l’objectiu d’adquirir una visió més integradora i global de la medicina.</p>

<p>Dr. Carulla 12, Planta 3ª</p>
<p>08017 Barcelona</p>
<p>tel. 932 04 13 00</p>

Em vaig graduar en Medicina a la Universitat de Barcelona i em vaig especialitzar en Aparell Digestiu a l’Hospital Universitari de Girona Doctor Josep Trueta, on posteriorment vaig treballar com a metgessa adjunta a la Unitat de Malaltia Inflamatòria Intestinal. Tinc especial interès en el paper de la microbiota intestinal en la salut humana iLlegir&hellip;
