{"id":12990,"date":"2025-11-10T12:44:24","date_gmt":"2025-11-10T11:44:24","guid":{"rendered":"https:\/\/mitrestorres.com\/doctors-mi\/doctors\/dra-andrea-horta-barba\/"},"modified":"2025-11-18T08:57:38","modified_gmt":"2025-11-18T07:57:38","slug":"dra-andrea-horta-barba","status":"publish","type":"doctor","link":"https:\/\/mitrestorres.com\/ca\/metges-mi\/metges\/dra-andrea-horta-barba\/","title":{"rendered":"Dra. Andrea Horta-Barba"},"content":{"rendered":"<p>Andrea Horta-Barba \u00e9s psic\u00f2loga especialista en neuropsicologia a Meditelier, Unitat de Medicina Especialitzada de la Cl\u00ednica Mi Tres Torres. Llicenciada en Psicologia per la Universitat de Barcelona i, a m\u00e9s, va cursar un m\u00e0ster en Neuropsicologia a la Universitat Aut\u00f2noma de Barcelona. L\u2019Andrea compagina l\u2019activitat assistencial com a neuropsic\u00f2loga a Meditelier amb la seva tasca a la Unitat de Neurologia de l\u2019Hospital de la Santa Creu i Sant Pau. Igualment, treballa com a investigadora a l\u2019Institut de Recerca Biom\u00e8dica Sant Pau.<\/p>\n<p>Compta amb una \u00e0mplia experi\u00e8ncia en pr\u00e0ctica cl\u00ednica i recerca en malalties neurodegeneratives, centrant la seva activitat principalment en l\u2019avaluaci\u00f3 i el diagn\u00f2stic dels s\u00edmptomes cognitius i conductuals en pacients amb patologies d\u2019origen neurol\u00f2gic. Participa activament en diversos assaigs cl\u00ednics i en projectes de recerca p\u00fablics i privats, aix\u00ed com ha publicat nombrosos treballs en revistes indexades. \u00c9s professora a la Universitat Oberta de Catalunya (UOC) i a la Universitat Aut\u00f2noma de Barcelona (UAB), aix\u00ed com comunicadora en congressos nacionals i internacionals.<\/p>\n<p>Acreditada com a psic\u00f2loga general sanit\u00e0ria i com a experta en neuropsicologia pel Col\u00b7legi Oficial de Psicologia de Catalunya (COPC). Forma part de la Comissi\u00f3 Directiva de la Secci\u00f3 de Neuropsicologia de la Sociedad Espa\u00f1ola de Neurolog\u00eda (SEN), \u00e9s coordinadora del grup de treball de Neuropsicologia Forense del COPC i vocal de la Sociedad Espa\u00f1ola de Neuropsicolog\u00eda Jur\u00eddica y Forense (SENJYF).<\/p>\n","protected":false},"featured_media":13055,"template":"","specialty":[397],"grupo":[],"class_list":["post-12990","doctor","type-doctor","status-publish","has-post-thumbnail","hentry","specialty-psicologia-ca","clinic-clinicas-mi-ca","clinic-clinica-tres-torres-ca"],"acf":{"subespecialitat":"","equipo_medico":"","linkedin":"","topdoctors":"","web_personal":"","horari":"","consultes":"","pedir_cita":[{"clinic":"Barcelona","cita_email":"","date":"https:\/\/app.tuotempo.com\/mop\/index.php?dbName=tt_qsoft_trestorres_prod&resourceid=sc169012e1c13d8d"}]},"uagb_featured_image_src":{"full":["https:\/\/mitrestorres.com\/wp-content\/uploads\/sites\/2\/2025\/11\/dra_andrea_horta_barba.png",692,672,false],"thumbnail":["https:\/\/mitrestorres.com\/wp-content\/uploads\/sites\/2\/2025\/11\/dra_andrea_horta_barba-150x150.png",150,150,true],"medium":["https:\/\/mitrestorres.com\/wp-content\/uploads\/sites\/2\/2025\/11\/dra_andrea_horta_barba-300x291.png",300,291,true],"medium_large":["https:\/\/mitrestorres.com\/wp-content\/uploads\/sites\/2\/2025\/11\/dra_andrea_horta_barba.png",640,622,false],"large":["https:\/\/mitrestorres.com\/wp-content\/uploads\/sites\/2\/2025\/11\/dra_andrea_horta_barba.png",640,622,false],"1536x1536":["https:\/\/mitrestorres.com\/wp-content\/uploads\/sites\/2\/2025\/11\/dra_andrea_horta_barba.png",692,672,false],"2048x2048":["https:\/\/mitrestorres.com\/wp-content\/uploads\/sites\/2\/2025\/11\/dra_andrea_horta_barba.png",692,672,false]},"uagb_author_info":{"display_name":"@clinicasmi","author_link":"https:\/\/mitrestorres.com\/ca\/author\/"},"uagb_comment_info":0,"uagb_excerpt":"Andrea Horta-Barba \u00e9s psic\u00f2loga especialista en neuropsicologia a Meditelier, Unitat de Medicina Especialitzada de la Cl\u00ednica Mi Tres Torres. Llicenciada en Psicologia per la Universitat de Barcelona i, a m\u00e9s, va cursar un m\u00e0ster en Neuropsicologia a la Universitat Aut\u00f2noma de Barcelona. L\u2019Andrea compagina l\u2019activitat assistencial com a neuropsic\u00f2loga a Meditelier amb la seva tascaLlegir&hellip;","_links":{"self":[{"href":"https:\/\/mitrestorres.com\/ca\/wp-json\/wp\/v2\/doctor\/12990","targetHints":{"allow":["GET"]}}],"collection":[{"href":"https:\/\/mitrestorres.com\/ca\/wp-json\/wp\/v2\/doctor"}],"about":[{"href":"https:\/\/mitrestorres.com\/ca\/wp-json\/wp\/v2\/types\/doctor"}],"wp:featuredmedia":[{"embeddable":true,"href":"https:\/\/mitrestorres.com\/ca\/wp-json\/wp\/v2\/media\/13055"}],"wp:attachment":[{"href":"https:\/\/mitrestorres.com\/ca\/wp-json\/wp\/v2\/media?parent=12990"}],"wp:term":[{"taxonomy":"specialty","embeddable":true,"href":"https:\/\/mitrestorres.com\/ca\/wp-json\/wp\/v2\/specialty?post=12990"},{"taxonomy":"grupo","embeddable":true,"href":"https:\/\/mitrestorres.com\/ca\/wp-json\/wp\/v2\/grupo?post=12990"}],"curies":[{"name":"wp","href":"https:\/\/api.w.org\/{rel}","templated":true}]}}

<p>Andrea Horta-Barba és psicòloga especialista en neuropsicologia a Meditelier, Unitat de Medicina Especialitzada de la Clínica Mi Tres Torres. Llicenciada en Psicologia per la Universitat de Barcelona i, a més, va cursar un màster en Neuropsicologia a la Universitat Autònoma de Barcelona. L’Andrea compagina l’activitat assistencial com a neuropsicòloga a Meditelier amb la seva tasca a la Unitat de Neurologia de l’Hospital de la Santa Creu i Sant Pau. Igualment, treballa com a investigadora a l’Institut de Recerca Biomèdica Sant Pau.</p>
<p>Compta amb una àmplia experiència en pràctica clínica i recerca en malalties neurodegeneratives, centrant la seva activitat principalment en l’avaluació i el diagnòstic dels símptomes cognitius i conductuals en pacients amb patologies d’origen neurològic. Participa activament en diversos assaigs clínics i en projectes de recerca públics i privats, així com ha publicat nombrosos treballs en revistes indexades. És professora a la Universitat Oberta de Catalunya (UOC) i a la Universitat Autònoma de Barcelona (UAB), així com comunicadora en congressos nacionals i internacionals.</p>
<p>Acreditada com a psicòloga general sanitària i com a experta en neuropsicologia pel Col·legi Oficial de Psicologia de Catalunya (COPC). Forma part de la Comissió Directiva de la Secció de Neuropsicologia de la Sociedad Española de Neurología (SEN), és coordinadora del grup de treball de Neuropsicologia Forense del COPC i vocal de la Sociedad Española de Neuropsicología Jurídica y Forense (SENJYF).</p>

Andrea Horta-Barba és psicòloga especialista en neuropsicologia a Meditelier, Unitat de Medicina Especialitzada de la Clínica Mi Tres Torres. Llicenciada en Psicologia per la Universitat de Barcelona i, a més, va cursar un màster en Neuropsicologia a la Universitat Autònoma de Barcelona. L’Andrea compagina l’activitat assistencial com a neuropsicòloga a Meditelier amb la seva tascaLlegir&hellip;
