{"id":12501,"date":"2025-07-31T13:53:19","date_gmt":"2025-07-31T11:53:19","guid":{"rendered":"https:\/\/mitrestorres.com\/doctors-mi\/doctors\/dr-jose-salazar\/"},"modified":"2026-04-09T16:02:19","modified_gmt":"2026-04-09T14:02:19","slug":"dr-jose-salazar","status":"publish","type":"doctor","link":"https:\/\/mitrestorres.com\/ca\/metges-mi\/metges\/dr-jose-salazar\/","title":{"rendered":"Dr. Jos\u00e9 Salazar"},"content":{"rendered":"<p data-start=\"194\" data-end=\"405\">Especialista en otorrinolaringologia, cirurgia pl\u00e0stica facial i rinopl\u00e0stia avan\u00e7ada, combina un coneixement anat\u00f2mic profund amb t\u00e8cniques d\u2019avantguarda per oferir resultats naturals, funcionals i harm\u00f2nics.<\/p>\n<p data-start=\"407\" data-end=\"843\">Format a Col\u00f2mbia com a metge cirurgi\u00e0 i a Espanya com a especialista en Otorrinolaringologia i Cirurgia Cervicofacial a l\u2019Hospital Vall d\u2019Hebron (UAB). Ha completat m\u00e0sters i estades internacionals en rinopl\u00e0stia, cirurgia facial i medicina est\u00e8tica, incloent-hi un <em data-start=\"674\" data-end=\"686\">fellowship<\/em> en cirurgia pl\u00e0stica facial al Brasil i formaci\u00f3 avan\u00e7ada a M\u00e8xic i Espanya. Actualment cursa el doctorat a la UAB sobre alteracions nasals post-COVID-19.<\/p>\n<p data-start=\"845\" data-end=\"1033\">El seu enfocament es basa en la precisi\u00f3 quir\u00fargica, l\u2019harmonia est\u00e8tica i un tracte proper, utilitzant t\u00e8cniques com la rinopl\u00e0stia ultras\u00f2nica i la cirurgia facial m\u00ednimament invasiva.<\/p>\n<p data-start=\"1035\" data-end=\"1065\"><strong data-start=\"1035\" data-end=\"1063\">\u00c0rees d\u2019especialitzaci\u00f3:<\/strong><\/p>\n<ul data-start=\"1066\" data-end=\"1264\">\n<li data-start=\"1066\" data-end=\"1102\">\n<p data-start=\"1068\" data-end=\"1102\">Rinopl\u00e0stia est\u00e8tica i funcional<\/p>\n<\/li>\n<li data-start=\"1103\" data-end=\"1170\">\n<p data-start=\"1105\" data-end=\"1170\">Cirurgia pl\u00e0stica facial (parpelles, ment\u00f3, <em data-start=\"1149\" data-end=\"1158\">lifting<\/em>, orelles)<\/p>\n<\/li>\n<li data-start=\"1171\" data-end=\"1226\">\n<p data-start=\"1173\" data-end=\"1226\">Cirurgia endosc\u00f2pica nasosinusal i de base de crani<\/p>\n<\/li>\n<li data-start=\"1227\" data-end=\"1264\">\n<p data-start=\"1229\" data-end=\"1264\">Medicina est\u00e8tica facial avan\u00e7ada<\/p>\n<\/li>\n<\/ul>\n<p data-start=\"1266\" data-end=\"1298\"><strong data-start=\"1266\" data-end=\"1278\">Idiomes:<\/strong> Castell\u00e0 \u00b7 Angl\u00e8s<\/p>\n","protected":false},"featured_media":14129,"template":"","specialty":[394],"grupo":[],"class_list":["post-12501","doctor","type-doctor","status-publish","has-post-thumbnail","hentry","specialty-otorinolaringologia","clinic-clinicas-mi-ca","clinic-clinica-tres-torres-ca","clinic-clinica-tres-torres"],"acf":{"subespecialitat":"","equipo_medico":"","topdoctors":"","horari":"","consultes":"<p>Dr. Carulla 12, Planta 2<\/p>\n<p>08017 Barcelona<\/p>\n<p>tel. 932 04 13 00<\/p>\n","pedir_cita":[{"clinic":"Barcelona","cita_email":"info@mitrestorres.com","date":"https:\/\/app.tuotempo.com\/mop\/index.php?dbName=tt_qsoft_trestorres_prod&amp;resourceid=sc16904d86d6c416#search\/query\/resourceid%3Dsc16904d86d6c416%26resourceName%3DJose%7BPERCENT%7D20Salazar%7BPERCENT%7D20Clavijo%26combinedEntity%3Dresources"}],"pedir_cita_tfn":[{"clinic":"Barcelona","telefono":"93.204.13.00"}],"mutuas":"true","linkedin":"","web_personal":""},"uagb_featured_image_src":{"full":["https:\/\/mitrestorres.com\/wp-content\/uploads\/sites\/2\/2026\/04\/salazar.jpg",1141,1167,false],"thumbnail":["https:\/\/mitrestorres.com\/wp-content\/uploads\/sites\/2\/2026\/04\/salazar-150x150.jpg",150,150,true],"medium":["https:\/\/mitrestorres.com\/wp-content\/uploads\/sites\/2\/2026\/04\/salazar-293x300.jpg",293,300,true],"medium_large":["https:\/\/mitrestorres.com\/wp-content\/uploads\/sites\/2\/2026\/04\/salazar-768x786.jpg",640,655,true],"large":["https:\/\/mitrestorres.com\/wp-content\/uploads\/sites\/2\/2026\/04\/salazar-1001x1024.jpg",640,655,true],"1536x1536":["https:\/\/mitrestorres.com\/wp-content\/uploads\/sites\/2\/2026\/04\/salazar.jpg",1141,1167,false],"2048x2048":["https:\/\/mitrestorres.com\/wp-content\/uploads\/sites\/2\/2026\/04\/salazar.jpg",1141,1167,false]},"uagb_author_info":{"display_name":"paula","author_link":"https:\/\/mitrestorres.com\/ca\/author\/"},"uagb_comment_info":0,"uagb_excerpt":"Especialista en otorrinolaringologia, cirurgia pl\u00e0stica facial i rinopl\u00e0stia avan\u00e7ada, combina un coneixement anat\u00f2mic profund amb t\u00e8cniques d\u2019avantguarda per oferir resultats naturals, funcionals i harm\u00f2nics. Format a Col\u00f2mbia com a metge cirurgi\u00e0 i a Espanya com a especialista en Otorrinolaringologia i Cirurgia Cervicofacial a l\u2019Hospital Vall d\u2019Hebron (UAB). Ha completat m\u00e0sters i estades internacionals en rinopl\u00e0stia,Llegir&hellip;","_links":{"self":[{"href":"https:\/\/mitrestorres.com\/ca\/wp-json\/wp\/v2\/doctor\/12501","targetHints":{"allow":["GET"]}}],"collection":[{"href":"https:\/\/mitrestorres.com\/ca\/wp-json\/wp\/v2\/doctor"}],"about":[{"href":"https:\/\/mitrestorres.com\/ca\/wp-json\/wp\/v2\/types\/doctor"}],"wp:featuredmedia":[{"embeddable":true,"href":"https:\/\/mitrestorres.com\/ca\/wp-json\/wp\/v2\/media\/14129"}],"wp:attachment":[{"href":"https:\/\/mitrestorres.com\/ca\/wp-json\/wp\/v2\/media?parent=12501"}],"wp:term":[{"taxonomy":"specialty","embeddable":true,"href":"https:\/\/mitrestorres.com\/ca\/wp-json\/wp\/v2\/specialty?post=12501"},{"taxonomy":"grupo","embeddable":true,"href":"https:\/\/mitrestorres.com\/ca\/wp-json\/wp\/v2\/grupo?post=12501"}],"curies":[{"name":"wp","href":"https:\/\/api.w.org\/{rel}","templated":true}]}}

Dr. José Salazar

<p data-start="194" data-end="405">Especialista en otorrinolaringologia, cirurgia plàstica facial i rinoplàstia avançada, combina un coneixement anatòmic profund amb tècniques d’avantguarda per oferir resultats naturals, funcionals i harmònics.</p>
<p data-start="407" data-end="843">Format a Colòmbia com a metge cirurgià i a Espanya com a especialista en Otorrinolaringologia i Cirurgia Cervicofacial a l’Hospital Vall d’Hebron (UAB). Ha completat màsters i estades internacionals en rinoplàstia, cirurgia facial i medicina estètica, incloent-hi un <em data-start="674" data-end="686">fellowship</em> en cirurgia plàstica facial al Brasil i formació avançada a Mèxic i Espanya. Actualment cursa el doctorat a la UAB sobre alteracions nasals post-COVID-19.</p>
<p data-start="845" data-end="1033">El seu enfocament es basa en la precisió quirúrgica, l’harmonia estètica i un tracte proper, utilitzant tècniques com la rinoplàstia ultrasònica i la cirurgia facial mínimament invasiva.</p>
<p data-start="1035" data-end="1065"><strong data-start="1035" data-end="1063">Àrees d’especialització:</strong></p>
<ul data-start="1066" data-end="1264">
<li data-start="1066" data-end="1102">
<p data-start="1068" data-end="1102">Rinoplàstia estètica i funcional</p>
</li>
<li data-start="1103" data-end="1170">
<p data-start="1105" data-end="1170">Cirurgia plàstica facial (parpelles, mentó, <em data-start="1149" data-end="1158">lifting</em>, orelles)</p>
</li>
<li data-start="1171" data-end="1226">
<p data-start="1173" data-end="1226">Cirurgia endoscòpica nasosinusal i de base de crani</p>
</li>
<li data-start="1227" data-end="1264">
<p data-start="1229" data-end="1264">Medicina estètica facial avançada</p>
</li>
</ul>
<p data-start="1266" data-end="1298"><strong data-start="1266" data-end="1278">Idiomes:</strong> Castellà · Anglès</p>

Especialista en otorrinolaringologia, cirurgia plàstica facial i rinoplàstia avançada, combina un coneixement anatòmic profund amb tècniques d’avantguarda per oferir resultats naturals, funcionals i harmònics. Format a Colòmbia com a metge cirurgià i a Espanya com a especialista en Otorrinolaringologia i Cirurgia Cervicofacial a l’Hospital Vall d’Hebron (UAB). Ha completat màsters i estades internacionals en rinoplàstia,Llegir&hellip;
