{"id":12495,"date":"2025-07-31T12:40:35","date_gmt":"2025-07-31T10:40:35","guid":{"rendered":"https:\/\/mitrestorres.com\/doctors-mi\/doctors\/dr-andree-ibarra\/"},"modified":"2026-04-07T09:35:00","modified_gmt":"2026-04-07T07:35:00","slug":"dr-andree-ibarra","status":"publish","type":"doctor","link":"https:\/\/mitrestorres.com\/ca\/metges-mi\/metges\/dr-andree-ibarra\/","title":{"rendered":"Dr. Andre\u00e9 Ibarra"},"content":{"rendered":"<p data-start=\"179\" data-end=\"368\">Especialista en rinopl\u00e0stia, cirurgia facial, mama i contorn corporal. Combina precisi\u00f3 t\u00e8cnica, experi\u00e8ncia internacional i resultats naturals que respecten la identitat de cada pacient.<\/p>\n<p data-start=\"370\" data-end=\"697\">Format com a metge cirurgi\u00e0 a la Universitat Central de l\u2019Equador i en Cirurgia Pl\u00e0stica, Est\u00e8tica i Reparadora via MIR a l\u2019Hospital de la Santa Creu i Sant Pau de Barcelona. Ha estat cap de Cirurgia Pl\u00e0stica a l\u2019Hospital Sagrat Cor i referent en reconstrucci\u00f3 mam\u00e0ria microquir\u00fargica (DIEP) a l\u2019Hospital Universitari Dexeus.<\/p>\n<p data-start=\"699\" data-end=\"837\">El seu enfocament es basa en una atenci\u00f3 personalitzada, t\u00e8cniques avan\u00e7ades i una visi\u00f3 est\u00e8tica que busca harmonia sense exageracions.<\/p>\n<p data-start=\"839\" data-end=\"862\"><strong data-start=\"839\" data-end=\"860\">\u00c0rees principals:<\/strong><\/p>\n<ul data-start=\"863\" data-end=\"1041\">\n<li data-start=\"863\" data-end=\"908\">\n<p data-start=\"865\" data-end=\"908\">Rinopl\u00e0stia ultras\u00f2nica i cirurgia facial<\/p>\n<\/li>\n<li data-start=\"909\" data-end=\"942\">\n<p data-start=\"911\" data-end=\"942\">Augment i remodelaci\u00f3 mam\u00e0ria<\/p>\n<\/li>\n<li data-start=\"943\" data-end=\"992\">\n<p data-start=\"945\" data-end=\"992\">Abdominopl\u00e0stia, liposucci\u00f3 i cirurgia gl\u00fatia<\/p>\n<\/li>\n<li data-start=\"993\" data-end=\"1041\">\n<p data-start=\"995\" data-end=\"1041\">Reconstrucci\u00f3 mam\u00e0ria microquir\u00fargica (DIEP)<\/p>\n<\/li>\n<\/ul>\n<p data-start=\"1043\" data-end=\"1087\"><strong data-start=\"1043\" data-end=\"1055\">Idiomes:<\/strong> Castell\u00e0 \u00b7 Angl\u00e8s \u00b7 Portugu\u00e8s<\/p>\n","protected":false},"featured_media":13933,"template":"","specialty":[374],"grupo":[],"class_list":["post-12495","doctor","type-doctor","status-publish","has-post-thumbnail","hentry","specialty-cirurgia-plastica-estetica-i-reconstructiva","clinic-clinicas-mi-ca","clinic-clinica-tres-torres-ca","clinic-clinica-tres-torres"],"acf":{"subespecialitat":"","equipo_medico":"","topdoctors":"","horari":"","consultes":"<p>Dr. Carulla 12, Planta 2\u00aa<\/p>\n<p>08017 Barcelona<\/p>\n<p>tel. 932 04 13 00<\/p>\n","pedir_cita":[{"clinic":"Barcelona","cita_email":"","date":"https:\/\/app.tuotempo.com\/mop\/index.php?dbName=tt_qsoft_trestorres_prod&resourceid=sc16904d869ea2e6"}],"pedir_cita_tfn":[{"clinic":"Barcelona","telefono":"93.204.13.00"}],"mutuas":"false","linkedin":"","web_personal":"","ocultar_especialidad_oficial":false,"tipo":"false"},"uagb_featured_image_src":{"full":["https:\/\/mitrestorres.com\/wp-content\/uploads\/sites\/2\/2026\/03\/ibarra.jpg",2111,2138,false],"thumbnail":["https:\/\/mitrestorres.com\/wp-content\/uploads\/sites\/2\/2026\/03\/ibarra-150x150.jpg",150,150,true],"medium":["https:\/\/mitrestorres.com\/wp-content\/uploads\/sites\/2\/2026\/03\/ibarra-296x300.jpg",296,300,true],"medium_large":["https:\/\/mitrestorres.com\/wp-content\/uploads\/sites\/2\/2026\/03\/ibarra-768x778.jpg",640,648,true],"large":["https:\/\/mitrestorres.com\/wp-content\/uploads\/sites\/2\/2026\/03\/ibarra-1011x1024.jpg",640,648,true],"1536x1536":["https:\/\/mitrestorres.com\/wp-content\/uploads\/sites\/2\/2026\/03\/ibarra-1517x1536.jpg",1517,1536,true],"2048x2048":["https:\/\/mitrestorres.com\/wp-content\/uploads\/sites\/2\/2026\/03\/ibarra-2022x2048.jpg",2022,2048,true]},"uagb_author_info":{"display_name":"paula","author_link":"https:\/\/mitrestorres.com\/ca\/author\/"},"uagb_comment_info":0,"uagb_excerpt":"Especialista en rinopl\u00e0stia, cirurgia facial, mama i contorn corporal. Combina precisi\u00f3 t\u00e8cnica, experi\u00e8ncia internacional i resultats naturals que respecten la identitat de cada pacient. Format com a metge cirurgi\u00e0 a la Universitat Central de l\u2019Equador i en Cirurgia Pl\u00e0stica, Est\u00e8tica i Reparadora via MIR a l\u2019Hospital de la Santa Creu i Sant Pau de Barcelona.Llegir&hellip;","_links":{"self":[{"href":"https:\/\/mitrestorres.com\/ca\/wp-json\/wp\/v2\/doctor\/12495","targetHints":{"allow":["GET"]}}],"collection":[{"href":"https:\/\/mitrestorres.com\/ca\/wp-json\/wp\/v2\/doctor"}],"about":[{"href":"https:\/\/mitrestorres.com\/ca\/wp-json\/wp\/v2\/types\/doctor"}],"wp:featuredmedia":[{"embeddable":true,"href":"https:\/\/mitrestorres.com\/ca\/wp-json\/wp\/v2\/media\/13933"}],"wp:attachment":[{"href":"https:\/\/mitrestorres.com\/ca\/wp-json\/wp\/v2\/media?parent=12495"}],"wp:term":[{"taxonomy":"specialty","embeddable":true,"href":"https:\/\/mitrestorres.com\/ca\/wp-json\/wp\/v2\/specialty?post=12495"},{"taxonomy":"grupo","embeddable":true,"href":"https:\/\/mitrestorres.com\/ca\/wp-json\/wp\/v2\/grupo?post=12495"}],"curies":[{"name":"wp","href":"https:\/\/api.w.org\/{rel}","templated":true}]}}

Dr. Andreé Ibarra

<p data-start="179" data-end="368">Especialista en rinoplàstia, cirurgia facial, mama i contorn corporal. Combina precisió tècnica, experiència internacional i resultats naturals que respecten la identitat de cada pacient.</p>
<p data-start="370" data-end="697">Format com a metge cirurgià a la Universitat Central de l’Equador i en Cirurgia Plàstica, Estètica i Reparadora via MIR a l’Hospital de la Santa Creu i Sant Pau de Barcelona. Ha estat cap de Cirurgia Plàstica a l’Hospital Sagrat Cor i referent en reconstrucció mamària microquirúrgica (DIEP) a l’Hospital Universitari Dexeus.</p>
<p data-start="699" data-end="837">El seu enfocament es basa en una atenció personalitzada, tècniques avançades i una visió estètica que busca harmonia sense exageracions.</p>
<p data-start="839" data-end="862"><strong data-start="839" data-end="860">Àrees principals:</strong></p>
<ul data-start="863" data-end="1041">
<li data-start="863" data-end="908">
<p data-start="865" data-end="908">Rinoplàstia ultrasònica i cirurgia facial</p>
</li>
<li data-start="909" data-end="942">
<p data-start="911" data-end="942">Augment i remodelació mamària</p>
</li>
<li data-start="943" data-end="992">
<p data-start="945" data-end="992">Abdominoplàstia, liposucció i cirurgia glútia</p>
</li>
<li data-start="993" data-end="1041">
<p data-start="995" data-end="1041">Reconstrucció mamària microquirúrgica (DIEP)</p>
</li>
</ul>
<p data-start="1043" data-end="1087"><strong data-start="1043" data-end="1055">Idiomes:</strong> Castellà · Anglès · Portuguès</p>

<p>Dr. Carulla 12, Planta 2ª</p>
<p>08017 Barcelona</p>
<p>tel. 932 04 13 00</p>

Especialista en rinoplàstia, cirurgia facial, mama i contorn corporal. Combina precisió tècnica, experiència internacional i resultats naturals que respecten la identitat de cada pacient. Format com a metge cirurgià a la Universitat Central de l’Equador i en Cirurgia Plàstica, Estètica i Reparadora via MIR a l’Hospital de la Santa Creu i Sant Pau de Barcelona.Llegir&hellip;
