{"id":12241,"date":"2025-03-04T11:59:27","date_gmt":"2025-03-04T10:59:27","guid":{"rendered":"https:\/\/mitrestorres.com\/doctors-mi\/doctors\/dr-jordi-folch\/"},"modified":"2026-04-23T14:49:17","modified_gmt":"2026-04-23T12:49:17","slug":"dr-jordi-folch","status":"publish","type":"doctor","link":"https:\/\/mitrestorres.com\/ca\/metges-mi\/metges\/dr-jordi-folch\/","title":{"rendered":"Dr. Jordi Folch"},"content":{"rendered":"<p data-start=\"218\" data-end=\"524\">El Dr. Jordi Folch Ib\u00e1\u00f1ez compta amb una extensa traject\u00f2ria en el tractament del dolor, amb l&#8217;objectiu de millorar la qualitat de vida dels pacients. Especialista en l&#8217;abordatge del dolor cr\u00f2nic i agut ofereix tractaments avan\u00e7ats per a aquells casos que no responen a l&#8217;analg\u00e8sia convencional.<\/p>\n<h3 data-start=\"526\" data-end=\"556\">\u00c0rees d\u00b4especialitzaci\u00f3<\/h3>\n<ul data-start=\"557\" data-end=\"737\">\n<li data-start=\"687\" data-end=\"737\">Tractament del dolor agut i cr\u00f2nic (maligne i no maligne)<\/li>\n<li data-start=\"687\" data-end=\"737\">Bloquejos nerviosos, radiofreq\u00fc\u00e8ncia i ter\u00e0pies infiltratives<\/li>\n<li data-start=\"687\" data-end=\"737\">Diagn\u00f2stic i abordatge personalitzat del dolor<\/li>\n<\/ul>\n<h3 data-start=\"739\" data-end=\"768\">Traject\u00f2ria professional<\/h3>\n<p data-start=\"769\" data-end=\"1068\">Amb m\u00e9s de 30 anys d&#8217;experi\u00e8ncia, el Dr. Folch ha treballat a hospitals de refer\u00e8ncia com l&#8217;Hospital Cl\u00ednic i l&#8217;Hospital Plat\u00f3 de Barcelona, \u200b\u200ba m\u00e9s de liderar unitats de tractament del dolor a diversos centres m\u00e8dics.<\/p>\n<h3 data-start=\"1070\" data-end=\"1085\">Formaci\u00f3<\/h3>\n<ul data-start=\"1086\" data-end=\"1333\">\n<li data-start=\"1262\" data-end=\"1333\">M\u00e0ster Universitari en Tractament del Dolor \u2013 Universitat de Salamanca<\/li>\n<li data-start=\"1262\" data-end=\"1333\">Especialista en Anestesiologia, Reanimaci\u00f3 i Terap\u00e8utica del Dolor \u2013 Universitat de Barcelona<\/li>\n<li data-start=\"1262\" data-end=\"1333\">Llicenciat en Medicina i Cirurgia \u2013 Universitat Central de Barcelona<\/li>\n<\/ul>\n<h3 data-start=\"1335\" data-end=\"1371\">Activitat cient\u00edfica i docent<\/h3>\n<p data-start=\"1372\" data-end=\"1661\">Autor de m\u00e9s de 70 publicacions cient\u00edfiques i ponent a m\u00e9s de 150 congressos nacionals i internacionals. Ha participat en m\u00faltiples estudis cl\u00ednics i \u00e9s membre actiu de diverses societats cient\u00edfiques, com ara l&#8217;European Society of Regional Anesthesia (ESRA) i Sine Dolore Espa\u00f1a.<\/p>\n","protected":false},"featured_media":14271,"template":"","specialty":[441,402],"grupo":[],"class_list":["post-12241","doctor","type-doctor","status-publish","has-post-thumbnail","hentry","specialty-unidad-de-tratamiento-del-dolor","specialty-unitat-de-tractament-del-dolor","clinic-clinicas-mi-ca","clinic-clinica-tres-torres-ca","clinic-clinica-tres-torres"],"acf":{"subespecialitat":"","equipo_medico":"","topdoctors":"","horari":"Dimarts i dijous de 14:30 a 21:00 h","consultes":"<p>Dr. Carulla 12, Planta 3\u00aa<\/p>\n<p>08017 Barcelona<\/p>\n<p>tel. 932 652 795<\/p>\n","pedir_cita":[{"clinic":"Barcelona","cita_email":"","date":"https:\/\/app.tuotempo.com\/mop\/index.php?dbName=tt_qsoft_trestorres_prod&amp;resourceid=sc16904d86ab0719#search\/query\/resourceid%3Dsc16904d86ab0719%26resourceName%3DJordi%7BPERCENT%7D20Folch%7BPERCENT%7D20Iba%7BPERCENT%7DC3%7BPERCENT%7DB1ez%26combinedEntity%3Dresources"}],"pedir_cita_tfn":[{"clinic":"Barcelona","telefono":"932 652 795"}],"mutuas":"true","ocultar_especialidad_oficial":false,"linkedin":"","web_personal":""},"uagb_featured_image_src":{"full":["https:\/\/mitrestorres.com\/wp-content\/uploads\/sites\/2\/2026\/04\/IMG_0654.jpg",692,672,false],"thumbnail":["https:\/\/mitrestorres.com\/wp-content\/uploads\/sites\/2\/2026\/04\/IMG_0654-150x150.jpg",150,150,true],"medium":["https:\/\/mitrestorres.com\/wp-content\/uploads\/sites\/2\/2026\/04\/IMG_0654-300x291.jpg",300,291,true],"medium_large":["https:\/\/mitrestorres.com\/wp-content\/uploads\/sites\/2\/2026\/04\/IMG_0654.jpg",640,622,false],"large":["https:\/\/mitrestorres.com\/wp-content\/uploads\/sites\/2\/2026\/04\/IMG_0654.jpg",640,622,false],"1536x1536":["https:\/\/mitrestorres.com\/wp-content\/uploads\/sites\/2\/2026\/04\/IMG_0654.jpg",692,672,false],"2048x2048":["https:\/\/mitrestorres.com\/wp-content\/uploads\/sites\/2\/2026\/04\/IMG_0654.jpg",692,672,false]},"uagb_author_info":{"display_name":"paula","author_link":"https:\/\/mitrestorres.com\/ca\/author\/"},"uagb_comment_info":0,"uagb_excerpt":"El Dr. Jordi Folch Ib\u00e1\u00f1ez compta amb una extensa traject\u00f2ria en el tractament del dolor, amb l&#8217;objectiu de millorar la qualitat de vida dels pacients. Especialista en l&#8217;abordatge del dolor cr\u00f2nic i agut ofereix tractaments avan\u00e7ats per a aquells casos que no responen a l&#8217;analg\u00e8sia convencional. \u00c0rees d\u00b4especialitzaci\u00f3 Tractament del dolor agut i cr\u00f2nic (maligneLlegir&hellip;","_links":{"self":[{"href":"https:\/\/mitrestorres.com\/ca\/wp-json\/wp\/v2\/doctor\/12241","targetHints":{"allow":["GET"]}}],"collection":[{"href":"https:\/\/mitrestorres.com\/ca\/wp-json\/wp\/v2\/doctor"}],"about":[{"href":"https:\/\/mitrestorres.com\/ca\/wp-json\/wp\/v2\/types\/doctor"}],"wp:featuredmedia":[{"embeddable":true,"href":"https:\/\/mitrestorres.com\/ca\/wp-json\/wp\/v2\/media\/14271"}],"wp:attachment":[{"href":"https:\/\/mitrestorres.com\/ca\/wp-json\/wp\/v2\/media?parent=12241"}],"wp:term":[{"taxonomy":"specialty","embeddable":true,"href":"https:\/\/mitrestorres.com\/ca\/wp-json\/wp\/v2\/specialty?post=12241"},{"taxonomy":"grupo","embeddable":true,"href":"https:\/\/mitrestorres.com\/ca\/wp-json\/wp\/v2\/grupo?post=12241"}],"curies":[{"name":"wp","href":"https:\/\/api.w.org\/{rel}","templated":true}]}}

<p data-start="218" data-end="524">El Dr. Jordi Folch Ibáñez compta amb una extensa trajectòria en el tractament del dolor, amb l&#8217;objectiu de millorar la qualitat de vida dels pacients. Especialista en l&#8217;abordatge del dolor crònic i agut ofereix tractaments avançats per a aquells casos que no responen a l&#8217;analgèsia convencional.</p>
<h3 data-start="526" data-end="556">Àrees d´especialització</h3>
<ul data-start="557" data-end="737">
<li data-start="687" data-end="737">Tractament del dolor agut i crònic (maligne i no maligne)</li>
<li data-start="687" data-end="737">Bloquejos nerviosos, radiofreqüència i teràpies infiltratives</li>
<li data-start="687" data-end="737">Diagnòstic i abordatge personalitzat del dolor</li>
</ul>
<h3 data-start="739" data-end="768">Trajectòria professional</h3>
<p data-start="769" data-end="1068">Amb més de 30 anys d&#8217;experiència, el Dr. Folch ha treballat a hospitals de referència com l&#8217;Hospital Clínic i l&#8217;Hospital Plató de Barcelona, ​​a més de liderar unitats de tractament del dolor a diversos centres mèdics.</p>
<h3 data-start="1070" data-end="1085">Formació</h3>
<ul data-start="1086" data-end="1333">
<li data-start="1262" data-end="1333">Màster Universitari en Tractament del Dolor – Universitat de Salamanca</li>
<li data-start="1262" data-end="1333">Especialista en Anestesiologia, Reanimació i Terapèutica del Dolor – Universitat de Barcelona</li>
<li data-start="1262" data-end="1333">Llicenciat en Medicina i Cirurgia – Universitat Central de Barcelona</li>
</ul>
<h3 data-start="1335" data-end="1371">Activitat científica i docent</h3>
<p data-start="1372" data-end="1661">Autor de més de 70 publicacions científiques i ponent a més de 150 congressos nacionals i internacionals. Ha participat en múltiples estudis clínics i és membre actiu de diverses societats científiques, com ara l&#8217;European Society of Regional Anesthesia (ESRA) i Sine Dolore España.</p>

<p>Dr. Carulla 12, Planta 3ª</p>
<p>08017 Barcelona</p>
<p>tel. 932 652 795</p>

El Dr. Jordi Folch Ibáñez compta amb una extensa trajectòria en el tractament del dolor, amb l&#8217;objectiu de millorar la qualitat de vida dels pacients. Especialista en l&#8217;abordatge del dolor crònic i agut ofereix tractaments avançats per a aquells casos que no responen a l&#8217;analgèsia convencional. Àrees d´especialització Tractament del dolor agut i crònic (maligneLlegir&hellip;
