{"id":12222,"date":"2025-02-17T13:01:10","date_gmt":"2025-02-17T12:01:10","guid":{"rendered":"https:\/\/mitrestorres.com\/doctors-mi\/doctors\/dr-aleix-sala\/"},"modified":"2026-04-22T10:52:37","modified_gmt":"2026-04-22T08:52:37","slug":"dr-aleix-sala","status":"publish","type":"doctor","link":"https:\/\/mitrestorres.com\/ca\/metges-mi\/metges\/dr-aleix-sala\/","title":{"rendered":"Dr. Aleix Sala"},"content":{"rendered":"<p>Traumat\u00f2leg especialista en cirurgia de la m\u00e0, artrosc\u00f2pia de canell, cirugia de colze, microcirurgia i nervi perif\u00e8ric.<br \/>\nActualment membre de la Unitat de cirurgia de m\u00e0, canell i microcirurgia de l\u2019Hospital del Mar i de la Societat Catalana de Cirurgia Ortop\u00e8dica i Traumatologia (SCCOT), Sociedad Espa\u00f1ola de Cirug\u00eda Ortop\u00e9dica y Traumatolog\u00eda (SECOT) i de la Sociedad Espa\u00f1ola de Cirug\u00eda de Mano (SECMA).<\/p>\n","protected":false},"featured_media":14213,"template":"","specialty":[567,401],"grupo":[572],"class_list":["post-12222","doctor","type-doctor","status-publish","has-post-thumbnail","hentry","specialty-ma-i-colze","specialty-cirurgia-ortopedica-i-traumatologia","clinic-clinicas-mi-ca","clinic-clinica-tres-torres-ca","clinic-clinica-tres-torres","grupo-move-trauma"],"acf":{"subespecialitat":"","equipo_medico":"","topdoctors":"","horari":"","consultes":"<p>Via Augusta 281, Planta 1\u00aa<\/p>\n<p>08017 Barcelona<\/p>\n<p>tel. 932 606 203<\/p>\n","pedir_cita":[{"clinic":"Barcelona","cita_email":"","date":"https:\/\/app.tuotempo.com\/mop\/index.php?dbName=tt_qsoft_trestorres_prod&amp;resourceid=sc16336d7382f545"}],"pedir_cita_tfn":[{"clinic":"Barcelona","telefono":"+34 93 260 62 03"}],"mutuas":"true","linkedin":"","web_personal":"","ocultar_especialidad_oficial":false},"uagb_featured_image_src":{"full":["https:\/\/mitrestorres.com\/wp-content\/uploads\/sites\/2\/2026\/04\/sala-1.jpg",692,672,false],"thumbnail":["https:\/\/mitrestorres.com\/wp-content\/uploads\/sites\/2\/2026\/04\/sala-1-150x150.jpg",150,150,true],"medium":["https:\/\/mitrestorres.com\/wp-content\/uploads\/sites\/2\/2026\/04\/sala-1-300x291.jpg",300,291,true],"medium_large":["https:\/\/mitrestorres.com\/wp-content\/uploads\/sites\/2\/2026\/04\/sala-1.jpg",640,622,false],"large":["https:\/\/mitrestorres.com\/wp-content\/uploads\/sites\/2\/2026\/04\/sala-1.jpg",640,622,false],"1536x1536":["https:\/\/mitrestorres.com\/wp-content\/uploads\/sites\/2\/2026\/04\/sala-1.jpg",692,672,false],"2048x2048":["https:\/\/mitrestorres.com\/wp-content\/uploads\/sites\/2\/2026\/04\/sala-1.jpg",692,672,false]},"uagb_author_info":{"display_name":"paula","author_link":"https:\/\/mitrestorres.com\/ca\/author\/"},"uagb_comment_info":0,"uagb_excerpt":"Traumat\u00f2leg especialista en cirurgia de la m\u00e0, artrosc\u00f2pia de canell, cirugia de colze, microcirurgia i nervi perif\u00e8ric. Actualment membre de la Unitat de cirurgia de m\u00e0, canell i microcirurgia de l\u2019Hospital del Mar i de la Societat Catalana de Cirurgia Ortop\u00e8dica i Traumatologia (SCCOT), Sociedad Espa\u00f1ola de Cirug\u00eda Ortop\u00e9dica y Traumatolog\u00eda (SECOT) i de laLlegir&hellip;","_links":{"self":[{"href":"https:\/\/mitrestorres.com\/ca\/wp-json\/wp\/v2\/doctor\/12222","targetHints":{"allow":["GET"]}}],"collection":[{"href":"https:\/\/mitrestorres.com\/ca\/wp-json\/wp\/v2\/doctor"}],"about":[{"href":"https:\/\/mitrestorres.com\/ca\/wp-json\/wp\/v2\/types\/doctor"}],"wp:featuredmedia":[{"embeddable":true,"href":"https:\/\/mitrestorres.com\/ca\/wp-json\/wp\/v2\/media\/14213"}],"wp:attachment":[{"href":"https:\/\/mitrestorres.com\/ca\/wp-json\/wp\/v2\/media?parent=12222"}],"wp:term":[{"taxonomy":"specialty","embeddable":true,"href":"https:\/\/mitrestorres.com\/ca\/wp-json\/wp\/v2\/specialty?post=12222"},{"taxonomy":"grupo","embeddable":true,"href":"https:\/\/mitrestorres.com\/ca\/wp-json\/wp\/v2\/grupo?post=12222"}],"curies":[{"name":"wp","href":"https:\/\/api.w.org\/{rel}","templated":true}]}}

<p>Traumatòleg especialista en cirurgia de la mà, artroscòpia de canell, cirugia de colze, microcirurgia i nervi perifèric.<br />
Actualment membre de la Unitat de cirurgia de mà, canell i microcirurgia de l’Hospital del Mar i de la Societat Catalana de Cirurgia Ortopèdica i Traumatologia (SCCOT), Sociedad Española de Cirugía Ortopédica y Traumatología (SECOT) i de la Sociedad Española de Cirugía de Mano (SECMA).</p>

<p>Via Augusta 281, Planta 1ª</p>
<p>08017 Barcelona</p>
<p>tel. 932 606 203</p>

Traumatòleg especialista en cirurgia de la mà, artroscòpia de canell, cirugia de colze, microcirurgia i nervi perifèric. Actualment membre de la Unitat de cirurgia de mà, canell i microcirurgia de l’Hospital del Mar i de la Societat Catalana de Cirurgia Ortopèdica i Traumatologia (SCCOT), Sociedad Española de Cirugía Ortopédica y Traumatología (SECOT) i de laLlegir&hellip;
