{"id":11323,"date":"2024-05-28T10:18:50","date_gmt":"2024-05-28T08:18:50","guid":{"rendered":"https:\/\/mitrestorres.com\/doctors-mi\/doctors\/diagnostico-digital-en-dermatologia\/"},"modified":"2025-05-09T13:29:43","modified_gmt":"2025-05-09T11:29:43","slug":"diagnostico-digital-en-dermatologia","status":"publish","type":"doctor","link":"https:\/\/mitrestorres.com\/ca\/metges-mi\/metges\/diagnostico-digital-en-dermatologia\/","title":{"rendered":"Teledermatologia"},"content":{"rendered":"<p>El servei de Teledermatologia, en col\u00b7laboraci\u00f3 amb Disderm, ens permet avaluar i oferir tractaments a dist\u00e0ncia sense temps d&#8217;espera, proporcionant una millora assistencial, prioritzant els casos preferents i optimitzant el temps dels nostres pacients.<\/p>\n<p>Un cop rep el pacient la confirmaci\u00f3 de la cita al seu correu electr\u00f2nic, s&#8217;envia un q\u00fcestionari per correu electr\u00f2nic que ha de respondre abans de la visita presencial a la cl\u00ednica. A la consulta, la infermera revisa el q\u00fcestionari i pren imatges dermatosc\u00f2piques (fins a dues consultes per visita). Aquestes imatges es fan arribar al nostre equip especialitzat en dermatologia que les revisa i en un m\u00e0xim de 48 hores envia l&#8217;informe amb el diagn\u00f2stic i el tractament.<\/p>\n<p>Si la patologia \u00e9s benigna, el diagn\u00f2stic arriba de forma autom\u00e0tica al pacient, amb el corresponent informe i tractament corresponent. En algunes ocasions, en base a les imatges de Teledermatologia, no es podr\u00e0 establir un diagn\u00f2stic i ser\u00e0 precisa una visita\u00a0presencial amb els nostres dermat\u00f2legs, motiu pel qual ens posarem en contacte amb vost\u00e8 per programar una visita.<\/p>\n","protected":false},"featured_media":11596,"template":"","specialty":[375],"grupo":[],"class_list":["post-11323","doctor","type-doctor","status-publish","has-post-thumbnail","hentry","specialty-dermatologia-ca","clinic-clinicas-mi-ca"],"acf":{"subespecialitat":"<p>Patologies tumorals: lunars, berrugues, ferides sense cicatritzar<\/p>\n<p>Tricologia capil\u00b7lar<\/p>\n<p>Inflamat\u00f2ria<\/p>\n","equipo_medico":"<p>&nbsp;<\/p>\n<p>&nbsp;<\/p>\n<p><!-- notionvc: a3fd35c6-856e-4ed4-b6d6-fc44a7584b9b --><\/p>\n","topdoctors":"","horari":"Dimarts de 13 a 14:30 i de 15 a 16:30","consultes":"<p>Dr. Roux 76, Planta 0<\/p>\n<p>08017 Barcelona<\/p>\n","pedir_cita_tfn":[{"clinic":"Barcelona","telefono":"93.204.13.00"}],"mutuas":"true","pedir_cita":[{"clinic":"Barcelona","cita_email":"","date":"https:\/\/app.tuotempo.com\/mop\/index.php?dbName=tt_qsoft_trestorres_prod&resourceid=sc1672a646e32397"}],"tipo":"true","linkedin":"","web_personal":""},"uagb_featured_image_src":{"full":["https:\/\/mitrestorres.com\/wp-content\/uploads\/sites\/2\/2024\/07\/medica-realizando-telediagnostico-disderm.png",692,672,false],"thumbnail":["https:\/\/mitrestorres.com\/wp-content\/uploads\/sites\/2\/2024\/07\/medica-realizando-telediagnostico-disderm-150x150.png",150,150,true],"medium":["https:\/\/mitrestorres.com\/wp-content\/uploads\/sites\/2\/2024\/07\/medica-realizando-telediagnostico-disderm-300x291.png",300,291,true],"medium_large":["https:\/\/mitrestorres.com\/wp-content\/uploads\/sites\/2\/2024\/07\/medica-realizando-telediagnostico-disderm.png",640,622,false],"large":["https:\/\/mitrestorres.com\/wp-content\/uploads\/sites\/2\/2024\/07\/medica-realizando-telediagnostico-disderm.png",640,622,false],"1536x1536":["https:\/\/mitrestorres.com\/wp-content\/uploads\/sites\/2\/2024\/07\/medica-realizando-telediagnostico-disderm.png",692,672,false],"2048x2048":["https:\/\/mitrestorres.com\/wp-content\/uploads\/sites\/2\/2024\/07\/medica-realizando-telediagnostico-disderm.png",692,672,false]},"uagb_author_info":{"display_name":"paula","author_link":"https:\/\/mitrestorres.com\/ca\/author\/"},"uagb_comment_info":0,"uagb_excerpt":"El servei de Teledermatologia, en col\u00b7laboraci\u00f3 amb Disderm, ens permet avaluar i oferir tractaments a dist\u00e0ncia sense temps d&#8217;espera, proporcionant una millora assistencial, prioritzant els casos preferents i optimitzant el temps dels nostres pacients. Un cop rep el pacient la confirmaci\u00f3 de la cita al seu correu electr\u00f2nic, s&#8217;envia un q\u00fcestionari per correu electr\u00f2nic queLlegir&hellip;","_links":{"self":[{"href":"https:\/\/mitrestorres.com\/ca\/wp-json\/wp\/v2\/doctor\/11323","targetHints":{"allow":["GET"]}}],"collection":[{"href":"https:\/\/mitrestorres.com\/ca\/wp-json\/wp\/v2\/doctor"}],"about":[{"href":"https:\/\/mitrestorres.com\/ca\/wp-json\/wp\/v2\/types\/doctor"}],"wp:featuredmedia":[{"embeddable":true,"href":"https:\/\/mitrestorres.com\/ca\/wp-json\/wp\/v2\/media\/11596"}],"wp:attachment":[{"href":"https:\/\/mitrestorres.com\/ca\/wp-json\/wp\/v2\/media?parent=11323"}],"wp:term":[{"taxonomy":"specialty","embeddable":true,"href":"https:\/\/mitrestorres.com\/ca\/wp-json\/wp\/v2\/specialty?post=11323"},{"taxonomy":"grupo","embeddable":true,"href":"https:\/\/mitrestorres.com\/ca\/wp-json\/wp\/v2\/grupo?post=11323"}],"curies":[{"name":"wp","href":"https:\/\/api.w.org\/{rel}","templated":true}]}}

<p>El servei de Teledermatologia, en col·laboració amb Disderm, ens permet avaluar i oferir tractaments a distància sense temps d&#8217;espera, proporcionant una millora assistencial, prioritzant els casos preferents i optimitzant el temps dels nostres pacients.</p>
<p>Un cop rep el pacient la confirmació de la cita al seu correu electrònic, s&#8217;envia un qüestionari per correu electrònic que ha de respondre abans de la visita presencial a la clínica. A la consulta, la infermera revisa el qüestionari i pren imatges dermatoscòpiques (fins a dues consultes per visita). Aquestes imatges es fan arribar al nostre equip especialitzat en dermatologia que les revisa i en un màxim de 48 hores envia l&#8217;informe amb el diagnòstic i el tractament.</p>
<p>Si la patologia és benigna, el diagnòstic arriba de forma automàtica al pacient, amb el corresponent informe i tractament corresponent. En algunes ocasions, en base a les imatges de Teledermatologia, no es podrà establir un diagnòstic i serà precisa una visita presencial amb els nostres dermatòlegs, motiu pel qual ens posarem en contacte amb vostè per programar una visita.</p>

<p>Patologies tumorals: lunars, berrugues, ferides sense cicatritzar</p>
<p>Tricologia capil·lar</p>
<p>Inflamatòria</p>

El servei de Teledermatologia, en col·laboració amb Disderm, ens permet avaluar i oferir tractaments a distància sense temps d&#8217;espera, proporcionant una millora assistencial, prioritzant els casos preferents i optimitzant el temps dels nostres pacients. Un cop rep el pacient la confirmació de la cita al seu correu electrònic, s&#8217;envia un qüestionari per correu electrònic queLlegir&hellip;
