{"id":10700,"date":"2023-09-25T09:36:49","date_gmt":"2023-09-25T08:36:49","guid":{"rendered":"https:\/\/mitrestorres.com\/doctors-mi\/doctors\/dra-pilar-lusilla\/"},"modified":"2025-11-19T07:13:55","modified_gmt":"2025-11-19T06:13:55","slug":"dra-pilar-lusilla","status":"publish","type":"doctor","link":"https:\/\/mitrestorres.com\/ca\/metges-mi\/metges\/dra-pilar-lusilla\/","title":{"rendered":"Dra. Pilar Lusilla"},"content":{"rendered":"<p>Doctora en Medicina por la Universidad de Zaragoza y especialista (via MIR) en Psiquiatr\u00eda. Cuenta con m\u00e1s de 25 a\u00f1os de experiencia en el tratamiento de los trastornos mentales. Desempe\u00f1a su actividad profesional tanto a nivel privado como p\u00fablico, y es consultora senior en la <strong>Unidad de Interconsultas de Psiquiatr\u00eda del Hospital General Universitario Vall d&#8217;Hebron\u00a0<\/strong>y profesora asociada de la Universidad Aut\u00f3noma de Barcelona. Experta en<strong>\u00a0trastornos depresivos, ansiedad, estr\u00e9s,\u00a0 trastornos psicosom\u00e1ticos y conductas adictivas\u00a0<\/strong>est\u00e1 adem\u00e1s especializada en <strong>terapia motivacional,<\/strong>\u00a0un abordaje centrado en el paciente que ayuda a las personas a mejorar su estilo de vida y adquirir h\u00e1bitos saludables.<\/p>\n","protected":false},"featured_media":13063,"template":"","specialty":[454],"grupo":[],"class_list":["post-10700","doctor","type-doctor","status-publish","has-post-thumbnail","hentry","specialty-psiquiatria-ca-2","clinic-clinicas-mi-ca","clinic-clinica-tres-torres-ca"],"acf":{"subespecialitat":"","equipo_medico":"","linkedin":"","topdoctors":"","web_personal":"","horari":"","consultes":"","pedir_cita":[{"clinic":"Barcelona","cita_email":"","date":"https:\/\/app.tuotempo.com\/mop\/index.php?dbName=tt_qsoft_trestorres_prod&resourceid=sc167f79e1ecbb18"}],"pedir_cita_tfn":[{"clinic":"","telefono":"93.204.13.00"},{"clinic":"","telefono":""}]},"uagb_featured_image_src":{"full":["https:\/\/mitrestorres.com\/wp-content\/uploads\/sites\/2\/2025\/11\/dra-pilar-lusilla.png",692,672,false],"thumbnail":["https:\/\/mitrestorres.com\/wp-content\/uploads\/sites\/2\/2025\/11\/dra-pilar-lusilla-150x150.png",150,150,true],"medium":["https:\/\/mitrestorres.com\/wp-content\/uploads\/sites\/2\/2025\/11\/dra-pilar-lusilla-300x291.png",300,291,true],"medium_large":["https:\/\/mitrestorres.com\/wp-content\/uploads\/sites\/2\/2025\/11\/dra-pilar-lusilla.png",640,622,false],"large":["https:\/\/mitrestorres.com\/wp-content\/uploads\/sites\/2\/2025\/11\/dra-pilar-lusilla.png",640,622,false],"1536x1536":["https:\/\/mitrestorres.com\/wp-content\/uploads\/sites\/2\/2025\/11\/dra-pilar-lusilla.png",692,672,false],"2048x2048":["https:\/\/mitrestorres.com\/wp-content\/uploads\/sites\/2\/2025\/11\/dra-pilar-lusilla.png",692,672,false]},"uagb_author_info":{"display_name":"@clinicasmi","author_link":"https:\/\/mitrestorres.com\/ca\/author\/"},"uagb_comment_info":0,"uagb_excerpt":"Doctora en Medicina por la Universidad de Zaragoza y especialista (via MIR) en Psiquiatr\u00eda. Cuenta con m\u00e1s de 25 a\u00f1os de experiencia en el tratamiento de los trastornos mentales. Desempe\u00f1a su actividad profesional tanto a nivel privado como p\u00fablico, y es consultora senior en la Unidad de Interconsultas de Psiquiatr\u00eda del Hospital General Universitario VallLlegir&hellip;","_links":{"self":[{"href":"https:\/\/mitrestorres.com\/ca\/wp-json\/wp\/v2\/doctor\/10700","targetHints":{"allow":["GET"]}}],"collection":[{"href":"https:\/\/mitrestorres.com\/ca\/wp-json\/wp\/v2\/doctor"}],"about":[{"href":"https:\/\/mitrestorres.com\/ca\/wp-json\/wp\/v2\/types\/doctor"}],"wp:featuredmedia":[{"embeddable":true,"href":"https:\/\/mitrestorres.com\/ca\/wp-json\/wp\/v2\/media\/13063"}],"wp:attachment":[{"href":"https:\/\/mitrestorres.com\/ca\/wp-json\/wp\/v2\/media?parent=10700"}],"wp:term":[{"taxonomy":"specialty","embeddable":true,"href":"https:\/\/mitrestorres.com\/ca\/wp-json\/wp\/v2\/specialty?post=10700"},{"taxonomy":"grupo","embeddable":true,"href":"https:\/\/mitrestorres.com\/ca\/wp-json\/wp\/v2\/grupo?post=10700"}],"curies":[{"name":"wp","href":"https:\/\/api.w.org\/{rel}","templated":true}]}}

<p>Doctora en Medicina por la Universidad de Zaragoza y especialista (via MIR) en Psiquiatría. Cuenta con más de 25 años de experiencia en el tratamiento de los trastornos mentales. Desempeña su actividad profesional tanto a nivel privado como público, y es consultora senior en la <strong>Unidad de Interconsultas de Psiquiatría del Hospital General Universitario Vall d&#8217;Hebron </strong>y profesora asociada de la Universidad Autónoma de Barcelona. Experta en<strong> trastornos depresivos, ansiedad, estrés,  trastornos psicosomáticos y conductas adictivas </strong>está además especializada en <strong>terapia motivacional,</strong> un abordaje centrado en el paciente que ayuda a las personas a mejorar su estilo de vida y adquirir hábitos saludables.</p>

Doctora en Medicina por la Universidad de Zaragoza y especialista (via MIR) en Psiquiatría. Cuenta con más de 25 años de experiencia en el tratamiento de los trastornos mentales. Desempeña su actividad profesional tanto a nivel privado como público, y es consultora senior en la Unidad de Interconsultas de Psiquiatría del Hospital General Universitario VallLlegir&hellip;
